000
CDUS43 KTOP 220633
CLICNK


CLIMATE REPORT
NATIONAL WEATHER SERVICE TOPEKA KS
1232 AM CST WED NOV 22 2017


...................................

...THE CONCORDIA KS CLIMATE SUMMARY FOR NOVEMBER 21 2017...

CLIMATE NORMAL PERIOD 1981 TO 2010
CLIMATE RECORD PERIOD 1885 TO 2017


WEATHER ITEM   OBSERVED TIME   RECORD YEAR NORMAL DEPARTURE LAST
                VALUE   (LST)  VALUE       VALUE  FROM      YEAR
                                                  NORMAL
..................................................................
TEMPERATURE (F)
 YESTERDAY
  MAXIMUM         51   1215 AM  73    2012  49      2       55
  MINIMUM         21   1150 PM   5    1964  28     -7       27
  AVERAGE         36                        39     -3       41

PRECIPITATION (IN)
  YESTERDAY        0.00          0.64 1898   0.03  -0.03     0.00
  MONTH TO DATE    0.14                      0.82  -0.68     0.35
  SINCE SEP 1      8.89                      5.65   3.24     3.35
  SINCE JAN 1     36.34                     26.75   9.59    28.87

SNOWFALL (IN)
  YESTERDAY        0.0           0.3  1972   0.1   -0.1      0.0
  MONTH TO DATE    0.0                       1.4   -1.4      0.0
  SINCE JAN 1      2.1                      15.3  -13.2     12.3
  SINCE JUL 1      T                         1.6   -1.6      0.0
  SNOW DEPTH       0

DEGREE DAYS
 HEATING
  YESTERDAY       29                        26      3       24
  MONTH TO DATE  466                       440     26      283
  SINCE SEP 1    792                       828    -36      495
  SINCE JUL 1    792                       831    -39      496

 COOLING
  YESTERDAY        0                         0      0        0
  MONTH TO DATE    0                         0      0        0
  SINCE SEP 1    232                       182     50      258
  SINCE JAN 1   1370                      1348     22     1540
..................................................................


WIND (MPH)
  HIGHEST WIND SPEED    30   HIGHEST WIND DIRECTION     N (350)
  HIGHEST GUST SPEED    39   HIGHEST GUST DIRECTION     N (350)
  AVERAGE WIND SPEED    13.4


SKY COVER
  AVERAGE SKY COVER 0.2


WEATHER CONDITIONS
 THE FOLLOWING WEATHER WAS RECORDED YESTERDAY.
  NO SIGNIFICANT WEATHER WAS OBSERVED.


RELATIVE HUMIDITY (PERCENT)
 HIGHEST    65          1000 PM
 LOWEST     22           300 PM
 AVERAGE    44

..........................................................


THE CONCORDIA KS CLIMATE NORMALS FOR TODAY
                         NORMAL    RECORD    YEAR
 MAXIMUM TEMPERATURE (F)   48        68      1974
                                             1936
                                             1924
 MINIMUM TEMPERATURE (F)   28        -4      1929


SUNRISE AND SUNSET
NOVEMBER 22 2017......SUNRISE   723 AM CST   SUNSET   510 PM CST
NOVEMBER 23 2017......SUNRISE   724 AM CST   SUNSET   510 PM CST


-  INDICATES NEGATIVE NUMBERS.
R  INDICATES RECORD WAS SET OR TIED.
MM INDICATES DATA IS MISSING.
T  INDICATES TRACE AMOUNT.




$$
