109
CDUS43 KICT 260627
CLICNU


CLIMATE REPORT
NATIONAL WEATHER SERVICE WICHITA KS
126 AM CDT THU MAY 26 2016


...................................

...THE CHANUTE KS CLIMATE SUMMARY FOR MAY 25 2016...

CLIMATE NORMAL PERIOD 1981 TO 2010
CLIMATE RECORD PERIOD 1894 TO 2016


WEATHER ITEM   OBSERVED TIME   RECORD YEAR NORMAL DEPARTURE LAST
                VALUE   (LST)  VALUE       VALUE  FROM      YEAR
                                                  NORMAL
..................................................................
TEMPERATURE (F)
 YESTERDAY
  MAXIMUM         82    546 PM  92    1964  78      4       81
  MINIMUM         64    528 AM  38    1925  59      5       60
  AVERAGE         73                        68      5       71

PRECIPITATION (IN)
  YESTERDAY        0.17          2.88 1982   0.20  -0.03     0.25
  MONTH TO DATE    2.84                      4.49  -1.65     9.55
  SINCE MAR 1      9.72                     11.93  -2.21    14.63
  SINCE JAN 1     10.80                     15.09  -4.29    15.94

DEGREE DAYS
 HEATING
  YESTERDAY        0                         1     -1        0
  MONTH TO DATE  119                        70     49       78
  SINCE MAR 1    682                       900   -218      760
  SINCE JUL 1   3647                      4472   -825     4450

 COOLING
  YESTERDAY        8                         5      3        6
  MONTH TO DATE   45                        70    -25       68
  SINCE MAR 1     69                       101    -32       90
  SINCE JAN 1     69                       101    -32       90
..................................................................


WIND (MPH)
  HIGHEST WIND SPEED    26   HIGHEST WIND DIRECTION    NW (320)
  HIGHEST GUST SPEED    33   HIGHEST GUST DIRECTION    NW (330)
  AVERAGE WIND SPEED    13.8


SKY COVER
  POSSIBLE SUNSHINE  MM
  AVERAGE SKY COVER 0.4


WEATHER CONDITIONS
 THE FOLLOWING WEATHER WAS RECORDED YESTERDAY.
  THUNDERSTORM
  RAIN
  LIGHT RAIN
  FOG


RELATIVE HUMIDITY (PERCENT)
 HIGHEST    87           600 AM
 LOWEST     58          1200 PM
 AVERAGE    73

..........................................................


THE CHANUTE KS CLIMATE NORMALS FOR TODAY
                         NORMAL    RECORD    YEAR
 MAXIMUM TEMPERATURE (F)   78        94      1953
 MINIMUM TEMPERATURE (F)   59        40      1901


SUNRISE AND SUNSET
MAY 26 2016...........SUNRISE   604 AM CDT   SUNSET   834 PM CDT
MAY 27 2016...........SUNRISE   604 AM CDT   SUNSET   835 PM CDT


-  INDICATES NEGATIVE NUMBERS.
R  INDICATES RECORD WAS SET OR TIED.
MM INDICATES DATA IS MISSING.
T  INDICATES TRACE AMOUNT.




$$
