000
CDUS43 KICT 270624
CLICNU


CLIMATE REPORT
NATIONAL WEATHER SERVICE WICHITA KS
124 AM CDT SAT MAY 27 2017


...................................

...THE CHANUTE KS CLIMATE SUMMARY FOR MAY 26 2017...

CLIMATE NORMAL PERIOD 1981 TO 2010
CLIMATE RECORD PERIOD 1894 TO 2017


WEATHER ITEM   OBSERVED TIME   RECORD YEAR NORMAL DEPARTURE LAST
                VALUE   (LST)  VALUE       VALUE  FROM      YEAR
                                                  NORMAL
..................................................................
TEMPERATURE (F)
 YESTERDAY
  MAXIMUM         87    503 PM  94    1953  78      9       86
  MINIMUM         64    458 AM  40    1901  59      5       66
  AVERAGE         76                        69      7       76

PRECIPITATION (IN)
  YESTERDAY        0.00          7.87 1990   0.22  -0.22      T
  MONTH TO DATE    5.87                      4.71   1.16     2.84
  SINCE MAR 1     18.91                     12.15   6.76     9.72
  SINCE JAN 1     21.06                     15.31   5.75    10.80

DEGREE DAYS
 HEATING
  YESTERDAY        0                         1     -1        0
  MONTH TO DATE   65                        71     -6      119
  SINCE MAR 1    684                       901   -217      682
  SINCE JUL 1   3452                      4473  -1021     3647

 COOLING
  YESTERDAY       11                         5      6       11
  MONTH TO DATE   80                        75      5       56
  SINCE MAR 1    135                       106     29       80
  SINCE JAN 1    138                       106     32       80
..................................................................


WIND (MPH)
  HIGHEST WIND SPEED    15   HIGHEST WIND DIRECTION     N (10)
  HIGHEST GUST SPEED    19   HIGHEST GUST DIRECTION     N (360)
  AVERAGE WIND SPEED     7.0


SKY COVER
  POSSIBLE SUNSHINE  MM
  AVERAGE SKY COVER 0.1


WEATHER CONDITIONS
 THE FOLLOWING WEATHER WAS RECORDED YESTERDAY.
  NO SIGNIFICANT WEATHER WAS OBSERVED.


RELATIVE HUMIDITY (PERCENT)
 HIGHEST    84           600 AM
 LOWEST     46           400 PM
 AVERAGE    65

..........................................................


THE CHANUTE KS CLIMATE NORMALS FOR TODAY
                         NORMAL    RECORD    YEAR
 MAXIMUM TEMPERATURE (F)   79        92      1927
 MINIMUM TEMPERATURE (F)   59        44      1961


SUNRISE AND SUNSET
MAY 27 2017...........SUNRISE   604 AM CDT   SUNSET   835 PM CDT
MAY 28 2017...........SUNRISE   604 AM CDT   SUNSET   835 PM CDT


-  INDICATES NEGATIVE NUMBERS.
R  INDICATES RECORD WAS SET OR TIED.
MM INDICATES DATA IS MISSING.
T  INDICATES TRACE AMOUNT.




$$
