000
CDUS45 KGJT 230734
CLICNY


CLIMATE REPORT
NATIONAL WEATHER SERVICE GRAND JUNCTION CO
131 AM MDT MON OCT 23 2017


...................................

...THE CANYONLANDS AIRPORT UT CLIMATE SUMMARY FOR OCTOBER 22 2017...

CLIMATE NORMAL PERIOD 1981 TO 2010
CLIMATE RECORD PERIOD 9999 TO 9999


WEATHER ITEM   OBSERVED TIME   RECORD YEAR NORMAL DEPARTURE LAST
                VALUE   (LST)  VALUE       VALUE  FROM      YEAR
                                                  NORMAL
..................................................................
TEMPERATURE (F)
 YESTERDAY
  MAXIMUM         66    412 PM  MM      MM  65      1       78
  MINIMUM         30    437 AM  MM      MM  36     -6       35
  AVERAGE         48                        51     -3       57

PRECIPITATION (IN)
  YESTERDAY        0.00         MM      MM   0.02  -0.02     0.00
  MONTH TO DATE    0.31                      0.87  -0.56     0.14
  SINCE SEP 1      1.23                      1.83  -0.60     1.28
  SINCE JAN 1      4.06                      7.21  -3.15     5.47

SNOWFALL (IN)
  YESTERDAY       MM            MM      MM  MM     MM       MM
  MONTH TO DATE   MM                        MM     MM       MM
  SINCE SEP 1     MM                        MM     MM       MM
  SINCE JUL 1     MM                        MM     MM       MM
  SNOW DEPTH      MM

DEGREE DAYS
 HEATING
  YESTERDAY       17                        14      3        8
  MONTH TO DATE  245                       210     35      144
  SINCE SEP 1    330                       267     63      177
  SINCE JUL 1    330                       268     62      177

 COOLING
  YESTERDAY        0                         0      0        0
  MONTH TO DATE    0                         4     -4       14
  SINCE SEP 1    202                       122     80      151
  SINCE JAN 1   1729                      1288    441     1627
..................................................................


WIND (MPH)
  HIGHEST WIND SPEED    10   HIGHEST WIND DIRECTION    NW (320)
  HIGHEST GUST SPEED    13   HIGHEST GUST DIRECTION    SE (130)
  AVERAGE WIND SPEED     2.9


SKY COVER
  POSSIBLE SUNSHINE  MM
  AVERAGE SKY COVER 0.0


WEATHER CONDITIONS
 THE FOLLOWING WEATHER WAS RECORDED YESTERDAY.
  NO SIGNIFICANT WEATHER WAS OBSERVED.


RELATIVE HUMIDITY (PERCENT)
 HIGHEST    38           400 AM
 LOWEST     13           300 PM
 AVERAGE    26

..........................................................


THE CANYONLANDS AIRPORT UT CLIMATE NORMALS FOR TODAY
                         NORMAL    RECORD    YEAR
 MAXIMUM TEMPERATURE (F)   64        MM        MM
 MINIMUM TEMPERATURE (F)   36        MM        MM


SUNRISE AND SUNSET
OCTOBER 23 2017.......SUNRISE   737 AM MDT   SUNSET   629 PM MDT
OCTOBER 24 2017.......SUNRISE   738 AM MDT   SUNSET   628 PM MDT


-  INDICATES NEGATIVE NUMBERS.
R  INDICATES RECORD WAS SET OR TIED.
MM INDICATES DATA IS MISSING.
T  INDICATES TRACE AMOUNT.




$$
