000
CDUS41 KGYX 220903
CLICON


CLIMATE REPORT
NATIONAL WEATHER SERVICE GRAY ME
403 AM EST MON DEC 22 2014


...................................

...THE CONCORD NH CLIMATE SUMMARY FOR DECEMBER 21 2014...

CLIMATE NORMAL PERIOD 1981 TO 2010
CLIMATE RECORD PERIOD 1868 TO 2014


WEATHER ITEM   OBSERVED TIME   RECORD YEAR NORMAL DEPARTURE LAST
                VALUE   (LST)  VALUE       VALUE  FROM      YEAR
                                                  NORMAL
..................................................................
TEMPERATURE (F)
 YESTERDAY
  MAXIMUM         32    224 PM  60    1994  34     -2       49
  MINIMUM         27    900 AM -21    1980  15     12       33
  AVERAGE         30                        25      5       41

PRECIPITATION (IN)
  YESTERDAY        0.12          1.45 1973   0.10   0.02     0.01
  MONTH TO DATE    3.96                      2.24   1.72     1.77
  SINCE DEC 1      3.96                      2.24   1.72     1.77
  SINCE JAN 1     44.83                     39.65   5.18    39.17

SNOWFALL (IN)
  YESTERDAY        1.2          10.0  2008   0.5    0.7      0.0
  MONTH TO DATE    3.0                       9.3   -6.3     17.2
  SINCE DEC 1      3.0                       9.3   -6.3     17.2
  SINCE JUL 1     15.9                      11.9    4.0     17.4
  SNOW DEPTH       4

DEGREE DAYS
 HEATING
  YESTERDAY       35                        40     -5       24
  MONTH TO DATE  723                       767    -44      854
  SINCE DEC 1    723                       767    -44      854
  SINCE JUL 1   2227                      2327   -100     2371

 COOLING
  YESTERDAY        0                         0      0        0
  MONTH TO DATE    0                         0      0        0
  SINCE DEC 1      0                         0      0        0
  SINCE JAN 1    387                       452    -65      537
..................................................................


WIND (MPH)
  RESULTANT WIND SPEED   2   RESULTANT WIND DIRECTION   N (0)
  HIGHEST WIND SPEED     8   HIGHEST WIND DIRECTION    NW (310)
  HIGHEST GUST SPEED    10   HIGHEST GUST DIRECTION    MM
  AVERAGE WIND SPEED     2.5


SKY COVER
  AVERAGE SKY COVER 1.0


WEATHER CONDITIONS
 THE FOLLOWING WEATHER WAS RECORDED YESTERDAY.
  LIGHT SNOW
  FOG


RELATIVE HUMIDITY (PERCENT)
 HIGHEST    92           800 AM
 LOWEST     75          1200 AM
 AVERAGE    84

..........................................................


THE CONCORD NH CLIMATE NORMALS FOR TODAY
                         NORMAL    RECORD    YEAR
 MAXIMUM TEMPERATURE (F)   34        63      1949
 MINIMUM TEMPERATURE (F)   15       -17      1980


SUNRISE AND SUNSET
DECEMBER 22 2014......SUNRISE   715 AM EST   SUNSET   414 PM EST
DECEMBER 23 2014......SUNRISE   716 AM EST   SUNSET   415 PM EST


-  INDICATES NEGATIVE NUMBERS.
R  INDICATES RECORD WAS SET OR TIED.
MM INDICATES DATA IS MISSING.
T  INDICATES TRACE AMOUNT.




$$
