000
CDUS41 KGYX 280802
CLICON


CLIMATE REPORT
NATIONAL WEATHER SERVICE GRAY ME
402 AM EDT SUN AUG 28 2016


...................................

...THE CONCORD NH CLIMATE SUMMARY FOR AUGUST 27 2016...

CLIMATE NORMAL PERIOD 1981 TO 2010
CLIMATE RECORD PERIOD 1868 TO 2016


WEATHER ITEM   OBSERVED TIME   RECORD YEAR NORMAL DEPARTURE LAST
                VALUE   (LST)  VALUE       VALUE  FROM      YEAR
                                                  NORMAL
..................................................................
TEMPERATURE (F)
 YESTERDAY
  MAXIMUM         89    306 PM  96    1948  79     10       79
  MINIMUM         58    533 AM  36    1954  54      4       54
  AVERAGE         74                        67      7       67

PRECIPITATION (IN)
  YESTERDAY        0.00          1.55 1927   0.10  -0.10     0.00
  MONTH TO DATE    1.89                      2.81  -0.92     5.56
  SINCE JUN 1      5.48                     10.24  -4.76    12.89
  SINCE JAN 1     18.18                     25.90  -7.72    23.34

SNOWFALL (IN)
  YESTERDAY        0.0           0.0  2002   0.0    0.0      0.0
                                      2001
                                      2000
  MONTH TO DATE    0.0                       0.0    0.0      0.0
  SINCE JUN 1      0.0                       0.0    0.0      0.0
  SINCE JUL 1      0.0                       0.0    0.0      0.0
  SNOW DEPTH       0

DEGREE DAYS
 HEATING
  YESTERDAY        0                         2     -2        0
  MONTH TO DATE    1                        24    -23        0
  SINCE JUN 1     54                       126    -72      103
  SINCE JUL 1     12                        41    -29        8

 COOLING
  YESTERDAY        9                         3      6        2
  MONTH TO DATE  230                       127    103      161
  SINCE JUN 1    562                       383    179      420
  SINCE JAN 1    602                       401    201      486
..................................................................


WIND (MPH)
  RESULTANT WIND SPEED   1   RESULTANT WIND DIRECTION   E (80)
  HIGHEST WIND SPEED    10   HIGHEST WIND DIRECTION     E (90)
  HIGHEST GUST SPEED    15   HIGHEST GUST DIRECTION     W (280)
  AVERAGE WIND SPEED     2.9


SKY COVER
  AVERAGE SKY COVER 0.2


WEATHER CONDITIONS
 THE FOLLOWING WEATHER WAS RECORDED YESTERDAY.
  NO SIGNIFICANT WEATHER WAS OBSERVED.


RELATIVE HUMIDITY (PERCENT)
 HIGHEST    93           400 AM
 LOWEST     34           200 PM
 AVERAGE    64

..........................................................


THE CONCORD NH CLIMATE NORMALS FOR TODAY
                         NORMAL    RECORD    YEAR
 MAXIMUM TEMPERATURE (F)   79        96      1977
 MINIMUM TEMPERATURE (F)   54        38      1986


SUNRISE AND SUNSET
AUGUST 28 2016........SUNRISE   606 AM EDT   SUNSET   727 PM EDT
AUGUST 29 2016........SUNRISE   607 AM EDT   SUNSET   725 PM EDT


-  INDICATES NEGATIVE NUMBERS.
R  INDICATES RECORD WAS SET OR TIED.
MM INDICATES DATA IS MISSING.
T  INDICATES TRACE AMOUNT.




$$
