000
CDUS41 KGYX 312042
CLICON


CLIMATE REPORT
NATIONAL WEATHER SERVICE GRAY ME
442 PM EDT THU JUL 31 2014


...................................

...THE CONCORD NH CLIMATE SUMMARY FOR JULY 31 2014...
VALID TODAY AS OF 0400 PM LOCAL TIME.

CLIMATE NORMAL PERIOD 1981 TO 2010
CLIMATE RECORD PERIOD 1868 TO 2014


WEATHER ITEM   OBSERVED TIME   RECORD YEAR NORMAL DEPARTURE LAST
                VALUE   (LST)  VALUE       VALUE  FROM      YEAR
                                                  NORMAL
..................................................................
TEMPERATURE (F)
 TODAY
  MAXIMUM         79    234 PM  95    1917  83     -4       82
  MINIMUM         52    257 AM  41    1932  58     -6       54
  AVERAGE         66                        70     -4       68

PRECIPITATION (IN)
  TODAY            T             1.20 1985   0.12  -0.12     0.00
                                      1927
  MONTH TO DATE    7.24                      3.74   3.50     6.70
  SINCE JUN 1     11.07                      7.43   3.64    13.48
  SINCE JAN 1     28.81                     23.09   5.72    26.24

SNOWFALL (IN)
  TODAY            0.0           0.0  2002   0.0    0.0      0.0
                                      2001
                                      2000
  MONTH TO DATE    0.0                       0.0    0.0      0.0
  SINCE JUN 1      0.0                       0.0    0.0      0.0
  SINCE JUL 1      0.0                       0.0    0.0      0.0
  SNOW DEPTH       0

DEGREE DAYS
 HEATING
  TODAY            0                         0      0        0
  MONTH TO DATE    0                        13    -13        2
  SINCE JUN 1     56                       102    -46       74
  SINCE JUL 1      0                        17    -17        2

 COOLING
  TODAY            1                         6     -5        3
  MONTH TO DATE  175                       172      3      266
  SINCE JUN 1    248                       256     -8      375
  SINCE JAN 1    250                       274    -24      396
..................................................................


WIND (MPH)
  HIGHEST WIND SPEED    16   HIGHEST WIND DIRECTION     S (190)
  HIGHEST GUST SPEED    21   HIGHEST GUST DIRECTION     S (180)
  AVERAGE WIND SPEED     2.2


SKY COVER
  POSSIBLE SUNSHINE  MM
  AVERAGE SKY COVER 0.6


WEATHER CONDITIONS
 THE FOLLOWING WEATHER WAS RECORDED TODAY.
  LIGHT RAIN
  FOG
  FOG W/VISIBILITY <= 1/4 MILE


RELATIVE HUMIDITY (PERCENT)
 HIGHEST   100           100 AM
 LOWEST     54           200 PM
 AVERAGE    77

..........................................................


THE CONCORD NH CLIMATE NORMALS FOR TOMORROW
                         NORMAL    RECORD    YEAR
 MAXIMUM TEMPERATURE (F)   83        99      1917
 MINIMUM TEMPERATURE (F)   58        40      1896


SUNRISE AND SUNSET
JULY 31 2014..........SUNRISE   535 AM EDT   SUNSET   809 PM EDT
AUGUST  1 2014........SUNRISE   536 AM EDT   SUNSET   808 PM EDT


-  INDICATES NEGATIVE NUMBERS.
R  INDICATES RECORD WAS SET OR TIED.
MM INDICATES DATA IS MISSING.
T  INDICATES TRACE AMOUNT.




$$
