000
CDUS41 KGYX 240801
CLICON


CLIMATE REPORT
NATIONAL WEATHER SERVICE GRAY ME
401 AM EDT THU APR 24 2014


...................................

...THE CONCORD NH CLIMATE SUMMARY FOR APRIL 23 2014...

CLIMATE NORMAL PERIOD 1981 TO 2010
CLIMATE RECORD PERIOD 1868 TO 2014


WEATHER ITEM   OBSERVED TIME   RECORD YEAR NORMAL DEPARTURE LAST
                VALUE   (LST)  VALUE       VALUE  FROM      YEAR
                                                  NORMAL
..................................................................
TEMPERATURE (F)
 YESTERDAY
  MAXIMUM         54    104 PM  88    1885  61     -7       41
  MINIMUM         42    340 AM  20    1975  35      7       29
  AVERAGE         48                        48      0       35

PRECIPITATION (IN)
  YESTERDAY        T             1.55 1977   0.11  -0.11     0.00
  MONTH TO DATE    1.87                      2.61  -0.74     1.86
  SINCE MAR 1      5.85                      5.88  -0.03     3.58
  SINCE JAN 1     13.17                     11.20   1.97     8.67

SNOWFALL (IN)
  YESTERDAY       MM             3.1  1956   0.0   MM        0.0
  MONTH TO DATE    0.2                       2.6   -2.4      0.2
  SINCE MAR 1     10.6                      13.7   -3.1     16.2
  SINCE JUL 1     80.4                      61.2   19.2     83.4
  SNOW DEPTH       0

DEGREE DAYS
 HEATING
  YESTERDAY       17                        17      0       30
  MONTH TO DATE  480                       491    -11      492
  SINCE MAR 1   1694                      1478    216     1480
  SINCE JUL 1   7163                      6738    425     6409

 COOLING
  YESTERDAY        0                         0      0        0
  MONTH TO DATE    0                         0      0        0
  SINCE MAR 1      0                         0      0        0
  SINCE JAN 1      0                         0      0        0
..................................................................


WIND (MPH)
  RESULTANT WIND SPEED  10   RESULTANT WIND DIRECTION  NW (330)
  HIGHEST WIND SPEED    31   HIGHEST WIND DIRECTION    NW (320)
  HIGHEST GUST SPEED    43   HIGHEST GUST DIRECTION    NW (320)
  AVERAGE WIND SPEED    12.2


SKY COVER
  AVERAGE SKY COVER 0.9


WEATHER CONDITIONS
 THE FOLLOWING WEATHER WAS RECORDED YESTERDAY.
  LIGHT RAIN
  FOG
  FOG W/VISIBILITY <= 1/4 MILE


RELATIVE HUMIDITY (PERCENT)
 HIGHEST   100           100 AM
 LOWEST     50           100 PM
 AVERAGE    75

..........................................................


THE CONCORD NH CLIMATE NORMALS FOR TODAY
                         NORMAL    RECORD    YEAR
 MAXIMUM TEMPERATURE (F)   62        88      2001
 MINIMUM TEMPERATURE (F)   35        21      1971


SUNRISE AND SUNSET
APRIL 24 2014.........SUNRISE   550 AM EDT   SUNSET   739 PM EDT
APRIL 25 2014.........SUNRISE   548 AM EDT   SUNSET   740 PM EDT


-  INDICATES NEGATIVE NUMBERS.
R  INDICATES RECORD WAS SET OR TIED.
MM INDICATES DATA IS MISSING.
T  INDICATES TRACE AMOUNT.




$$
