000
CDUS41 KGYX 270821
CLICON


CLIMATE REPORT
NATIONAL WEATHER SERVICE GRAY ME
421 AM EDT FRI MAY 27 2016


...................................

...THE CONCORD NH CLIMATE SUMMARY FOR MAY 26 2016...

CLIMATE NORMAL PERIOD 1981 TO 2010
CLIMATE RECORD PERIOD 1868 TO 2016


WEATHER ITEM   OBSERVED TIME   RECORD YEAR NORMAL DEPARTURE LAST
                VALUE   (LST)  VALUE       VALUE  FROM      YEAR
                                                  NORMAL
..................................................................
TEMPERATURE (F)
 YESTERDAY
  MAXIMUM         88    344 PM  96    2010  72     16       91
  MINIMUM         54    452 AM  28    1956  46      8       63
  AVERAGE         71                        59     12       77

PRECIPITATION (IN)
  YESTERDAY        0.01          1.21 2003   0.13  -0.12     0.03
  MONTH TO DATE    2.50                      3.03  -0.53     0.10
  SINCE MAR 1      6.82                      9.71  -2.89     3.84
  SINCE JAN 1     12.57                     15.03  -2.46     9.90

SNOWFALL (IN)
  YESTERDAY        0.0           T    1967   0.0    0.0      0.0
  MONTH TO DATE    0.0                       0.2   -0.2      0.0
  SINCE MAR 1      5.0                      14.1   -9.1      7.9
  SINCE JUL 1     29.7                      61.6  -31.9     92.1
  SNOW DEPTH       0

DEGREE DAYS
 HEATING
  YESTERDAY        0                         7     -7        0
  MONTH TO DATE  259                       272    -13      151
  SINCE MAR 1   1667                      1859   -192     1908
  SINCE JUL 1   6016                      7119  -1103     7362

 COOLING
  YESTERDAY        6                         1      5       12
  MONTH TO DATE   13                         9      4       30
  SINCE MAR 1     13                        11      2       30
  SINCE JAN 1     13                        11      2       30
..................................................................


WIND (MPH)
  RESULTANT WIND SPEED   1   RESULTANT WIND DIRECTION  NW (320)
  HIGHEST WIND SPEED    14   HIGHEST WIND DIRECTION     E (100)
  HIGHEST GUST SPEED    19   HIGHEST GUST DIRECTION    NW (300)
  AVERAGE WIND SPEED     4.4


SKY COVER
  AVERAGE SKY COVER 0.1


WEATHER CONDITIONS
 THE FOLLOWING WEATHER WAS RECORDED YESTERDAY.
  LIGHT RAIN
  FOG


RELATIVE HUMIDITY (PERCENT)
 HIGHEST    93           100 AM
 LOWEST     29           200 PM
 AVERAGE    61

..........................................................


THE CONCORD NH CLIMATE NORMALS FOR TODAY
                         NORMAL    RECORD    YEAR
 MAXIMUM TEMPERATURE (F)   72        93      1944
                                             1914
 MINIMUM TEMPERATURE (F)   46        24      1969


SUNRISE AND SUNSET
MAY 27 2016...........SUNRISE   512 AM EDT   SUNSET   815 PM EDT
MAY 28 2016...........SUNRISE   511 AM EDT   SUNSET   816 PM EDT


-  INDICATES NEGATIVE NUMBERS.
R  INDICATES RECORD WAS SET OR TIED.
MM INDICATES DATA IS MISSING.
T  INDICATES TRACE AMOUNT.




$$
