000
CDUS45 KPUB 021027
CLICOS


CLIMATE REPORT
NATIONAL WEATHER SERVICE PUEBLO
427 AM MDT TUE JUN 2 2015


...................................

...THE COLORADO SPRINGS CO CLIMATE SUMMARY FOR JUNE 1 2015...

CLIMATE NORMAL PERIOD 1981 TO 2010
CLIMATE RECORD PERIOD 1872 TO 2015


WEATHER ITEM   OBSERVED TIME   RECORD YEAR NORMAL DEPARTURE LAST
                VALUE   (LST)  VALUE       VALUE  FROM      YEAR
                                                  NORMAL
..................................................................
TEMPERATURE (F)
 YESTERDAY
  MAXIMUM         82    136 PM  94    2002  74      8       84
  MINIMUM         50    430 AM  27    1903  47      3       53
  AVERAGE         66                        61      5       69

PRECIPITATION (IN)
  YESTERDAY        T             1.69 1914   0.09  -0.09     0.00
  MONTH TO DATE    T                         0.09  -0.09     0.00
  SINCE JUN 1      T                         0.09  -0.09     0.00
  SINCE JAN 1     12.23                      5.20   7.03     4.79

SNOWFALL (IN)
  YESTERDAY        0.0           2.0  1917   0.0    0.0      0.0
  MONTH TO DATE    0.0                       0.0    0.0      0.0
  SINCE JUN 1      0.0                       0.0    0.0      0.0
  SINCE JUL 1     46.5                      37.7    8.8     34.8
  SNOW DEPTH       0

DEGREE DAYS
 HEATING
  YESTERDAY        0                         5     -5        0
  MONTH TO DATE    0                         5     -5        0
  SINCE JUN 1      0                         5     -5        0
  SINCE JUL 1   5767                      6218   -451     6046

 COOLING
  YESTERDAY        1                         1      0        4
  MONTH TO DATE    1                         1      0        4
  SINCE JUN 1      1                         1      0        4
  SINCE JAN 1      1                        11    -10       17
..................................................................


WIND (MPH)
  HIGHEST WIND SPEED    35   HIGHEST WIND DIRECTION    SW (210)
  HIGHEST GUST SPEED    42   HIGHEST GUST DIRECTION     S (200)
  AVERAGE WIND SPEED     8.2


SKY COVER
  POSSIBLE SUNSHINE  MM
  AVERAGE SKY COVER 0.5


WEATHER CONDITIONS
 THE FOLLOWING WEATHER WAS RECORDED YESTERDAY.
  THUNDERSTORM
  LIGHT RAIN


RELATIVE HUMIDITY (PERCENT)
 HIGHEST    83           300 AM
 LOWEST     23           100 PM
 AVERAGE    53

..........................................................


THE COLORADO SPRINGS CO CLIMATE NORMALS FOR TODAY
                         NORMAL    RECORD    YEAR
 MAXIMUM TEMPERATURE (F)   74        92      2002
 MINIMUM TEMPERATURE (F)   48        30      1919
                                             1917


SUNRISE AND SUNSET
JUNE  2 2015..........SUNRISE   535 AM MDT   SUNSET   819 PM MDT
JUNE  3 2015..........SUNRISE   535 AM MDT   SUNSET   819 PM MDT


-  INDICATES NEGATIVE NUMBERS.
R  INDICATES RECORD WAS SET OR TIED.
MM INDICATES DATA IS MISSING.
T  INDICATES TRACE AMOUNT.




$$
