196
CDUS45 KPUB 261043
CLICOS


CLIMATE REPORT
NATIONAL WEATHER SERVICE PUEBLO
438 AM MDT WED JUL 26 2017


...................................

...THE COLORADO SPRINGS CO CLIMATE SUMMARY FOR JULY 25 2017...

CLIMATE NORMAL PERIOD 1981 TO 2010
CLIMATE RECORD PERIOD 1872 TO 2017


WEATHER ITEM   OBSERVED TIME   RECORD YEAR NORMAL DEPARTURE LAST
                VALUE   (LST)  VALUE       VALUE  FROM      YEAR
                                                  NORMAL
..................................................................
TEMPERATURE (F)
 YESTERDAY
  MAXIMUM         92   1202 PM  98    2003  85      7       90
  MINIMUM         66   1159 PM  47    1942  58      8       56
                                      1924
  AVERAGE         79                        71      8       73

PRECIPITATION (IN)
  YESTERDAY        0.05          0.94 1958   0.11  -0.06     0.00
  MONTH TO DATE    2.79                      2.19   0.60     1.86
  SINCE JUN 1      3.29                      4.69  -1.40     2.90
  SINCE JAN 1      9.41                      9.80  -0.39     9.83

SNOWFALL (IN)
  YESTERDAY        0.0           0.0  2002   0.0    0.0      0.0
                                      2001
  MONTH TO DATE    T                         0.0    0.0       T
  SINCE JUN 1      T                         0.0    0.0       T
  SINCE JUL 1      T                         0.0    0.0       T
  SNOW DEPTH       0

DEGREE DAYS
 HEATING
  YESTERDAY        0                         0      0        0
  MONTH TO DATE    0                         3     -3        0
  SINCE JUN 1     21                        82    -61        8
  SINCE JUL 1      0                         3     -3        0

 COOLING
  YESTERDAY       14                         6      8        8
  MONTH TO DATE  229                       153     76      249
  SINCE JUN 1    386                       236    150      430
  SINCE JAN 1    388                       246    142      432
..................................................................


WIND (MPH)
  HIGHEST WIND SPEED    29   HIGHEST WIND DIRECTION     W (260)
  HIGHEST GUST SPEED    37   HIGHEST GUST DIRECTION     W (260)
  AVERAGE WIND SPEED     8.7


SKY COVER
  POSSIBLE SUNSHINE  MM
  AVERAGE SKY COVER 0.8


WEATHER CONDITIONS
 THE FOLLOWING WEATHER WAS RECORDED YESTERDAY.
  THUNDERSTORM
  LIGHT RAIN


RELATIVE HUMIDITY (PERCENT)
 HIGHEST    73           100 AM
 LOWEST     27          1200 PM
 AVERAGE    50

..........................................................


THE COLORADO SPRINGS CO CLIMATE NORMALS FOR TODAY
                         NORMAL    RECORD    YEAR
 MAXIMUM TEMPERATURE (F)   84        97      1953
 MINIMUM TEMPERATURE (F)   58        46      1913
                                             1900


SUNRISE AND SUNSET
JULY 26 2017..........SUNRISE   555 AM MDT   SUNSET   815 PM MDT
JULY 27 2017..........SUNRISE   556 AM MDT   SUNSET   814 PM MDT


-  INDICATES NEGATIVE NUMBERS.
R  INDICATES RECORD WAS SET OR TIED.
MM INDICATES DATA IS MISSING.
T  INDICATES TRACE AMOUNT.




$$
