000
CDUS45 KPUB 231133
CLICOS


CLIMATE REPORT
NATIONAL WEATHER SERVICE PUEBLO
532 AM MDT SAT AUG 23 2014


...................................

...THE COLORADO SPRINGS CO CLIMATE SUMMARY FOR AUGUST 22 2014...

CLIMATE NORMAL PERIOD 1981 TO 2010
CLIMATE RECORD PERIOD 1872 TO 2014


WEATHER ITEM   OBSERVED TIME   RECORD YEAR NORMAL DEPARTURE LAST
                VALUE   (LST)  VALUE       VALUE  FROM      YEAR
                                                  NORMAL
..................................................................
TEMPERATURE (F)
 YESTERDAY
  MAXIMUM         76    152 PM  93    2011  81     -5       86
  MINIMUM         56   1154 PM  41    1920  55      1       59
  AVERAGE         66                        68     -2       73

PRECIPITATION (IN)
  YESTERDAY        T             2.36 2013   0.09  -0.09     2.36
  MONTH TO DATE    1.67                      2.55  -0.88     5.61
  SINCE JUN 1      7.59                      7.89  -0.30    10.82
  SINCE JAN 1     12.38                     13.00  -0.62    13.55

SNOWFALL (IN)
  YESTERDAY        0.0           0.0  2002   0.0    0.0      0.0
  MONTH TO DATE    0.0                       0.0    0.0       T
  SINCE JUN 1      T                         0.0    0.0       T
  SINCE JUL 1      T                         0.0    0.0       T
  SNOW DEPTH       0

DEGREE DAYS
 HEATING
  YESTERDAY        0                         1     -1        0
  MONTH TO DATE    5                         7     -2        5
  SINCE JUN 1     67                        96    -29       35
  SINCE JUL 1     28                        17     11       10

 COOLING
  YESTERDAY        1                         4     -3        8
  MONTH TO DATE   97                       105     -8      111
  SINCE JUN 1    395                       379     16      499
  SINCE JAN 1    408                       389     19      521
..................................................................


WIND (MPH)
  HIGHEST WIND SPEED    22   HIGHEST WIND DIRECTION    NE (60)
  HIGHEST GUST SPEED    27   HIGHEST GUST DIRECTION    NE (60)
  AVERAGE WIND SPEED     8.3


SKY COVER
  POSSIBLE SUNSHINE  MM
  AVERAGE SKY COVER 0.8


WEATHER CONDITIONS
 THE FOLLOWING WEATHER WAS RECORDED YESTERDAY.
  LIGHT RAIN


RELATIVE HUMIDITY (PERCENT)
 HIGHEST    86          1100 PM
 LOWEST     38           600 PM
 AVERAGE    62

..........................................................


THE COLORADO SPRINGS CO CLIMATE NORMALS FOR TODAY
                         NORMAL    RECORD    YEAR
 MAXIMUM TEMPERATURE (F)   81        95      2011
 MINIMUM TEMPERATURE (F)   55        44      1917
                                             1896


SUNRISE AND SUNSET
AUGUST 23 2014........SUNRISE   620 AM MDT   SUNSET   742 PM MDT
AUGUST 24 2014........SUNRISE   621 AM MDT   SUNSET   741 PM MDT


-  INDICATES NEGATIVE NUMBERS.
R  INDICATES RECORD WAS SET OR TIED.
MM INDICATES DATA IS MISSING.
T  INDICATES TRACE AMOUNT.




$$
