000
CDUS45 KPUB 311034
CLICOS


CLIMATE REPORT
NATIONAL WEATHER SERVICE PUEBLO
434 AM MDT FRI OCT 31 2014


...................................

...THE COLORADO SPRINGS CO CLIMATE SUMMARY FOR OCTOBER 30 2014...

CLIMATE NORMAL PERIOD 1981 TO 2010
CLIMATE RECORD PERIOD 1872 TO 2014


WEATHER ITEM   OBSERVED TIME   RECORD YEAR NORMAL DEPARTURE LAST
                VALUE   (LST)  VALUE       VALUE  FROM      YEAR
                                                  NORMAL
..................................................................
TEMPERATURE (F)
 YESTERDAY
  MAXIMUM         60    255 PM  78    1933  58      2       58
  MINIMUM         39    153 AM   1    1917  31      8       33
  AVERAGE         50                        45      5       46

PRECIPITATION (IN)
  YESTERDAY        0.00          0.90 1903   0.02  -0.02     0.00
  MONTH TO DATE    2.96                      0.80   2.16     0.42
  SINCE SEP 1      3.57                      1.99   1.58     5.22
  SINCE JAN 1     16.62                     15.78   0.84    18.88

SNOWFALL (IN)
  YESTERDAY        0.0           4.4  1991   0.1   -0.1      0.0
  MONTH TO DATE    T                         2.8   -2.8      0.2
  SINCE SEP 1      T                         3.0   -3.0      0.2
  SINCE JUL 1      T                         3.0   -3.0      0.2
  SNOW DEPTH       0

DEGREE DAYS
 HEATING
  YESTERDAY       15                        20     -5       19
  MONTH TO DATE  327                       464   -137      491
  SINCE SEP 1    414                       623   -209      564
  SINCE JUL 1    444                       654   -210      574

 COOLING
  YESTERDAY        0                         0      0        0
  MONTH TO DATE    0                         0      0        0
  SINCE SEP 1     60                        36     24       92
  SINCE JAN 1    487                       454     33      694
..................................................................


WIND (MPH)
  HIGHEST WIND SPEED    15   HIGHEST WIND DIRECTION     S (180)
  HIGHEST GUST SPEED    18   HIGHEST GUST DIRECTION     S (160)
  AVERAGE WIND SPEED     8.0


SKY COVER
  POSSIBLE SUNSHINE  MM
  AVERAGE SKY COVER 0.1


WEATHER CONDITIONS
 THE FOLLOWING WEATHER WAS RECORDED YESTERDAY.
  NO SIGNIFICANT WEATHER WAS OBSERVED.


RELATIVE HUMIDITY (PERCENT)
 HIGHEST    49          1000 PM
 LOWEST     22           200 PM
 AVERAGE    36

..........................................................


THE COLORADO SPRINGS CO CLIMATE NORMALS FOR TODAY
                         NORMAL    RECORD    YEAR
 MAXIMUM TEMPERATURE (F)   58        76      1933
 MINIMUM TEMPERATURE (F)   31        10      1991


SUNRISE AND SUNSET
OCTOBER 31 2014.......SUNRISE   725 AM MDT   SUNSET   600 PM MDT
NOVEMBER  1 2014......SUNRISE   726 AM MDT   SUNSET   558 PM MDT


-  INDICATES NEGATIVE NUMBERS.
R  INDICATES RECORD WAS SET OR TIED.
MM INDICATES DATA IS MISSING.
T  INDICATES TRACE AMOUNT.




$$
