000
CDUS45 KPUB 201151
CLICOS


CLIMATE REPORT
NATIONAL WEATHER SERVICE PUEBLO
450 AM MST SAT JAN 20 2018


...................................

...THE COLORADO SPRINGS CO CLIMATE SUMMARY FOR JANUARY 19 2018...

CLIMATE NORMAL PERIOD 1981 TO 2010
CLIMATE RECORD PERIOD 1872 TO 2018


WEATHER ITEM   OBSERVED TIME   RECORD YEAR NORMAL DEPARTURE LAST
                VALUE   (LST)  VALUE       VALUE  FROM      YEAR
                                                  NORMAL
..................................................................
TEMPERATURE (F)
 YESTERDAY
  MAXIMUM         70R   254 PM  70    1986  43     27       54
  MINIMUM         30    200 AM -17    1943  18     12       28
  AVERAGE         50                        31     19       41

PRECIPITATION (IN)
  YESTERDAY        0.00          0.39 1990   0.02  -0.02     0.00
  MONTH TO DATE    0.08                      0.19  -0.11     0.24
  SINCE DEC 1      0.09                      0.53  -0.44     0.92
  SINCE JAN 1      0.08                      0.19  -0.11     0.24

SNOWFALL (IN)
  YESTERDAY        0.0           5.7  1990   0.2   -0.2      0.0
  MONTH TO DATE    0.1                       3.4   -3.3      4.7
  SINCE DEC 1      1.0                       9.1   -8.1     11.1
  SINCE JUL 1      2.6                      16.9  -14.3     11.1
  SNOW DEPTH       0

DEGREE DAYS
 HEATING
  YESTERDAY       15                        34    -19       24
  MONTH TO DATE  573                       656    -83      671
  SINCE DEC 1   1543                      1747   -204     1771
  SINCE JUL 1   2711                      3228   -517     2674

 COOLING
  YESTERDAY        0                         0      0        0
  MONTH TO DATE    0                         0      0        0
  SINCE DEC 1      0                         0      0        0
  SINCE JAN 1      0                         0      0        0
..................................................................


WIND (MPH)
  HIGHEST WIND SPEED    25   HIGHEST WIND DIRECTION     W (270)
  HIGHEST GUST SPEED    29   HIGHEST GUST DIRECTION     W (260)
  AVERAGE WIND SPEED     7.2


SKY COVER
  POSSIBLE SUNSHINE  MM
  AVERAGE SKY COVER 0.7


WEATHER CONDITIONS
 THE FOLLOWING WEATHER WAS RECORDED YESTERDAY.
  NO SIGNIFICANT WEATHER WAS OBSERVED.


RELATIVE HUMIDITY (PERCENT)
 HIGHEST    39           100 AM
 LOWEST     11           300 PM
 AVERAGE    25

..........................................................


THE COLORADO SPRINGS CO CLIMATE NORMALS FOR TODAY
                         NORMAL    RECORD    YEAR
 MAXIMUM TEMPERATURE (F)   43        69      1950
 MINIMUM TEMPERATURE (F)   18       -12      1984


SUNRISE AND SUNSET
JANUARY 20 2018.......SUNRISE   713 AM MST   SUNSET   507 PM MST
JANUARY 21 2018.......SUNRISE   713 AM MST   SUNSET   508 PM MST


-  INDICATES NEGATIVE NUMBERS.
R  INDICATES RECORD WAS SET OR TIED.
MM INDICATES DATA IS MISSING.
T  INDICATES TRACE AMOUNT.




$$
