000
CDUS45 KPUB 190026
CLICOS


CLIMATE REPORT
NATIONAL WEATHER SERVICE PUEBLO
525 PM MST WED JAN 18 2017


...................................

...THE COLORADO SPRINGS CO CLIMATE SUMMARY FOR JANUARY 18 2017...
VALID TODAY AS OF 0500 PM LOCAL TIME.

CLIMATE NORMAL PERIOD 1981 TO 2010
CLIMATE RECORD PERIOD 1872 TO 2017


WEATHER ITEM   OBSERVED TIME   RECORD YEAR NORMAL DEPARTURE LAST
                VALUE   (LST)  VALUE       VALUE  FROM      YEAR
                                                  NORMAL
..................................................................
TEMPERATURE (F)
 TODAY
  MAXIMUM         55   1203 PM  67    1920  43     12       57
  MINIMUM         22    535 AM -20    1984  18      4       20
  AVERAGE         39                        31      8       39

PRECIPITATION (IN)
  TODAY            0.00          0.17 1988   0.01  -0.01     0.00
  MONTH TO DATE    0.24                      0.17   0.07     0.20
  SINCE DEC 1      0.92                      0.51   0.41     0.45
  SINCE JAN 1      0.24                      0.17   0.07     0.20

SNOWFALL (IN)
  TODAY            0.0           4.5  1935   0.2   -0.2      0.0
  MONTH TO DATE    4.7                       3.2    1.5      3.0
  SINCE DEC 1     11.1                       8.9    2.2      7.3
  SINCE JUL 1     11.1                      16.7   -5.6     13.1
  SNOW DEPTH       0

DEGREE DAYS
 HEATING
  TODAY           26                        34     -8       26
  MONTH TO DATE  647                       622     25      633
  SINCE DEC 1   1747                      1713     34     1634
  SINCE JUL 1   2650                      3194   -544     2737

 COOLING
  TODAY            0                         0      0        0
  MONTH TO DATE    0                         0      0        0
  SINCE DEC 1      0                         0      0        0
  SINCE JAN 1      0                         0      0        0
..................................................................


WIND (MPH)
  HIGHEST WIND SPEED    17   HIGHEST WIND DIRECTION     S (180)
  HIGHEST GUST SPEED    20   HIGHEST GUST DIRECTION     S (190)
  AVERAGE WIND SPEED     8.6


SKY COVER
  POSSIBLE SUNSHINE  MM
  AVERAGE SKY COVER 0.4


WEATHER CONDITIONS
 THE FOLLOWING WEATHER WAS RECORDED TODAY.
  NO SIGNIFICANT WEATHER WAS OBSERVED.


RELATIVE HUMIDITY (PERCENT)
 HIGHEST    68           600 AM
 LOWEST      8          1200 PM
 AVERAGE    38

..........................................................


THE COLORADO SPRINGS CO CLIMATE NORMALS FOR TOMORROW
                         NORMAL    RECORD    YEAR
 MAXIMUM TEMPERATURE (F)   43        70      1986
 MINIMUM TEMPERATURE (F)   18       -17      1943


SUNRISE AND SUNSET
JANUARY 18 2017.......SUNRISE   714 AM MST   SUNSET   505 PM MST
JANUARY 19 2017.......SUNRISE   714 AM MST   SUNSET   506 PM MST


-  INDICATES NEGATIVE NUMBERS.
R  INDICATES RECORD WAS SET OR TIED.
MM INDICATES DATA IS MISSING.
T  INDICATES TRACE AMOUNT.




$$
