000
CDUS45 KPUB 051046
CLICOS


CLIMATE REPORT
NATIONAL WEATHER SERVICE PUEBLO
446 AM MDT THU MAY 5 2016


...................................

...THE COLORADO SPRINGS CO CLIMATE SUMMARY FOR MAY 4 2016...

CLIMATE NORMAL PERIOD 1981 TO 2010
CLIMATE RECORD PERIOD 1872 TO 2016


WEATHER ITEM   OBSERVED TIME   RECORD YEAR NORMAL DEPARTURE LAST
                VALUE   (LST)  VALUE       VALUE  FROM      YEAR
                                                  NORMAL
..................................................................
TEMPERATURE (F)
 YESTERDAY
  MAXIMUM         73    323 PM  86    2012  66      7       64
  MINIMUM         39    517 AM  24    1935  39      0       47
                                      1908
  AVERAGE         56                        52      4       56

PRECIPITATION (IN)
  YESTERDAY        0.00          1.26 2015   0.06  -0.06     1.26
  MONTH TO DATE    0.01                      0.22  -0.21     1.31
  SINCE MAR 1      3.02                      2.64   0.38     3.09
  SINCE JAN 1      4.56                      3.30   1.26     5.41

SNOWFALL (IN)
  YESTERDAY        0.0           2.7  1898   0.1   -0.1      0.0
  MONTH TO DATE    T                         0.3   -0.3       T
  SINCE MAR 1     23.6                      13.3   10.3      5.6
  SINCE JUL 1     50.7                      37.3   13.4     46.5
  SNOW DEPTH       0

DEGREE DAYS
 HEATING
  YESTERDAY        9                        13     -4        9
  MONTH TO DATE   74                        53     21       28
  SINCE MAR 1   1327                      1412    -85     1186
  SINCE JUL 1   5230                      5975   -745     5407

 COOLING
  YESTERDAY        0                         0      0        0
  MONTH TO DATE    0                         0      0        0
  SINCE MAR 1      0                         1     -1        0
  SINCE JAN 1      0                         1     -1        0
..................................................................


WIND (MPH)
  HIGHEST WIND SPEED    17   HIGHEST WIND DIRECTION    SE (140)
  HIGHEST GUST SPEED    21   HIGHEST GUST DIRECTION     S (190)
  AVERAGE WIND SPEED     6.5


SKY COVER
  POSSIBLE SUNSHINE  MM
  AVERAGE SKY COVER 0.2


WEATHER CONDITIONS
 THE FOLLOWING WEATHER WAS RECORDED YESTERDAY.
  NO SIGNIFICANT WEATHER WAS OBSERVED.


RELATIVE HUMIDITY (PERCENT)
 HIGHEST    64           400 AM
 LOWEST     16           100 PM
 AVERAGE    40

..........................................................


THE COLORADO SPRINGS CO CLIMATE NORMALS FOR TODAY
                         NORMAL    RECORD    YEAR
 MAXIMUM TEMPERATURE (F)   66        90      1947
 MINIMUM TEMPERATURE (F)   39        23      1917


SUNRISE AND SUNSET
MAY  5 2016...........SUNRISE   556 AM MDT   SUNSET   756 PM MDT
MAY  6 2016...........SUNRISE   555 AM MDT   SUNSET   757 PM MDT


-  INDICATES NEGATIVE NUMBERS.
R  INDICATES RECORD WAS SET OR TIED.
MM INDICATES DATA IS MISSING.
T  INDICATES TRACE AMOUNT.




$$
