000
CDUS45 KPUB 241048
CLICOS


CLIMATE REPORT
NATIONAL WEATHER SERVICE PUEBLO
446 AM MDT SUN SEP 24 2017


...................................

...THE COLORADO SPRINGS CO CLIMATE SUMMARY FOR SEPTEMBER 23 2017...

CLIMATE NORMAL PERIOD 1981 TO 2010
CLIMATE RECORD PERIOD 1872 TO 2017


WEATHER ITEM   OBSERVED TIME   RECORD YEAR NORMAL DEPARTURE LAST
                VALUE   (LST)  VALUE       VALUE  FROM      YEAR
                                                  NORMAL
..................................................................
TEMPERATURE (F)
 YESTERDAY
  MAXIMUM         62   1154 AM  86    2003  72    -10       85
                                      1924
  MINIMUM         46   1159 PM  26    1895  44      2       50
  AVERAGE         54                        58     -4       68

PRECIPITATION (IN)
  YESTERDAY        1.07R         0.46 1950   0.04   1.03      T
  MONTH TO DATE    1.26                      1.02   0.24     0.05
  SINCE SEP 1      1.26                      1.02   0.24     0.05
  SINCE JAN 1     16.54                     14.81   1.73    13.49

SNOWFALL (IN)
  YESTERDAY        0.0           0.5  2000   0.0    0.0      0.0
  MONTH TO DATE    0.0                       0.1   -0.1      0.0
  SINCE SEP 1      0.0                       0.1   -0.1      0.0
  SINCE JUL 1      T                         0.1   -0.1       T
  SNOW DEPTH       0

DEGREE DAYS
 HEATING
  YESTERDAY       11                         8      3        0
  MONTH TO DATE   34                        97    -63       27
  SINCE SEP 1     34                        97    -63       27
  SINCE JUL 1     43                       128    -85       48

 COOLING
  YESTERDAY        0                         0      0        3
  MONTH TO DATE   91                        35     56       74
  SINCE SEP 1     91                        35     56       74
  SINCE JAN 1    639                       453    186      700
..................................................................


WIND (MPH)
  HIGHEST WIND SPEED    33   HIGHEST WIND DIRECTION     N (10)
  HIGHEST GUST SPEED    40   HIGHEST GUST DIRECTION     N (20)
  AVERAGE WIND SPEED    11.5


SKY COVER
  POSSIBLE SUNSHINE  MM
  AVERAGE SKY COVER 0.7


WEATHER CONDITIONS
 THE FOLLOWING WEATHER WAS RECORDED YESTERDAY.
  THUNDERSTORM
  HEAVY RAIN
  RAIN
  LIGHT RAIN
  FOG


RELATIVE HUMIDITY (PERCENT)
 HIGHEST    93           300 PM
 LOWEST     55          1200 AM
 AVERAGE    74

..........................................................


THE COLORADO SPRINGS CO CLIMATE NORMALS FOR TODAY
                         NORMAL    RECORD    YEAR
 MAXIMUM TEMPERATURE (F)   71        88      1992
 MINIMUM TEMPERATURE (F)   44        31      2000


SUNRISE AND SUNSET
SEPTEMBER 24 2017.....SUNRISE   649 AM MDT   SUNSET   652 PM MDT
SEPTEMBER 25 2017.....SUNRISE   650 AM MDT   SUNSET   651 PM MDT


-  INDICATES NEGATIVE NUMBERS.
R  INDICATES RECORD WAS SET OR TIED.
MM INDICATES DATA IS MISSING.
T  INDICATES TRACE AMOUNT.




$$
