000
CDUS43 KLSX 300734
CLICOU


CLIMATE REPORT
NATIONAL WEATHER SERVICE ST LOUIS MO
231 AM CDT TUE JUN 30 2015


...................................

...THE COLUMBIA ASOS CLIMATE SUMMARY FOR JUNE 29 2015...

CLIMATE NORMAL PERIOD 1981 TO 2010
CLIMATE RECORD PERIOD 1890 TO 2015


WEATHER ITEM   OBSERVED TIME   RECORD YEAR NORMAL DEPARTURE LAST
                VALUE   (LST)  VALUE       VALUE  FROM      YEAR
                                                  NORMAL
..................................................................
TEMPERATURE (F)
 YESTERDAY
  MAXIMUM         85    349 PM 104    2012  86     -1       88
                                      1901
  MINIMUM         66    520 AM  51    1923  66      0       69
  AVERAGE         76                        76      0       79

PRECIPITATION (IN)
  YESTERDAY        0.00          2.87 1909   0.15  -0.15     0.02
  MONTH TO DATE    7.52                      4.33   3.19     5.01
  SINCE JUN 1      7.52                      4.33   3.19     5.01
  SINCE JAN 1     20.38                     20.88  -0.50    19.83

SNOWFALL (IN)
  YESTERDAY        0.0           0.0  2013   0.0    0.0      0.0
  MONTH TO DATE    0.0                       0.0    0.0      0.0
  SINCE JUN 1      0.0                       0.0    0.0      0.0
  SINCE JUL 1     12.0                      18.0   -6.0     17.8
  SNOW DEPTH       0

DEGREE DAYS
 HEATING
  YESTERDAY        0                         0      0        0
  MONTH TO DATE    7                         9     -2        0
  SINCE JUN 1      7                         9     -2        0
  SINCE JUL 1   4946                      5021    -75     5572

 COOLING
  YESTERDAY       11                        11      0       14
  MONTH TO DATE  300                       236     64      270
  SINCE JUN 1    300                       236     64      270
  SINCE JAN 1    419                       339     80      430
..................................................................


WIND (MPH)
  HIGHEST WIND SPEED    15   HIGHEST WIND DIRECTION    NW (310)
  HIGHEST GUST SPEED    19   HIGHEST GUST DIRECTION     W (280)
  AVERAGE WIND SPEED     8.2


SKY COVER
  AVERAGE SKY COVER 0.1


WEATHER CONDITIONS
 THE FOLLOWING WEATHER WAS RECORDED YESTERDAY.
  NO SIGNIFICANT WEATHER WAS OBSERVED.


RELATIVE HUMIDITY (PERCENT)
 HIGHEST    87
 LOWEST     48
 AVERAGE    68

..........................................................


THE COLUMBIA ASOS CLIMATE NORMALS FOR TODAY
                         NORMAL    RECORD    YEAR
 MAXIMUM TEMPERATURE (F)   86       103      1901
 MINIMUM TEMPERATURE (F)   66        51      1943


SUNRISE AND SUNSET
JUNE 30 2015..........SUNRISE   547 AM CDT   SUNSET   838 PM CDT
JULY  1 2015..........SUNRISE   547 AM CDT   SUNSET   838 PM CDT


-  INDICATES NEGATIVE NUMBERS.
R  INDICATES RECORD WAS SET OR TIED.
MM INDICATES DATA IS MISSING.
T  INDICATES TRACE AMOUNT.




$$
