000
CDUS43 KLSX 120759 CCA
CLICOU

CLIMATE REPORT
NATIONAL WEATHER SERVICE ST LOUIS MO
145 AM CST FRI FEB 12 2016


...................................

...THE COLUMBIA ASOS CLIMATE SUMMARY FOR FEBRUARY 11 2016...

CLIMATE NORMAL PERIOD 1981 TO 2010
CLIMATE RECORD PERIOD 1890 TO 2016


WEATHER ITEM   OBSERVED TIME   RECORD YEAR NORMAL DEPARTURE LAST
                VALUE   (LST)  VALUE       VALUE  FROM      YEAR
                                                  NORMAL
..................................................................
TEMPERATURE (F)
 YESTERDAY
  MAXIMUM         35    149 PM  74    1951  43     -8       40
  MINIMUM         20    430 AM -21    1899  24     -4       26
  AVERAGE         28                        33     -5       33

PRECIPITATION (IN)
  YESTERDAY        0.04          1.44 1998   0.09  -0.05     0.00
  MONTH TO DATE    0.13                      0.81  -0.68     0.50
  SINCE DEC 1      8.07                      5.17   2.90     3.62
  SINCE JAN 1      1.03                      2.73  -1.70     1.44

SNOWFALL (IN)
  YESTERDAY        0.3           2.1  1948   0.2    0.1      0.0
  MONTH TO DATE    0.8                       2.0   -1.2      0.9
  SINCE DEC 1      7.7                      12.5   -4.8      2.0
  SINCE JUL 1      7.7                      13.4   -5.7      2.8
  SNOW DEPTH       1

DEGREE DAYS
 HEATING
  YESTERDAY       37                        32      5       32
  MONTH TO DATE  332                       364    -32      356
  SINCE DEC 1   2009                      2468   -459     2234
  SINCE JUL 1   2705                      3453   -748     3315

 COOLING
  YESTERDAY        0                         0      0        0
  MONTH TO DATE    0                         0      0        0
  SINCE DEC 1      0                         0      0        0
  SINCE JAN 1      0                         0      0        0
..................................................................


WIND (MPH)
  HIGHEST WIND SPEED    14   HIGHEST WIND DIRECTION    NE (50)
  HIGHEST GUST SPEED    18   HIGHEST GUST DIRECTION    NE (60)
  AVERAGE WIND SPEED     8.5


SKY COVER
  AVERAGE SKY COVER 0.8


WEATHER CONDITIONS
 THE FOLLOWING WEATHER WAS RECORDED YESTERDAY.
  LIGHT SNOW
  FOG


RELATIVE HUMIDITY (PERCENT)
 HIGHEST    91
 LOWEST     51
 AVERAGE    71

..........................................................


THE COLUMBIA ASOS CLIMATE NORMALS FOR TODAY
                         NORMAL    RECORD    YEAR
 MAXIMUM TEMPERATURE (F)   43        75      1990
 MINIMUM TEMPERATURE (F)   24       -26      1899


SUNRISE AND SUNSET
FEBRUARY 12 2016......SUNRISE   704 AM CST   SUNSET   543 PM CST
FEBRUARY 13 2016......SUNRISE   703 AM CST   SUNSET   544 PM CST


-  INDICATES NEGATIVE NUMBERS.
R  INDICATES RECORD WAS SET OR TIED.
MM INDICATES DATA IS MISSING.
T  INDICATES TRACE AMOUNT.




$$
