000
CDUS43 KLSX 292135
CLICOU


CLIMATE REPORT
NATIONAL WEATHER SERVICE ST LOUIS MO
434 PM CDT SUN MAR 29 2015


...................................

...THE COLUMBIA ASOS CLIMATE SUMMARY FOR MARCH 29 2015...
VALID TODAY AS OF 0400 PM LOCAL TIME.

CLIMATE NORMAL PERIOD 1981 TO 2010
CLIMATE RECORD PERIOD 1890 TO 2015


WEATHER ITEM   OBSERVED TIME   RECORD YEAR NORMAL DEPARTURE LAST
                VALUE   (LST)  VALUE       VALUE  FROM      YEAR
                                                  NORMAL
..................................................................
TEMPERATURE (F)
 TODAY
  MAXIMUM         59    315 PM  85    1986  60     -1       54
                                      1895
  MINIMUM         34    446 AM  18    1894  38     -4       34
  AVERAGE         47                        49     -2       44

PRECIPITATION (IN)
  TODAY            T             1.20 1992   0.11  -0.11     0.00
  MONTH TO DATE    1.54                      2.68  -1.14     1.22
  SINCE MAR 1      1.54                      2.68  -1.14     1.22
  SINCE JAN 1      3.89                      6.85  -2.96     3.48

SNOWFALL (IN)
  TODAY            0.0           3.8  1926   0.0    0.0      0.0
  MONTH TO DATE    1.6                       1.6    0.0      0.5
  SINCE MAR 1      1.6                       1.6    0.0      0.5
  SINCE JUL 1     12.0                      17.7   -5.7     17.8
  SNOW DEPTH       0

DEGREE DAYS
 HEATING
  TODAY           18                        16      2       21
  MONTH TO DATE  572                       604    -32      712
  SINCE MAR 1    572                       604    -32      712
  SINCE JUL 1   4627                      4550     77     5141

 COOLING
  TODAY            0                         0      0        0
  MONTH TO DATE    0                         0      0        0
  SINCE MAR 1      0                         0      0        0
  SINCE JAN 1      0                         0      0        0
..................................................................


WIND (MPH)
  HIGHEST WIND SPEED    31   HIGHEST WIND DIRECTION     S (170)
  HIGHEST GUST SPEED    39   HIGHEST GUST DIRECTION     S (170)
  AVERAGE WIND SPEED    15.5


SKY COVER
  AVERAGE SKY COVER 0.1



RELATIVE HUMIDITY (PERCENT)
 HIGHEST    82          1200 AM
 LOWEST     47          1200 PM
 AVERAGE    65

..........................................................


THE COLUMBIA ASOS CLIMATE NORMALS FOR TOMORROW
                         NORMAL    RECORD    YEAR
 MAXIMUM TEMPERATURE (F)   61        84      1967
 MINIMUM TEMPERATURE (F)   39        16      1964


SUNRISE AND SUNSET
MARCH 29 2015.........SUNRISE   659 AM CDT   SUNSET   729 PM CDT
MARCH 30 2015.........SUNRISE   657 AM CDT   SUNSET   730 PM CDT


-  INDICATES NEGATIVE NUMBERS.
R  INDICATES RECORD WAS SET OR TIED.
MM INDICATES DATA IS MISSING.
T  INDICATES TRACE AMOUNT.




$$
