000
CDUS43 KLSX 280745
CLICOU


CLIMATE REPORT
NATIONAL WEATHER SERVICE ST LOUIS MO
245 AM CDT THU MAY 28 2015


...................................

...THE COLUMBIA ASOS CLIMATE SUMMARY FOR MAY 27 2015...

CLIMATE NORMAL PERIOD 1981 TO 2010
CLIMATE RECORD PERIOD 1890 TO 2015


WEATHER ITEM   OBSERVED TIME   RECORD YEAR NORMAL DEPARTURE LAST
                VALUE   (LST)  VALUE       VALUE  FROM      YEAR
                                                  NORMAL
..................................................................
TEMPERATURE (F)
 YESTERDAY
  MAXIMUM         83    409 PM  92    2012  77      6       82
                                      1911
  MINIMUM         63    510 AM  39    1961  57      6       64
  AVERAGE         73                        67      6       73

PRECIPITATION (IN)
  YESTERDAY        0.00          2.08 1996   0.16  -0.16     0.19
  MONTH TO DATE    4.21                      4.36  -0.15     2.94
  SINCE MAR 1      9.04                     11.76  -2.72    12.45
  SINCE JAN 1     11.39                     15.93  -4.54    14.71

SNOWFALL (IN)
  YESTERDAY        0.0           0.0  2014   0.0    0.0      0.0
  MONTH TO DATE    0.0                       0.0    0.0      0.0
  SINCE MAR 1      1.6                       1.9   -0.3      0.5
  SINCE JUL 1     12.0                      18.0   -6.0     17.8
  SNOW DEPTH       0

DEGREE DAYS
 HEATING
  YESTERDAY        0                         2     -2        0
  MONTH TO DATE   73                       103    -30      113
  SINCE MAR 1    877                      1060   -183     1143
  SINCE JUL 1   4932                      5006    -74     5572

 COOLING
  YESTERDAY        8                         4      4        8
  MONTH TO DATE   89                        61     28      109
  SINCE MAR 1    104                        86     18      120
  SINCE JAN 1    104                        86     18      120
..................................................................


WIND (MPH)
  HIGHEST WIND SPEED    17   HIGHEST WIND DIRECTION    NW (310)
  HIGHEST GUST SPEED    19   HIGHEST GUST DIRECTION    NW (320)
  AVERAGE WIND SPEED     6.1


SKY COVER
  AVERAGE SKY COVER 0.1


WEATHER CONDITIONS
 THE FOLLOWING WEATHER WAS RECORDED YESTERDAY.
  NO SIGNIFICANT WEATHER WAS OBSERVED.


RELATIVE HUMIDITY (PERCENT)
 HIGHEST    93
 LOWEST     37
 AVERAGE    65

..........................................................


THE COLUMBIA ASOS CLIMATE NORMALS FOR TODAY
                         NORMAL    RECORD    YEAR
 MAXIMUM TEMPERATURE (F)   78        91      2012
                                             2006
                                             1926
 MINIMUM TEMPERATURE (F)   57        39      1992
                                             1891


SUNRISE AND SUNSET
MAY 28 2015...........SUNRISE   548 AM CDT   SUNSET   825 PM CDT
MAY 29 2015...........SUNRISE   547 AM CDT   SUNSET   826 PM CDT


-  INDICATES NEGATIVE NUMBERS.
R  INDICATES RECORD WAS SET OR TIED.
MM INDICATES DATA IS MISSING.
T  INDICATES TRACE AMOUNT.




$$
