000
CDUS43 KLSX 250737
CLICOU


CLIMATE REPORT
NATIONAL WEATHER SERVICE ST LOUIS MO
236 AM CDT WED MAY 25 2016


...................................

...THE COLUMBIA ASOS CLIMATE SUMMARY FOR MAY 24 2016...

CLIMATE NORMAL PERIOD 1981 TO 2010
CLIMATE RECORD PERIOD 1890 TO 2016


WEATHER ITEM   OBSERVED TIME   RECORD YEAR NORMAL DEPARTURE LAST
                VALUE   (LST)  VALUE       VALUE  FROM      YEAR
                                                  NORMAL
..................................................................
TEMPERATURE (F)
 YESTERDAY
  MAXIMUM         74    847 AM  94    1911  77     -3       81
  MINIMUM         61    539 AM  36    1925  56      5       61
  AVERAGE         68                        66      2       71

PRECIPITATION (IN)
  YESTERDAY        0.21          1.26 1927   0.15   0.06     0.90
  MONTH TO DATE    1.71                      3.89  -2.18     4.04
  SINCE MAR 1      6.23                     11.29  -5.06     8.87
  SINCE JAN 1      7.88                     15.46  -7.58    11.22

SNOWFALL (IN)
  YESTERDAY        0.0           0.0  2015   0.0    0.0      0.0
  MONTH TO DATE    0.0                       0.0    0.0      0.0
  SINCE MAR 1      T                         1.9   -1.9      1.6
  SINCE JUL 1      9.0                      18.0   -9.0     12.0
  SNOW DEPTH       0

DEGREE DAYS
 HEATING
  YESTERDAY        0                         2     -2        0
  MONTH TO DATE  128                        97     31       73
  SINCE MAR 1    775                      1054   -279      877
  SINCE JUL 1   3952                      5000  -1048     4932

 COOLING
  YESTERDAY        3                         3      0        6
  MONTH TO DATE   31                        49    -18       66
  SINCE MAR 1     63                        74    -11       81
  SINCE JAN 1     63                        74    -11       81
..................................................................


WIND (MPH)
  HIGHEST WIND SPEED    21   HIGHEST WIND DIRECTION     S (160)
  HIGHEST GUST SPEED    25   HIGHEST GUST DIRECTION     S (160)
  AVERAGE WIND SPEED     7.9


SKY COVER
  AVERAGE SKY COVER 0.2


WEATHER CONDITIONS
 THE FOLLOWING WEATHER WAS RECORDED YESTERDAY.
  THUNDERSTORM
  HEAVY RAIN
  LIGHT RAIN
  FOG


RELATIVE HUMIDITY (PERCENT)
 HIGHEST   100
 LOWEST     73
 AVERAGE    87

..........................................................


THE COLUMBIA ASOS CLIMATE NORMALS FOR TODAY
                         NORMAL    RECORD    YEAR
 MAXIMUM TEMPERATURE (F)   77        93      1911
 MINIMUM TEMPERATURE (F)   56        33      1925


SUNRISE AND SUNSET
MAY 25 2016...........SUNRISE   549 AM CDT   SUNSET   823 PM CDT
MAY 26 2016...........SUNRISE   548 AM CDT   SUNSET   824 PM CDT


-  INDICATES NEGATIVE NUMBERS.
R  INDICATES RECORD WAS SET OR TIED.
MM INDICATES DATA IS MISSING.
T  INDICATES TRACE AMOUNT.




$$
