000
CDUS43 KLSX 202225
CLICOU


CLIMATE REPORT
NATIONAL WEATHER SERVICE ST LOUIS MO
525 PM CDT SAT SEP 20 2014


...................................

...THE COLUMBIA ASOS CLIMATE SUMMARY FOR SEPTEMBER 20 2014...
VALID TODAY AS OF 0500 PM LOCAL TIME.

CLIMATE NORMAL PERIOD 1981 TO 2010
CLIMATE RECORD PERIOD 1890 TO 2014


WEATHER ITEM   OBSERVED TIME   RECORD YEAR NORMAL DEPARTURE LAST
                VALUE   (LST)  VALUE       VALUE  FROM      YEAR
                                                  NORMAL
..................................................................
TEMPERATURE (F)
 TODAY
  MAXIMUM         85    115 PM  98    1893  77      8       72
  MINIMUM         61    228 AM  36    1991  54      7       55
                                      1918
  AVERAGE         73                        66      7       64

PRECIPITATION (IN)
  TODAY            0.00          1.72 1944   0.12  -0.12     0.26
  MONTH TO DATE    6.15                      2.55   3.60     2.21
  SINCE SEP 1      6.15                      2.55   3.60     2.21
  SINCE JAN 1     30.44                     32.30  -1.86    35.30

SNOWFALL (IN)
  TODAY            0.0           0.0  2013   0.0    0.0      0.0
  MONTH TO DATE    0.0                       0.0    0.0      0.0
  SINCE SEP 1      0.0                       0.0    0.0      0.0
  SINCE JUL 1      0.0                       0.0    0.0      0.0
  SNOW DEPTH       0

DEGREE DAYS
 HEATING
  TODAY            0                         3     -3        1
  MONTH TO DATE   40                        22     18        5
  SINCE SEP 1     40                        22     18        5
  SINCE JUL 1     40                        24     16        5

 COOLING
  TODAY            8                         4      4        0
  MONTH TO DATE   97                       119    -22      185
  SINCE SEP 1     97                       119    -22      185
  SINCE JAN 1   1207                      1202      5     1252
..................................................................


WIND (MPH)
  HIGHEST WIND SPEED    21   HIGHEST WIND DIRECTION    SW (210)
  HIGHEST GUST SPEED    27   HIGHEST GUST DIRECTION     S (200)
  AVERAGE WIND SPEED     9.9


SKY COVER
  AVERAGE SKY COVER 0.1



RELATIVE HUMIDITY (PERCENT)
 HIGHEST   100           200 AM
 LOWEST     59           100 PM
 AVERAGE    80

..........................................................


THE COLUMBIA ASOS CLIMATE NORMALS FOR TOMORROW
                         NORMAL    RECORD    YEAR
 MAXIMUM TEMPERATURE (F)   77       100      1893
 MINIMUM TEMPERATURE (F)   54        35      1983
                                             1897


SUNRISE AND SUNSET
SEPTEMBER 20 2014.....SUNRISE   655 AM CDT   SUNSET   709 PM CDT
SEPTEMBER 21 2014.....SUNRISE   656 AM CDT   SUNSET   707 PM CDT


-  INDICATES NEGATIVE NUMBERS.
R  INDICATES RECORD WAS SET OR TIED.
MM INDICATES DATA IS MISSING.
T  INDICATES TRACE AMOUNT.




$$
