000
CDUS43 KLSX 270739
CLICOU


CLIMATE REPORT
NATIONAL WEATHER SERVICE ST LOUIS MO
138 AM CST THU NOV 27 2014


...................................

...THE COLUMBIA ASOS CLIMATE SUMMARY FOR NOVEMBER 26 2014...

CLIMATE NORMAL PERIOD 1981 TO 2010
CLIMATE RECORD PERIOD 1890 TO 2014


WEATHER ITEM   OBSERVED TIME   RECORD YEAR NORMAL DEPARTURE LAST
                VALUE   (LST)  VALUE       VALUE  FROM      YEAR
                                                  NORMAL
..................................................................
TEMPERATURE (F)
 YESTERDAY
  MAXIMUM         41    119 PM  77    1965  48     -7       39
  MINIMUM         26    213 AM   6    1898  30     -4       21
  AVERAGE         34                        39     -5       30

PRECIPITATION (IN)
  YESTERDAY        0.12          2.49 1985   0.11   0.01     0.00
  MONTH TO DATE    1.32                      2.82  -1.50     1.47
  SINCE SEP 1     17.65                     10.00   7.65     6.72
  SINCE JAN 1     41.94                     39.75   2.19    39.81

SNOWFALL (IN)
  YESTERDAY        0.3           7.6  1975   0.1    0.2      0.0
  MONTH TO DATE    0.8                       0.7    0.1      0.0
  SINCE SEP 1      0.8                       0.7    0.1      0.0
  SINCE JUL 1      0.8                       0.7    0.1      0.0
  SNOW DEPTH       0

DEGREE DAYS
 HEATING
  YESTERDAY       31                        26      5       35
  MONTH TO DATE  700                       512    188      559
  SINCE SEP 1    994                       875    119      883
  SINCE JUL 1    994                       877    117      883

 COOLING
  YESTERDAY        0                         0      0        0
  MONTH TO DATE    0                         0      0        0
  SINCE SEP 1    156                       164     -8      255
  SINCE JAN 1   1266                      1247     19     1322
..................................................................


WIND (MPH)
  HIGHEST WIND SPEED    25   HIGHEST WIND DIRECTION    NW (310)
  HIGHEST GUST SPEED    32   HIGHEST GUST DIRECTION    NW (300)
  AVERAGE WIND SPEED    10.9


SKY COVER
  AVERAGE SKY COVER 0.9


WEATHER CONDITIONS
 THE FOLLOWING WEATHER WAS RECORDED YESTERDAY.
  LIGHT RAIN
  LIGHT SNOW
  FOG


RELATIVE HUMIDITY (PERCENT)
 HIGHEST    92
 LOWEST     63
 AVERAGE    78

..........................................................


THE COLUMBIA ASOS CLIMATE NORMALS FOR TODAY
                         NORMAL    RECORD    YEAR
 MAXIMUM TEMPERATURE (F)   48        74      1960
 MINIMUM TEMPERATURE (F)   30        11      1955


SUNRISE AND SUNSET
NOVEMBER 27 2014......SUNRISE   704 AM CST   SUNSET   449 PM CST
NOVEMBER 28 2014......SUNRISE   705 AM CST   SUNSET   448 PM CST


-  INDICATES NEGATIVE NUMBERS.
R  INDICATES RECORD WAS SET OR TIED.
MM INDICATES DATA IS MISSING.
T  INDICATES TRACE AMOUNT.




$$
