000
CDUS45 KRIW 230741
CLICPR


CLIMATE REPORT
NATIONAL WEATHER SERVICE RIVERTON WY
137 AM MDT WED AUG 23 2017


...................................

...THE CASPER WY CLIMATE SUMMARY FOR AUGUST 22 2017...

CLIMATE NORMAL PERIOD 1981 TO 2010
CLIMATE RECORD PERIOD 1939 TO 2017


WEATHER ITEM   OBSERVED TIME   RECORD YEAR NORMAL DEPARTURE LAST
                VALUE   (LST)  VALUE       VALUE  FROM      YEAR
                                                  NORMAL
..................................................................
TEMPERATURE (F)
 YESTERDAY
  MAXIMUM         87    425 PM  97    2010  85      2       92
                                      2009
  MINIMUM         44    528 AM  36    1966  50     -6       52
  AVERAGE         66                        68     -2       72

PRECIPITATION (IN)
  YESTERDAY        0.00          0.38 1992   0.02  -0.02     0.00
  MONTH TO DATE    0.90                      0.64   0.26     0.52
  SINCE JUN 1      2.28                      3.66  -1.38     1.93
  SINCE JAN 1      9.88                      8.87   1.01    11.39

SNOWFALL (IN)
  YESTERDAY        0.0                       0.0    0.0      0.0
  MONTH TO DATE    0.0                       0.0    0.0      0.0
  SINCE JUN 1      0.0                       0.1   -0.1      0.0
  SINCE JUL 1      0.0                       0.0    0.0      0.0
  SNOW DEPTH       0

DEGREE DAYS
 HEATING
  YESTERDAY        0                         1     -1        0
  MONTH TO DATE   20                        13      7       30
  SINCE JUN 1    112                       165    -53       72
  SINCE JUL 1     21                        29     -8       35

 COOLING
  YESTERDAY        1                         4     -3        7
  MONTH TO DATE   47                       124    -77      103
  SINCE JUN 1    342                       365    -23      412
  SINCE JAN 1    342                       369    -27      412
..................................................................


WIND (MPH)
  HIGHEST WIND SPEED    14   HIGHEST WIND DIRECTION    SW (240)
  HIGHEST GUST SPEED    17   HIGHEST GUST DIRECTION    SW (240)
  AVERAGE WIND SPEED     4.6


SKY COVER
  POSSIBLE SUNSHINE  MM
  AVERAGE SKY COVER 0.0


WEATHER CONDITIONS
 THE FOLLOWING WEATHER WAS RECORDED YESTERDAY.
  NO SIGNIFICANT WEATHER WAS OBSERVED.


RELATIVE HUMIDITY (PERCENT)
 HIGHEST    76           500 AM
 LOWEST     15           500 PM
 AVERAGE    46

..........................................................


THE CASPER WY CLIMATE NORMALS FOR TODAY
                         NORMAL    RECORD    YEAR
 MAXIMUM TEMPERATURE (F)   85        97      2006
 MINIMUM TEMPERATURE (F)   50        29      2015


SUNRISE AND SUNSET
AUGUST 23 2017........SUNRISE   621 AM MDT   SUNSET   755 PM MDT
AUGUST 24 2017........SUNRISE   622 AM MDT   SUNSET   753 PM MDT


-  INDICATES NEGATIVE NUMBERS.
R  INDICATES RECORD WAS SET OR TIED.
MM INDICATES DATA IS MISSING.
T  INDICATES TRACE AMOUNT.




$$
