000
CDUS45 KRIW 030738
CLICPR


CLIMATE REPORT
NATIONAL WEATHER SERVICE RIVERTON WY
1238 AM MST TUE MAR 3 2015


...................................

...THE CASPER WY CLIMATE SUMMARY FOR MARCH 2 2015...

CLIMATE NORMAL PERIOD 1981 TO 2010
CLIMATE RECORD PERIOD 1939 TO 2015


WEATHER ITEM   OBSERVED TIME   RECORD YEAR NORMAL DEPARTURE LAST
                VALUE   (LST)  VALUE       VALUE  FROM      YEAR
                                                  NORMAL
..................................................................
TEMPERATURE (F)
 YESTERDAY
  MAXIMUM         41   1200 PM  64    2009  43     -2       31
  MINIMUM         16    218 AM -16    1960  19     -3       -3
                                      1943
  AVERAGE         29                        31     -2       14

PRECIPITATION (IN)
  YESTERDAY        0.48R         0.29 1966   0.02   0.46      T
  MONTH TO DATE    0.48                      0.04   0.44     0.20
  SINCE MAR 1      0.48                      0.04   0.44     0.20
  SINCE JAN 1      1.79                      1.12   0.67     1.68

SNOWFALL (IN)
  YESTERDAY        5.1                       0.3    4.8       T
  MONTH TO DATE    5.1                       0.6    4.5      3.0
  SINCE MAR 1      5.1                       0.6    4.5      3.0
  SINCE JUL 1     56.5                      50.0    6.5     69.2
  SNOW DEPTH       0

DEGREE DAYS
 HEATING
  YESTERDAY       36                        34      2       51
  MONTH TO DATE   83                        68     15      115
  SINCE MAR 1     83                        68     15      115
  SINCE JUL 1   5134                      5516   -382     5879

 COOLING
  YESTERDAY        0                         0      0        0
  MONTH TO DATE    0                         0      0        0
  SINCE MAR 1      0                         0      0        0
  SINCE JAN 1      0                         0      0        0
..................................................................


WIND (MPH)
  HIGHEST WIND SPEED    23   HIGHEST WIND DIRECTION    NE (40)
  HIGHEST GUST SPEED    31   HIGHEST GUST DIRECTION    NE (40)
  AVERAGE WIND SPEED     7.7


SKY COVER
  POSSIBLE SUNSHINE  MM
  AVERAGE SKY COVER 0.6


WEATHER CONDITIONS
 THE FOLLOWING WEATHER WAS RECORDED YESTERDAY.
  LIGHT RAIN
  HEAVY SNOW
  SNOW
  LIGHT SNOW
  FOG
  FOG W/VISIBILITY <= 1/4 MILE


RELATIVE HUMIDITY (PERCENT)
 HIGHEST   100           600 PM
 LOWEST     59          1100 AM
 AVERAGE    80

..........................................................


THE CASPER WY CLIMATE NORMALS FOR TODAY
                         NORMAL    RECORD    YEAR
 MAXIMUM TEMPERATURE (F)   43        65      1992
 MINIMUM TEMPERATURE (F)   19       -19      1960


SUNRISE AND SUNSET
MARCH  3 2015.........SUNRISE   639 AM MST   SUNSET   558 PM MST
MARCH  4 2015.........SUNRISE   637 AM MST   SUNSET   559 PM MST


-  INDICATES NEGATIVE NUMBERS.
R  INDICATES RECORD WAS SET OR TIED.
MM INDICATES DATA IS MISSING.
T  INDICATES TRACE AMOUNT.




$$
