000
CDUS45 KRIW 290743
CLICPR


CLIMATE REPORT
NATIONAL WEATHER SERVICE RIVERTON WY
143 AM MDT WED JUL 29 2015


...................................

...THE CASPER WY CLIMATE SUMMARY FOR JULY 28 2015...

CLIMATE NORMAL PERIOD 1981 TO 2010
CLIMATE RECORD PERIOD 1939 TO 2015


WEATHER ITEM   OBSERVED TIME   RECORD YEAR NORMAL DEPARTURE LAST
                VALUE   (LST)  VALUE       VALUE  FROM      YEAR
                                                  NORMAL
..................................................................
TEMPERATURE (F)
 YESTERDAY
  MAXIMUM         77    352 PM 100    2006  89    -12       92
  MINIMUM         44    448 AM  43    1971  54    -10       49
  AVERAGE         61                        72    -11       71

PRECIPITATION (IN)
  YESTERDAY        0.00          1.06 1987   0.05  -0.05     0.00
  MONTH TO DATE    0.57                      1.28  -0.71     1.11
  SINCE JUN 1      2.07                      2.89  -0.82     2.46
  SINCE JAN 1      9.57                      8.10   1.47     7.22

SNOWFALL (IN)
  YESTERDAY        0.0                       0.0    0.0      0.0
  MONTH TO DATE    0.0                       0.0    0.0       T
  SINCE JUN 1      0.0                       0.1   -0.1       T
  SINCE JUL 1      0.0                       0.0    0.0       T
  SNOW DEPTH       0

DEGREE DAYS
 HEATING
  YESTERDAY        4                         0      4        0
  MONTH TO DATE   11                        11      0       16
  SINCE JUN 1     37                       147   -110      174
  SINCE JUL 1     11                        11      0       16

 COOLING
  YESTERDAY        0                         7     -7        6
  MONTH TO DATE  126                       169    -43      186
  SINCE JUN 1    202                       222    -20      203
  SINCE JAN 1    202                       226    -24      209
..................................................................


WIND (MPH)
  HIGHEST WIND SPEED    29   HIGHEST WIND DIRECTION     W (270)
  HIGHEST GUST SPEED    43   HIGHEST GUST DIRECTION     W (270)
  AVERAGE WIND SPEED    14.3


SKY COVER
  POSSIBLE SUNSHINE  MM
  AVERAGE SKY COVER 0.0


WEATHER CONDITIONS
 THE FOLLOWING WEATHER WAS RECORDED YESTERDAY.
  NO SIGNIFICANT WEATHER WAS OBSERVED.


RELATIVE HUMIDITY (PERCENT)
 HIGHEST    50          1200 AM
 LOWEST      8           500 PM
 AVERAGE    29

..........................................................


THE CASPER WY CLIMATE NORMALS FOR TODAY
                         NORMAL    RECORD    YEAR
 MAXIMUM TEMPERATURE (F)   89       104      2006
 MINIMUM TEMPERATURE (F)   54        44      1971


SUNRISE AND SUNSET
JULY 29 2015..........SUNRISE   554 AM MDT   SUNSET   830 PM MDT
JULY 30 2015..........SUNRISE   555 AM MDT   SUNSET   829 PM MDT


-  INDICATES NEGATIVE NUMBERS.
R  INDICATES RECORD WAS SET OR TIED.
MM INDICATES DATA IS MISSING.
T  INDICATES TRACE AMOUNT.




$$
