000
CDUS45 KRIW 200739
CLICPR


CLIMATE REPORT
NATIONAL WEATHER SERVICE RIVERTON WY
137 AM MDT SUN APR 20 2014


...................................

...THE CASPER WY CLIMATE SUMMARY FOR APRIL 19 2014...

CLIMATE NORMAL PERIOD 1981 TO 2010
CLIMATE RECORD PERIOD 1939 TO 2014


WEATHER ITEM   OBSERVED TIME   RECORD YEAR NORMAL DEPARTURE LAST
                VALUE   (LST)  VALUE       VALUE  FROM      YEAR
                                                  NORMAL
..................................................................
TEMPERATURE (F)
 YESTERDAY
  MAXIMUM         70    338 PM  81    1962  58     12       50
  MINIMUM         25    532 AM  -4    1966  29     -4       25
  AVERAGE         48                        44      4       38

PRECIPITATION (IN)
  YESTERDAY        0.00          1.18 1974   0.05  -0.05     0.00
  MONTH TO DATE    0.64                      0.74  -0.10     2.28
  SINCE MAR 1      2.28                      1.56   0.72     3.13
  SINCE JAN 1      3.76                      2.64   1.12     3.90

SNOWFALL (IN)
  YESTERDAY        0.0                       0.3   -0.3      0.0
  MONTH TO DATE    5.2                       8.0   -2.8     35.1
  SINCE MAR 1     23.9                      18.9    5.0     45.6
  SINCE JUL 1     90.1                      68.3   21.8     78.3
  SNOW DEPTH       0

DEGREE DAYS
 HEATING
  YESTERDAY       17                        22     -5       27
  MONTH TO DATE  444                       453     -9      597
  SINCE MAR 1   1356                      1378    -22     1558
  SINCE JUL 1   7120                      6826    294     6608

 COOLING
  YESTERDAY        0                         0      0        0
  MONTH TO DATE    0                         0      0        0
  SINCE MAR 1      0                         0      0        0
  SINCE JAN 1      0                         0      0        0
..................................................................


WIND (MPH)
  HIGHEST WIND SPEED    22   HIGHEST WIND DIRECTION     W (270)
  HIGHEST GUST SPEED    28   HIGHEST GUST DIRECTION    SW (240)
  AVERAGE WIND SPEED     6.5


SKY COVER
  POSSIBLE SUNSHINE  MM
  AVERAGE SKY COVER 0.0


WEATHER CONDITIONS
 THE FOLLOWING WEATHER WAS RECORDED YESTERDAY.
  NO SIGNIFICANT WEATHER WAS OBSERVED.


RELATIVE HUMIDITY (PERCENT)
 HIGHEST    92           400 AM
 LOWEST     15           400 PM
 AVERAGE    54

..........................................................


THE CASPER WY CLIMATE NORMALS FOR TODAY
                         NORMAL    RECORD    YEAR
 MAXIMUM TEMPERATURE (F)   58        81      1989
                                             1980
                                             1962
 MINIMUM TEMPERATURE (F)   30        -2      1966


SUNRISE AND SUNSET
APRIL 20 2014.........SUNRISE   616 AM MDT   SUNSET   754 PM MDT
APRIL 21 2014.........SUNRISE   615 AM MDT   SUNSET   755 PM MDT


-  INDICATES NEGATIVE NUMBERS.
R  INDICATES RECORD WAS SET OR TIED.
MM INDICATES DATA IS MISSING.
T  INDICATES TRACE AMOUNT.




$$
