000
CDUS45 KRIW 200740
CLICPR


CLIMATE REPORT
NATIONAL WEATHER SERVICE RIVERTON WY
136 AM MDT WED AUG 20 2014


...................................

...THE CASPER WY CLIMATE SUMMARY FOR AUGUST 19 2014...

CLIMATE NORMAL PERIOD 1981 TO 2010
CLIMATE RECORD PERIOD 1939 TO 2014


WEATHER ITEM   OBSERVED TIME   RECORD YEAR NORMAL DEPARTURE LAST
                VALUE   (LST)  VALUE       VALUE  FROM      YEAR
                                                  NORMAL
..................................................................
TEMPERATURE (F)
 YESTERDAY
  MAXIMUM         89    230 PM  96    2013  86      3       96
  MINIMUM         47    514 AM  37    2002  51     -4       54
  AVERAGE         68                        69     -1       75

PRECIPITATION (IN)
  YESTERDAY        0.00          1.35 1979   0.03  -0.03     0.00
  MONTH TO DATE    0.55                      0.58  -0.03     0.67
  SINCE JUN 1      3.07                      3.60  -0.53     3.20
  SINCE JAN 1      7.83                      8.81  -0.98     9.17

SNOWFALL (IN)
  YESTERDAY        0.0                       0.0    0.0      0.0
  MONTH TO DATE    0.0                       0.0    0.0      0.0
  SINCE JUN 1      T                         0.1   -0.1      0.0
  SINCE JUL 1      T                         0.0    0.0      0.0
  SNOW DEPTH       0

DEGREE DAYS
 HEATING
  YESTERDAY        0                         1     -1        0
  MONTH TO DATE    0                        10    -10        0
  SINCE JUN 1    174                       162     12       72
  SINCE JUL 1     16                        26    -10        0

 COOLING
  YESTERDAY        3                         5     -2       10
  MONTH TO DATE   99                       112    -13      105
  SINCE JUN 1    304                       353    -49      418
  SINCE JAN 1    310                       357    -47      428
..................................................................


WIND (MPH)
  HIGHEST WIND SPEED    25   HIGHEST WIND DIRECTION    SW (210)
  HIGHEST GUST SPEED    32   HIGHEST GUST DIRECTION    SW (210)
  AVERAGE WIND SPEED    11.5


SKY COVER
  POSSIBLE SUNSHINE  MM
  AVERAGE SKY COVER 0.2


WEATHER CONDITIONS
 THE FOLLOWING WEATHER WAS RECORDED YESTERDAY.
  NO SIGNIFICANT WEATHER WAS OBSERVED.


RELATIVE HUMIDITY (PERCENT)
 HIGHEST    71           500 AM
 LOWEST     14           300 PM
 AVERAGE    43

..........................................................


THE CASPER WY CLIMATE NORMALS FOR TODAY
                         NORMAL    RECORD    YEAR
 MAXIMUM TEMPERATURE (F)   86        97      1973
 MINIMUM TEMPERATURE (F)   51        40      1964


SUNRISE AND SUNSET
AUGUST 20 2014........SUNRISE   617 AM MDT   SUNSET   800 PM MDT
AUGUST 21 2014........SUNRISE   619 AM MDT   SUNSET   759 PM MDT


-  INDICATES NEGATIVE NUMBERS.
R  INDICATES RECORD WAS SET OR TIED.
MM INDICATES DATA IS MISSING.
T  INDICATES TRACE AMOUNT.




$$
