000
CDUS46 KLOX 240904
CLICQT


CLIMATE REPORT
NATIONAL WEATHER SERVICE LOS ANGELES/OXNARD CA
204 AM PDT THU APR 24 2014


...................................

...THE DOWNTOWN LOS ANGELES (USC) CA CLIMATE SUMMARY FOR APRIL 23 2014...

CLIMATE NORMAL PERIOD 1981 TO 2010
CLIMATE RECORD PERIOD 1877 TO 2014


WEATHER ITEM   OBSERVED TIME   RECORD YEAR NORMAL DEPARTURE LAST
                VALUE   (LST)  VALUE       VALUE  FROM      YEAR
                                                  NORMAL
..................................................................
TEMPERATURE (F)
 YESTERDAY
  MAXIMUM         71    307 PM 100    1910  74     -3       73
  MINIMUM         56    536 AM  42    1896  55      1       58
  AVERAGE         64                        64      0       66

PRECIPITATION (IN)
  YESTERDAY        0.00          0.98 1988   0.02  -0.02     0.00
  MONTH TO DATE    0.29                      0.75  -0.46      T
  SINCE JUL 1      6.02                     14.42  -8.40     5.14
  SINCE JAN 1      5.05                     10.10  -5.05     1.92

SNOWFALL (IN)
  YESTERDAY        0.0
  MONTH TO DATE    0.0
  SINCE MAR 1      0.0
  SINCE JUL 1      0.0

DEGREE DAYS
 HEATING
  YESTERDAY        1                         3     -2        0
  MONTH TO DATE   42                        81    -39       36
  SINCE MAR 1    105                       238   -133      131
  SINCE JUL 1    582                      1013   -431      906

 COOLING
  YESTERDAY        0                         2     -2        1
  MONTH TO DATE   30                        29      1       17
  SINCE MAR 1     59                        49     10       30
  SINCE JAN 1     82                        72     10       38
..................................................................


WIND (MPH)
  HIGHEST WIND SPEED    10   HIGHEST WIND DIRECTION     W (280)
  HIGHEST GUST SPEED    16   HIGHEST GUST DIRECTION     W (280)
  AVERAGE WIND SPEED     2.5


SKY COVER
  POSSIBLE SUNSHINE  MM
  AVERAGE SKY COVER 0.1


WEATHER CONDITIONS
 THE FOLLOWING WEATHER WAS RECORDED YESTERDAY.
  NO SIGNIFICANT WEATHER WAS OBSERVED.


RELATIVE HUMIDITY (PERCENT)
 HIGHEST    77           200 AM
 LOWEST     28           400 PM
 AVERAGE    53

..........................................................


THE DOWNTOWN LOS ANGELES (USC) CA CLIMATE NORMALS FOR TODAY
                         NORMAL    RECORD    YEAR
 MAXIMUM TEMPERATURE (F)   74        93      2001
                                             1898
 MINIMUM TEMPERATURE (F)   55        44      1900


SUNRISE AND SUNSET
APRIL 24 2014.........SUNRISE   611 AM PDT   SUNSET   732 PM PDT
APRIL 25 2014.........SUNRISE   610 AM PDT   SUNSET   732 PM PDT


-  INDICATES NEGATIVE NUMBERS.
R  INDICATES RECORD WAS SET OR TIED.
MM INDICATES DATA IS MISSING.
T  INDICATES TRACE AMOUNT.




$$
