179
CDUS46 KLOX 250856
CLICQT


CLIMATE REPORT
NATIONAL WEATHER SERVICE LOS ANGELES/OXNARD CA
1256 AM PST SUN FEB 25 2018


...................................

...THE DOWNTOWN LOS ANGELES (USC) CA CLIMATE SUMMARY FOR FEBRUARY 24 2018...

CLIMATE NORMAL PERIOD 1981 TO 2010
CLIMATE RECORD PERIOD 1877 TO 2018


WEATHER ITEM   OBSERVED TIME   RECORD YEAR NORMAL DEPARTURE LAST
                VALUE   (LST)  VALUE       VALUE  FROM      YEAR
                                                  NORMAL
..................................................................
TEMPERATURE (F)
 YESTERDAY
  MAXIMUM         62    150 PM  94    1986  69     -7       64
  MINIMUM         40    642 AM  35    1890  50    -10       44
  AVERAGE         51                        60     -9       54

PRECIPITATION (IN)
  YESTERDAY        0.00          4.80 1913   0.13  -0.13     0.00
  MONTH TO DATE    0.01                      3.28  -3.27     4.11
  SINCE OCT 1      1.90                     10.43  -8.53    18.44
  SINCE JAN 1      1.78                      6.40  -4.62    12.49

SNOWFALL (IN)
  YESTERDAY        0.0
  MONTH TO DATE    0.0
  SINCE DEC 1      0.0
  SINCE JUL 1      0.0

DEGREE DAYS
 HEATING
  YESTERDAY       14                         6      8       11
  MONTH TO DATE  116                       162    -46      107
  SINCE DEC 1    347                       622   -275      544
  SINCE JUL 1    365                       753   -388      615

 COOLING
  YESTERDAY        0                         1     -1        0
  MONTH TO DATE   13                        11      2        5
  SINCE DEC 1     48                        24     24       14
  SINCE JAN 1     36                        20     16        8
..................................................................


WIND (MPH)
  HIGHEST WIND SPEED    10   HIGHEST WIND DIRECTION     W (270)
  HIGHEST GUST SPEED    19   HIGHEST GUST DIRECTION     W (270)
  AVERAGE WIND SPEED     1.5


SKY COVER
  POSSIBLE SUNSHINE  MM
  AVERAGE SKY COVER 0.0


WEATHER CONDITIONS
 THE FOLLOWING WEATHER WAS RECORDED YESTERDAY.
  NO SIGNIFICANT WEATHER WAS OBSERVED.


RELATIVE HUMIDITY (PERCENT)
 HIGHEST    61           900 PM
 LOWEST     15          1200 PM
 AVERAGE    38

..........................................................


THE DOWNTOWN LOS ANGELES (USC) CA CLIMATE NORMALS FOR TODAY
                         NORMAL    RECORD    YEAR
 MAXIMUM TEMPERATURE (F)   69        92      1921
 MINIMUM TEMPERATURE (F)   50        40      1962
                                             1887
                                             1882


SUNRISE AND SUNSET
FEBRUARY 25 2018......SUNRISE   627 AM PST   SUNSET   546 PM PST
FEBRUARY 26 2018......SUNRISE   625 AM PST   SUNSET   547 PM PST


-  INDICATES NEGATIVE NUMBERS.
R  INDICATES RECORD WAS SET OR TIED.
MM INDICATES DATA IS MISSING.
T  INDICATES TRACE AMOUNT.




$$
