000
CDUS46 KLOX 290915
CLICQT


CLIMATE REPORT
NATIONAL WEATHER SERVICE LOS ANGELES/OXNARD CA
215 AM PDT FRI AUG 29 2014


...................................

...THE DOWNTOWN LOS ANGELES (USC) CA CLIMATE SUMMARY FOR AUGUST 28 2014...

CLIMATE NORMAL PERIOD 1981 TO 2010
CLIMATE RECORD PERIOD 1877 TO 2014


WEATHER ITEM   OBSERVED TIME   RECORD YEAR NORMAL DEPARTURE LAST
                VALUE   (LST)  VALUE       VALUE  FROM      YEAR
                                                  NORMAL
..................................................................
TEMPERATURE (F)
 YESTERDAY
  MAXIMUM         91   1107 AM  99    1995  85      6       89
  MINIMUM         68    533 AM  52    1902  64      4       65
  AVERAGE         80                        74      6       77

PRECIPITATION (IN)
  YESTERDAY        0.00          0.10 1951   0.01  -0.01     0.00
  MONTH TO DATE    0.04                      0.04   0.00     0.00
  SINCE JUL 1      0.04                      0.05  -0.01     0.09
  SINCE JAN 1      5.15                     10.66  -5.51     2.72

SNOWFALL (IN)
  YESTERDAY        0.0
  MONTH TO DATE    0.0
  SINCE JUN 1      0.0
  SINCE JUL 1      0.0

DEGREE DAYS
 HEATING
  YESTERDAY        0                         0      0        0
  MONTH TO DATE    0                         0      0        0
  SINCE JUN 1      0                         8     -8        0
  SINCE JUL 1      0                         0      0        0

 COOLING
  YESTERDAY       15                         9      6       12
  MONTH TO DATE  291                       252     39      188
  SINCE JUN 1    745                       645    100      594
  SINCE JAN 1   1039                       799    240      752
..................................................................


WIND (MPH)
  HIGHEST WIND SPEED     9   HIGHEST WIND DIRECTION     W (270)
  HIGHEST GUST SPEED    14   HIGHEST GUST DIRECTION     W (280)
  AVERAGE WIND SPEED     1.5


SKY COVER
  POSSIBLE SUNSHINE  MM
  AVERAGE SKY COVER 0.0


WEATHER CONDITIONS
 THE FOLLOWING WEATHER WAS RECORDED YESTERDAY.
  NO SIGNIFICANT WEATHER WAS OBSERVED.


RELATIVE HUMIDITY (PERCENT)
 HIGHEST    61           200 AM
 LOWEST     23           400 PM
 AVERAGE    42

..........................................................


THE DOWNTOWN LOS ANGELES (USC) CA CLIMATE NORMALS FOR TODAY
                         NORMAL    RECORD    YEAR
 MAXIMUM TEMPERATURE (F)   85       102      1884
 MINIMUM TEMPERATURE (F)   64        51      1901


SUNRISE AND SUNSET
AUGUST 29 2014........SUNRISE   625 AM PDT   SUNSET   723 PM PDT
AUGUST 30 2014........SUNRISE   625 AM PDT   SUNSET   721 PM PDT


-  INDICATES NEGATIVE NUMBERS.
R  INDICATES RECORD WAS SET OR TIED.
MM INDICATES DATA IS MISSING.
T  INDICATES TRACE AMOUNT.




$$
