039
CDUS46 KLOX 270114
CLICQT


CLIMATE REPORT
NATIONAL WEATHER SERVICE LOS ANGELES/OXNARD CA
614 PM PDT WED APR 26 2017


...................................

...THE DOWNTOWN LOS ANGELES (USC) CA CLIMATE SUMMARY FOR APRIL 26 2017...
VALID TODAY AS OF 0600 PM LOCAL TIME.

CLIMATE NORMAL PERIOD 1981 TO 2010
CLIMATE RECORD PERIOD 1877 TO 2017


WEATHER ITEM   OBSERVED TIME   RECORD YEAR NORMAL DEPARTURE LAST
                VALUE   (LST)  VALUE       VALUE  FROM      YEAR
                                                  NORMAL
..................................................................
TEMPERATURE (F)
 TODAY
  MAXIMUM         78   1222 PM  99    2004  74      4       70
  MINIMUM         61    549 AM  42    1894  55      6       53
                                      1883
  AVERAGE         70                        64      6       62

PRECIPITATION (IN)
  TODAY            0.00          1.62 1931   0.02  -0.02     0.00
  MONTH TO DATE    0.08                      0.82  -0.74     0.24
  SINCE OCT 1     18.67                     14.20   4.47     6.83
  SINCE JAN 1     12.72                     10.17   2.55     5.80

SNOWFALL (IN)
  TODAY            0.0
  MONTH TO DATE    0.0
  SINCE MAR 1      0.0
  SINCE JUL 1      0.0

DEGREE DAYS
 HEATING
  TODAY            0                         3     -3        3
  MONTH TO DATE   12                        90    -78       18
  SINCE MAR 1     54                       247   -193       90
  SINCE JUL 1    706                      1022   -316      730

 COOLING
  TODAY            5                         2      3        0
  MONTH TO DATE   71                        35     36       81
  SINCE MAR 1    136                        55     81      104
  SINCE JAN 1    144                        78     66      179
..................................................................


WIND (MPH)
  HIGHEST WIND SPEED     8   HIGHEST WIND DIRECTION     W (270)
  HIGHEST GUST SPEED    14   HIGHEST GUST DIRECTION     W (260)
  AVERAGE WIND SPEED     2.4


SKY COVER
  POSSIBLE SUNSHINE  MM
  AVERAGE SKY COVER 0.0


WEATHER CONDITIONS
 THE FOLLOWING WEATHER WAS RECORDED TODAY.
  NO SIGNIFICANT WEATHER WAS OBSERVED.


RELATIVE HUMIDITY (PERCENT)
 HIGHEST    78           400 AM
 LOWEST     36          1200 PM
 AVERAGE    57

..........................................................


THE DOWNTOWN LOS ANGELES (USC) CA CLIMATE NORMALS FOR TOMORROW
                         NORMAL    RECORD    YEAR
 MAXIMUM TEMPERATURE (F)   74       102      2004
 MINIMUM TEMPERATURE (F)   55        41      1900


SUNRISE AND SUNSET
APRIL 26 2017.........SUNRISE   609 AM PDT   SUNSET   733 PM PDT
APRIL 27 2017.........SUNRISE   608 AM PDT   SUNSET   734 PM PDT


-  INDICATES NEGATIVE NUMBERS.
R  INDICATES RECORD WAS SET OR TIED.
MM INDICATES DATA IS MISSING.
T  INDICATES TRACE AMOUNT.




$$
