000
CDUS46 KLOX 300904
CLICQT


CLIMATE REPORT
NATIONAL WEATHER SERVICE LOS ANGELES/OXNARD CA
204 AM PDT TUE JUN 30 2015


...................................

...THE DOWNTOWN LOS ANGELES (USC) CA CLIMATE SUMMARY FOR JUNE 29 2015...

CLIMATE NORMAL PERIOD 1981 TO 2010
CLIMATE RECORD PERIOD 1877 TO 2015


WEATHER ITEM   OBSERVED TIME   RECORD YEAR NORMAL DEPARTURE LAST
                VALUE   (LST)  VALUE       VALUE  FROM      YEAR
                                                  NORMAL
..................................................................
TEMPERATURE (F)
 YESTERDAY
  MAXIMUM         91   1142 AM  98    1996  81     10       79
  MINIMUM         68   1159 PM  50    1893  62      6       64
  AVERAGE         80                        72      8       72

PRECIPITATION (IN)
  YESTERDAY        0.00          T    1955   0.00   0.00     0.00
                                      1946
  MONTH TO DATE    0.01                      0.09  -0.08     0.00
  SINCE OCT 1      8.47                     14.64  -6.17     5.99
  SINCE JAN 1      3.86                     10.61  -6.75     5.11

SNOWFALL (IN)
  YESTERDAY        0.0
  MONTH TO DATE    0.0
  SINCE JUN 1      0.0
  SINCE JUL 1      0.0

DEGREE DAYS
 HEATING
  YESTERDAY        0                         0      0        0
  MONTH TO DATE    0                         6     -6        0
  SINCE JUN 1      0                         6     -6        0
  SINCE JUL 1    470                      1082   -612      601

 COOLING
  YESTERDAY       15                         7      8        7
  MONTH TO DATE  162                       129     33      122
  SINCE JUN 1    162                       129     33      122
  SINCE JAN 1    450                       283    167      416
..................................................................


WIND (MPH)
  HIGHEST WIND SPEED     8   HIGHEST WIND DIRECTION     W (260)
  HIGHEST GUST SPEED    12   HIGHEST GUST DIRECTION     W (270)
  AVERAGE WIND SPEED     1.3


SKY COVER
  POSSIBLE SUNSHINE  MM
  AVERAGE SKY COVER 0.0


WEATHER CONDITIONS
 THE FOLLOWING WEATHER WAS RECORDED YESTERDAY.
  HAZE


RELATIVE HUMIDITY (PERCENT)
 HIGHEST    73           300 AM
 LOWEST     41          1200 PM
 AVERAGE    57

..........................................................


THE DOWNTOWN LOS ANGELES (USC) CA CLIMATE NORMALS FOR TODAY
                         NORMAL    RECORD    YEAR
 MAXIMUM TEMPERATURE (F)   81       100      1985
 MINIMUM TEMPERATURE (F)   62        49      1894


SUNRISE AND SUNSET
JUNE 30 2015..........SUNRISE   545 AM PDT   SUNSET   808 PM PDT
JULY  1 2015..........SUNRISE   545 AM PDT   SUNSET   808 PM PDT


-  INDICATES NEGATIVE NUMBERS.
R  INDICATES RECORD WAS SET OR TIED.
MM INDICATES DATA IS MISSING.
T  INDICATES TRACE AMOUNT.




$$
