000
CDUS46 KLOX 291007
CLICQT


CLIMATE REPORT
NATIONAL WEATHER SERVICE LOS ANGELES/OXNARD CA
306 AM PDT SUN MAR 29 2015


...................................

...THE DOWNTOWN LOS ANGELES (USC) CA CLIMATE SUMMARY FOR MARCH 28 2015...

CLIMATE NORMAL PERIOD 1981 TO 2010
CLIMATE RECORD PERIOD 1877 TO 2015


WEATHER ITEM   OBSERVED TIME   RECORD YEAR NORMAL DEPARTURE LAST
                VALUE   (LST)  VALUE       VALUE  FROM      YEAR
                                                  NORMAL
..................................................................
TEMPERATURE (F)
 YESTERDAY
  MAXIMUM         81    158 PM  90    1879  71     10       71
  MINIMUM         61   1159 PM  37    1892  52      9       56
  AVERAGE         71                        61     10       64

PRECIPITATION (IN)
  YESTERDAY        0.00          1.62 2006   0.06  -0.06     0.00
  MONTH TO DATE    0.87                      2.28  -1.41     1.18
  SINCE OCT 1      7.40                     13.23  -5.83     5.64
  SINCE JAN 1      2.79                      9.20  -6.41     4.76

SNOWFALL (IN)
  YESTERDAY        0.0
  MONTH TO DATE    0.0
  SINCE MAR 1      0.0
  SINCE JUL 1      0.0

DEGREE DAYS
 HEATING
  YESTERDAY        0                         5     -5        1
  MONTH TO DATE   29                       144   -115       58
  SINCE MAR 1     29                       144   -115       58
  SINCE JUL 1    392                       919   -527      535

 COOLING
  YESTERDAY        6                         1      5        0
  MONTH TO DATE  132                        25    107       29
  SINCE MAR 1    132                        25    107       29
  SINCE JAN 1    189                        48    141       52
..................................................................


WIND (MPH)
  HIGHEST WIND SPEED     8   HIGHEST WIND DIRECTION     W (280)
  HIGHEST GUST SPEED    12   HIGHEST GUST DIRECTION     W (280)
  AVERAGE WIND SPEED     1.2


SKY COVER
  POSSIBLE SUNSHINE  MM
  AVERAGE SKY COVER 0.1


WEATHER CONDITIONS
 THE FOLLOWING WEATHER WAS RECORDED YESTERDAY.
  FOG
  HAZE


RELATIVE HUMIDITY (PERCENT)
 HIGHEST    90           500 AM
 LOWEST     42           200 PM
 AVERAGE    66

..........................................................


THE DOWNTOWN LOS ANGELES (USC) CA CLIMATE NORMALS FOR TODAY
                         NORMAL    RECORD    YEAR
 MAXIMUM TEMPERATURE (F)   71        99      1879
 MINIMUM TEMPERATURE (F)   52        41      1901


SUNRISE AND SUNSET
MARCH 29 2015.........SUNRISE   645 AM PDT   SUNSET   712 PM PDT
MARCH 30 2015.........SUNRISE   643 AM PDT   SUNSET   712 PM PDT


-  INDICATES NEGATIVE NUMBERS.
R  INDICATES RECORD WAS SET OR TIED.
MM INDICATES DATA IS MISSING.
T  INDICATES TRACE AMOUNT.




$$
