000
CDUS46 KLOX 230111
CLICQT


CLIMATE REPORT
NATIONAL WEATHER SERVICE LOS ANGELES/OXNARD CA
511 PM PST MON DEC 22 2014


...................................

...THE DOWNTOWN LOS ANGELES (USC) CA CLIMATE SUMMARY FOR DECEMBER 22 2014...
VALID TODAY AS OF 0500 PM LOCAL TIME.

CLIMATE NORMAL PERIOD 1981 TO 2010
CLIMATE RECORD PERIOD 1877 TO 2014


WEATHER ITEM   OBSERVED TIME   RECORD YEAR NORMAL DEPARTURE LAST
                VALUE   (LST)  VALUE       VALUE  FROM      YEAR
                                                  NORMAL
..................................................................
TEMPERATURE (F)
 TODAY
  MAXIMUM         75   1243 PM  80    1960  67      8       69
  MINIMUM         50    711 AM  33    1990  47      3       45
  AVERAGE         63                        57      6       57

PRECIPITATION (IN)
  TODAY            0.00          2.63 1888   0.09  -0.09     0.00
  MONTH TO DATE    3.69                      1.47   2.22     0.20
  SINCE JUL 1      4.47                      3.46   1.01     0.97
  SINCE JAN 1      9.58                     14.07  -4.49     3.60

SNOWFALL (IN)
  TODAY            0.0
  MONTH TO DATE    0.0
  SINCE DEC 1      0.0
  SINCE JUL 1      0.0

DEGREE DAYS
 HEATING
  TODAY            2                         8     -6        8
  MONTH TO DATE   94                       165    -71      175
  SINCE DEC 1     94                       165    -71      175
  SINCE JUL 1    117                       296   -179      256

 COOLING
  TODAY            0                         0      0        0
  MONTH TO DATE    2                         0      2       14
  SINCE DEC 1      2                         0      2       14
  SINCE JAN 1   1747                      1240    507     1223
..................................................................


WIND (MPH)
  HIGHEST WIND SPEED     6   HIGHEST WIND DIRECTION     W (270)
  HIGHEST GUST SPEED     9   HIGHEST GUST DIRECTION     W (280)
  AVERAGE WIND SPEED     0.3


SKY COVER
  POSSIBLE SUNSHINE  MM
  AVERAGE SKY COVER 0.0


WEATHER CONDITIONS
 THE FOLLOWING WEATHER WAS RECORDED TODAY.
  FOG
  HAZE


RELATIVE HUMIDITY (PERCENT)
 HIGHEST    89           300 AM
 LOWEST     41           100 PM
 AVERAGE    65

..........................................................


THE DOWNTOWN LOS ANGELES (USC) CA CLIMATE NORMALS FOR TOMORROW
                         NORMAL    RECORD    YEAR
 MAXIMUM TEMPERATURE (F)   67        86      1989
 MINIMUM TEMPERATURE (F)   47        33      1905


SUNRISE AND SUNSET
DECEMBER 22 2014......SUNRISE   655 AM PST   SUNSET   448 PM PST
DECEMBER 23 2014......SUNRISE   656 AM PST   SUNSET   449 PM PST


-  INDICATES NEGATIVE NUMBERS.
R  INDICATES RECORD WAS SET OR TIED.
MM INDICATES DATA IS MISSING.
T  INDICATES TRACE AMOUNT.




$$
