000
CDUS42 KILM 062045
CLICRE


CLIMATE REPORT
NATIONAL WEATHER SERVICE WILMINGTON NC
444 PM EDT FRI MAY 6 2016


...................................

...THE NORTH MYRTLE BEACH SC CLIMATE SUMMARY FOR MAY 6 2016...
VALID TODAY AS OF 0400 PM LOCAL TIME.

CLIMATE NORMAL PERIOD 1981 TO 2010
CLIMATE RECORD PERIOD 1949 TO 2016


WEATHER ITEM   OBSERVED TIME   RECORD YEAR NORMAL DEPARTURE LAST
                VALUE   (LST)  VALUE       VALUE  FROM      YEAR
                                                  NORMAL
..................................................................
TEMPERATURE (F)
 TODAY
  MAXIMUM         69    152 PM  93    1952  77     -8       78
  MINIMUM         47    444 AM  44    1954  58    -11       57
  AVERAGE         58                        67     -9       68

PRECIPITATION (IN)
  TODAY            0.00                      0.10  -0.10     0.00
  MONTH TO DATE    2.42                      0.60   1.82      T
  SINCE MAR 1      4.88                      7.48  -2.60     6.07
  SINCE JAN 1     12.95                     14.59  -1.64    13.26

DEGREE DAYS
 HEATING
  TODAY            7                         1      6        0
  MONTH TO DATE    9                        11     -2        8
  SINCE MAR 1    303                       490   -187      363
  SINCE JUL 1   1778                      2434   -656     2450

 COOLING
  TODAY            0                         4     -4        3
  MONTH TO DATE   31                        19     12        3
  SINCE MAR 1    131                        61     70       55
  SINCE JAN 1    131                        61     70       56
..................................................................


WIND (MPH)
  HIGHEST WIND SPEED    15   HIGHEST WIND DIRECTION     W (270)
  HIGHEST GUST SPEED    19   HIGHEST GUST DIRECTION     W (290)
  AVERAGE WIND SPEED     6.4


SKY COVER
  POSSIBLE SUNSHINE  MM
  AVERAGE SKY COVER 0.6


WEATHER CONDITIONS
 THE FOLLOWING WEATHER WAS RECORDED TODAY.
  NO SIGNIFICANT WEATHER WAS OBSERVED.


RELATIVE HUMIDITY (PERCENT)
 HIGHEST    93           200 AM
 LOWEST     49           200 PM
 AVERAGE    71

..........................................................


THE NORTH MYRTLE BEACH SC CLIMATE NORMALS FOR TOMORROW
                         NORMAL    RECORD    YEAR
 MAXIMUM TEMPERATURE (F)   77        86      1950
 MINIMUM TEMPERATURE (F)   58        45      2005


SUNRISE AND SUNSET
MAY  6 2016...........SUNRISE   621 AM EDT   SUNSET   803 PM EDT
MAY  7 2016...........SUNRISE   620 AM EDT   SUNSET   803 PM EDT


-  INDICATES NEGATIVE NUMBERS.
R  INDICATES RECORD WAS SET OR TIED.
MM INDICATES DATA IS MISSING.
T  INDICATES TRACE AMOUNT.




$$
