000
CDUS42 KILM 072045
CLICRE


CLIMATE REPORT
NATIONAL WEATHER SERVICE WILMINGTON NC
445 PM EDT TUE JUL 7 2015


...................................

...THE NORTH MYRTLE BEACH SC CLIMATE SUMMARY FOR JULY 7 2015...
VALID TODAY AS OF 0400 PM LOCAL TIME.

CLIMATE NORMAL PERIOD 1981 TO 2010
CLIMATE RECORD PERIOD 1949 TO 2015


WEATHER ITEM   OBSERVED TIME   RECORD YEAR NORMAL DEPARTURE LAST
                VALUE   (LST)  VALUE       VALUE  FROM      YEAR
                                                  NORMAL
..................................................................
TEMPERATURE (F)
 TODAY
  MAXIMUM         86    259 PM  99    1953  88     -2       85
  MINIMUM         74    529 AM  54    1951  73      1       72
  AVERAGE         80                        80      0       79

PRECIPITATION (IN)
  TODAY            0.00                      0.17  -0.17     0.00
  MONTH TO DATE    1.21                      1.23  -0.02     2.25
  SINCE JUN 1      4.37                      5.87  -1.50     4.88
  SINCE JAN 1     24.43                     23.27   1.16    17.86

DEGREE DAYS
 HEATING
  TODAY            0                         0      0        0
  MONTH TO DATE    0                         0      0        0
  SINCE JUN 1      0                         0      0        0
  SINCE JUL 1      0                         0      0        0

 COOLING
  TODAY           15                        15      0       14
  MONTH TO DATE  108                       105      3       97
  SINCE JUN 1    583                       462    121      502
  SINCE JAN 1    842                       674    168      784
..................................................................


WIND (MPH)
  HIGHEST WIND SPEED    17   HIGHEST WIND DIRECTION     S (190)
  HIGHEST GUST SPEED    21   HIGHEST GUST DIRECTION     S (190)
  AVERAGE WIND SPEED     7.9


SKY COVER
  POSSIBLE SUNSHINE  MM
  AVERAGE SKY COVER 0.0


WEATHER CONDITIONS
 THE FOLLOWING WEATHER WAS RECORDED TODAY.
  NO SIGNIFICANT WEATHER WAS OBSERVED.


RELATIVE HUMIDITY (PERCENT)
 HIGHEST    94           600 AM
 LOWEST     65           300 PM
 AVERAGE    80

..........................................................


THE NORTH MYRTLE BEACH SC CLIMATE NORMALS FOR TOMORROW
                         NORMAL    RECORD    YEAR
 MAXIMUM TEMPERATURE (F)   88        97      2010
                                             1989
 MINIMUM TEMPERATURE (F)   73        58      1951


SUNRISE AND SUNSET
JULY  7 2015..........SUNRISE   610 AM EDT   SUNSET   829 PM EDT
JULY  8 2015..........SUNRISE   611 AM EDT   SUNSET   829 PM EDT


-  INDICATES NEGATIVE NUMBERS.
R  INDICATES RECORD WAS SET OR TIED.
MM INDICATES DATA IS MISSING.
T  INDICATES TRACE AMOUNT.




$$
