000
CDUS42 KILM 142141
CLICRE


CLIMATE REPORT
NATIONAL WEATHER SERVICE WILMINGTON NC
440 PM EST THU DEC 14 2017


...................................

...THE N.MYRTLE BEACH SOUTH CAROLINA CLIMATE SUMMARY FOR DECEMBER 14 2017...
VALID TODAY AS OF 0400 PM LOCAL TIME.

CLIMATE NORMAL PERIOD 1981 TO 2010
CLIMATE RECORD PERIOD 1949 TO 2017


WEATHER ITEM   OBSERVED TIME   RECORD YEAR NORMAL DEPARTURE LAST
                VALUE   (LST)  VALUE       VALUE  FROM      YEAR
                                                  NORMAL
..................................................................
TEMPERATURE (F)
 TODAY
  MAXIMUM         60    155 PM  75    2001  59      1       59
                                      1991
  MINIMUM         43    742 AM  22    2010  39      4       48
  AVERAGE         52                        49      3       54

PRECIPITATION (IN)
  TODAY            0.00          1.40 2003   0.12  -0.12     0.27
  MONTH TO DATE    1.98                      1.68   0.30     1.54
  SINCE DEC 1      1.98                      1.68   0.30     1.54
  SINCE JAN 1     47.66                     50.23  -2.57    55.11

SNOWFALL (IN)
  TODAY           MM
  MONTH TO DATE   MM
  SINCE DEC 1     MM
  SINCE JUL 1     MM
  SNOW DEPTH      MM

DEGREE DAYS
 HEATING
  TODAY           13                        16     -3       11
  MONTH TO DATE  203                       205     -2      188
  SINCE DEC 1    203                       205     -2      188
  SINCE JUL 1    544                       566    -22      491

 COOLING
  TODAY            0                         0      0        0
  MONTH TO DATE    0                         0      0        0
  SINCE DEC 1      0                         0      0        0
  SINCE JAN 1   2197                      1899    298     2370
..................................................................


WIND (MPH)
  HIGHEST WIND SPEED    18   HIGHEST WIND DIRECTION    SW (240)
  HIGHEST GUST SPEED    26   HIGHEST GUST DIRECTION    SW (240)
  AVERAGE WIND SPEED    10.8


SKY COVER
  POSSIBLE SUNSHINE  MM
  AVERAGE SKY COVER 0.0


WEATHER CONDITIONS
 THE FOLLOWING WEATHER WAS RECORDED TODAY.
  NO SIGNIFICANT WEATHER WAS OBSERVED.


RELATIVE HUMIDITY (PERCENT)
 HIGHEST    61           400 PM
 LOWEST     32           200 PM
 AVERAGE    47

..........................................................


THE N.MYRTLE BEACH SOUTH CAROLINA CLIMATE NORMALS FOR TOMORROW
                         NORMAL    RECORD    YEAR
 MAXIMUM TEMPERATURE (F)   58        74      2015
                                             1995
 MINIMUM TEMPERATURE (F)   39        20      2010


SUNRISE AND SUNSET
DECEMBER 14 2017......SUNRISE   712 AM EST   SUNSET   507 PM EST
DECEMBER 15 2017......SUNRISE   713 AM EST   SUNSET   508 PM EST


-  INDICATES NEGATIVE NUMBERS.
R  INDICATES RECORD WAS SET OR TIED.
MM INDICATES DATA IS MISSING.
T  INDICATES TRACE AMOUNT.




$$
