000
CDUS42 KILM 190844
CLICRE


CLIMATE REPORT
NATIONAL WEATHER SERVICE WILMINGTON NC
444 AM EDT SAT AUG 19 2017


...................................

...THE NORTH MYRTLE BEACH SC CLIMATE SUMMARY FOR AUGUST 18 2017...

CLIMATE NORMAL PERIOD 1981 TO 2010
CLIMATE RECORD PERIOD 1949 TO 2017


WEATHER ITEM   OBSERVED TIME   RECORD YEAR NORMAL DEPARTURE LAST
                VALUE   (LST)  VALUE       VALUE  FROM      YEAR
                                                  NORMAL
..................................................................
TEMPERATURE (F)
 YESTERDAY
  MAXIMUM         90   1109 AM  97    1951  86      4       92
  MINIMUM         81    704 AM  67    2008  72      9       73
  AVERAGE         86                        79      7       83

PRECIPITATION (IN)
  YESTERDAY        0.00                      0.27  -0.27     0.89
  MONTH TO DATE    7.61                      3.91   3.70     2.75
  SINCE JUN 1     13.53                     14.45  -0.92     8.65
  SINCE JAN 1     26.74                     31.85  -5.11    24.39

DEGREE DAYS
 HEATING
  YESTERDAY        0                         0      0        0
  MONTH TO DATE    0                         0      0        0
  SINCE JUN 1      3                         0      3        0
  SINCE JUL 1      0                         0      0        0

 COOLING
  YESTERDAY       21                        14      7       18
  MONTH TO DATE  268                       257     11      339
  SINCE JUN 1   1120                      1090     30     1358
  SINCE JAN 1   1483                      1302    181     1654
..................................................................


WIND (MPH)
  HIGHEST WIND SPEED    22   HIGHEST WIND DIRECTION    SW (220)
  HIGHEST GUST SPEED    27   HIGHEST GUST DIRECTION    SW (220)
  AVERAGE WIND SPEED    11.7


SKY COVER
  POSSIBLE SUNSHINE  MM
  AVERAGE SKY COVER 0.1


WEATHER CONDITIONS
 THE FOLLOWING WEATHER WAS RECORDED YESTERDAY.
  NO SIGNIFICANT WEATHER WAS OBSERVED.


RELATIVE HUMIDITY (PERCENT)
 HIGHEST   100           500 AM
 LOWEST     68          1000 AM
 AVERAGE    84

..........................................................


THE NORTH MYRTLE BEACH SC CLIMATE NORMALS FOR TODAY
                         NORMAL    RECORD    YEAR
 MAXIMUM TEMPERATURE (F)   86        94      1955
 MINIMUM TEMPERATURE (F)   72        69      2011
                                             1953


SUNRISE AND SUNSET
AUGUST 19 2017........SUNRISE   640 AM EDT   SUNSET   756 PM EDT
AUGUST 20 2017........SUNRISE   640 AM EDT   SUNSET   755 PM EDT


-  INDICATES NEGATIVE NUMBERS.
R  INDICATES RECORD WAS SET OR TIED.
MM INDICATES DATA IS MISSING.
T  INDICATES TRACE AMOUNT.




$$
