410
CDUS42 KILM 240841
CLICRE


CLIMATE REPORT
NATIONAL WEATHER SERVICE WILMINGTON NC
441 AM EDT FRI MAR 24 2017


...................................

...THE NORTH MYRTLE BEACH SC CLIMATE SUMMARY FOR MARCH 23 2017...

CLIMATE NORMAL PERIOD 1981 TO 2010
CLIMATE RECORD PERIOD 1949 TO 2017


WEATHER ITEM   OBSERVED TIME   RECORD YEAR NORMAL DEPARTURE LAST
                VALUE   (LST)  VALUE       VALUE  FROM      YEAR
                                                  NORMAL
..................................................................
TEMPERATURE (F)
 YESTERDAY
  MAXIMUM         56    120 PM  85    2011  66    -10       72
  MINIMUM         37    623 AM  28    2002  46     -9       55
  AVERAGE         47                        56     -9       64

PRECIPITATION (IN)
  YESTERDAY        0.00                      0.12  -0.12     0.00
  MONTH TO DATE    1.69                      2.87  -1.18     0.65
  SINCE MAR 1      1.69                      2.87  -1.18     0.65
  SINCE JAN 1      5.22                      9.98  -4.76     8.72

SNOWFALL (IN)
  YESTERDAY       MM
  MONTH TO DATE   MM
  SINCE MAR 1     MM
  SINCE JUL 1     MM
  SNOW DEPTH      MM

DEGREE DAYS
 HEATING
  YESTERDAY       18                         9      9        1
  MONTH TO DATE  329                       271     58      157
  SINCE MAR 1    329                       271     58      157
  SINCE JUL 1   1733                      2215   -482     1632

 COOLING
  YESTERDAY        0                         0      0        0
  MONTH TO DATE    3                         0      3       22
  SINCE MAR 1      3                         0      3       22
  SINCE JAN 1      4                         0      4       22
..................................................................


WIND (MPH)
  HIGHEST WIND SPEED    17   HIGHEST WIND DIRECTION     E (90)
  HIGHEST GUST SPEED    24   HIGHEST GUST DIRECTION    NE (60)
  AVERAGE WIND SPEED    10.9


SKY COVER
  POSSIBLE SUNSHINE  MM
  AVERAGE SKY COVER 0.0


WEATHER CONDITIONS
 THE FOLLOWING WEATHER WAS RECORDED YESTERDAY.
  NO SIGNIFICANT WEATHER WAS OBSERVED.


RELATIVE HUMIDITY (PERCENT)
 HIGHEST    76           600 AM
 LOWEST     38          1200 PM
 AVERAGE    57

..........................................................


THE NORTH MYRTLE BEACH SC CLIMATE NORMALS FOR TODAY
                         NORMAL    RECORD    YEAR
 MAXIMUM TEMPERATURE (F)   66        78      1990
 MINIMUM TEMPERATURE (F)   46        30      2004


SUNRISE AND SUNSET
MARCH 24 2017.........SUNRISE   713 AM EDT   SUNSET   730 PM EDT
MARCH 25 2017.........SUNRISE   711 AM EDT   SUNSET   731 PM EDT


-  INDICATES NEGATIVE NUMBERS.
R  INDICATES RECORD WAS SET OR TIED.
MM INDICATES DATA IS MISSING.
T  INDICATES TRACE AMOUNT.




$$
