000
CDUS42 KILM 170843
CLICRE


CLIMATE REPORT
NATIONAL WEATHER SERVICE WILMINGTON NC
442 AM EDT TUE OCT 17 2017


...................................

...THE N.MYRTLE BEACH SOUTH CAROLINA CLIMATE SUMMARY FOR OCTOBER 16 2017...

CLIMATE NORMAL PERIOD 1981 TO 2010
CLIMATE RECORD PERIOD 1949 TO 2017


WEATHER ITEM   OBSERVED TIME   RECORD YEAR NORMAL DEPARTURE LAST
                VALUE   (LST)  VALUE       VALUE  FROM      YEAR
                                                  NORMAL
..................................................................
TEMPERATURE (F)
 YESTERDAY
  MAXIMUM         84    121 PM  86    2008  75      9       79
  MINIMUM         59   1159 PM  40    1954  56      3       58
  AVERAGE         72                        65      7       69

PRECIPITATION (IN)
  YESTERDAY        0.21R         0.15 1999   0.14   0.07     0.00
  MONTH TO DATE    1.83                      2.24  -0.41     9.38
  SINCE SEP 1      6.11                      8.52  -2.41    27.75
  SINCE JAN 1     41.72                     43.87  -2.15    53.39

DEGREE DAYS
 HEATING
  YESTERDAY        0                         2     -2        0
  MONTH TO DATE    0                        22    -22        6
  SINCE SEP 1      0                        26    -26        6
  SINCE JUL 1      0                        26    -26        6

 COOLING
  YESTERDAY        7                         3      4        4
  MONTH TO DATE  143                        69     74       81
  SINCE SEP 1    493                       377    116      459
  SINCE JAN 1   2158                      1853    305     2315
..................................................................


WIND (MPH)
  HIGHEST WIND SPEED    22   HIGHEST WIND DIRECTION     N (10)
  HIGHEST GUST SPEED    32   HIGHEST GUST DIRECTION     N (20)
  AVERAGE WIND SPEED     9.2


SKY COVER
  POSSIBLE SUNSHINE  MM
  AVERAGE SKY COVER 0.5


WEATHER CONDITIONS
 THE FOLLOWING WEATHER WAS RECORDED YESTERDAY.
  THUNDERSTORM
  HEAVY RAIN
  RAIN
  LIGHT RAIN
  FOG


RELATIVE HUMIDITY (PERCENT)
 HIGHEST   100           300 AM
 LOWEST     65          1100 AM
 AVERAGE    83

..........................................................


THE N.MYRTLE BEACH SOUTH CAROLINA CLIMATE NORMALS FOR TODAY
                         NORMAL    RECORD    YEAR
 MAXIMUM TEMPERATURE (F)   75        85      2008
 MINIMUM TEMPERATURE (F)   55        38      1954


SUNRISE AND SUNSET
OCTOBER 17 2017.......SUNRISE   722 AM EDT   SUNSET   638 PM EDT
OCTOBER 18 2017.......SUNRISE   722 AM EDT   SUNSET   637 PM EDT


-  INDICATES NEGATIVE NUMBERS.
R  INDICATES RECORD WAS SET OR TIED.
MM INDICATES DATA IS MISSING.
T  INDICATES TRACE AMOUNT.




$$
