000
CDUS42 KILM 240841
CLICRE


CLIMATE REPORT
NATIONAL WEATHER SERVICE WILMINGTON NC
441 AM EDT MON APR 24 2017


...................................

...THE NORTH MYRTLE BEACH SC CLIMATE SUMMARY FOR APRIL 23 2017...

CLIMATE NORMAL PERIOD 1981 TO 2010
CLIMATE RECORD PERIOD 1949 TO 2017


WEATHER ITEM   OBSERVED TIME   RECORD YEAR NORMAL DEPARTURE LAST
                VALUE   (LST)  VALUE       VALUE  FROM      YEAR
                                                  NORMAL
..................................................................
TEMPERATURE (F)
 YESTERDAY
  MAXIMUM         72    358 PM  85    1950  73     -1       80
  MINIMUM         63    833 AM  35    1993  54      9       59
  AVERAGE         68                        64      4       70

PRECIPITATION (IN)
  YESTERDAY        0.06                      0.10  -0.04      T
  MONTH TO DATE    2.31                      2.34  -0.03     0.90
  SINCE MAR 1      4.25                      6.26  -2.01     2.37
  SINCE JAN 1      7.78                     13.37  -5.59    10.44

SNOWFALL (IN)
  YESTERDAY       MM
  MONTH TO DATE   MM
  SINCE MAR 1     MM
  SINCE JUL 1     MM
  SNOW DEPTH      MM

DEGREE DAYS
 HEATING
  YESTERDAY        0                         3     -3        0
  MONTH TO DATE   47                       123    -76      120
  SINCE MAR 1    391                       461    -70      291
  SINCE JUL 1   1795                      2405   -610     1766

 COOLING
  YESTERDAY        3                         2      1        5
  MONTH TO DATE   54                        23     31       29
  SINCE MAR 1     66                        26     40       65
  SINCE JAN 1     67                        26     41       65
..................................................................


WIND (MPH)
  HIGHEST WIND SPEED    18   HIGHEST WIND DIRECTION     E (80)
  HIGHEST GUST SPEED    24   HIGHEST GUST DIRECTION     E (90)
  AVERAGE WIND SPEED     9.3


SKY COVER
  POSSIBLE SUNSHINE  MM
  AVERAGE SKY COVER 0.8


WEATHER CONDITIONS
 THE FOLLOWING WEATHER WAS RECORDED YESTERDAY.
  LIGHT RAIN
  FOG


RELATIVE HUMIDITY (PERCENT)
 HIGHEST   100           100 AM
 LOWEST     79           200 PM
 AVERAGE    90

..........................................................


THE NORTH MYRTLE BEACH SC CLIMATE NORMALS FOR TODAY
                         NORMAL    RECORD    YEAR
 MAXIMUM TEMPERATURE (F)   74        86      1950
 MINIMUM TEMPERATURE (F)   54        35      1993


SUNRISE AND SUNSET
APRIL 24 2017.........SUNRISE   633 AM EDT   SUNSET   753 PM EDT
APRIL 25 2017.........SUNRISE   632 AM EDT   SUNSET   754 PM EDT


-  INDICATES NEGATIVE NUMBERS.
R  INDICATES RECORD WAS SET OR TIED.
MM INDICATES DATA IS MISSING.
T  INDICATES TRACE AMOUNT.




$$
