000
CDUS44 KCRP 141014
CLICRP

CLIMATE REPORT
NATIONAL WEATHER SERVICE CORPUS CHRISTI TX
414 AM CST SUN FEB 14 2016


...................................

...THE CORPUS CHRISTI CLIMATE SUMMARY FOR FEBRUARY 13 2016...

CLIMATE NORMAL PERIOD 1981 TO 2010
CLIMATE RECORD PERIOD 1887 TO 2016


WEATHER ITEM   OBSERVED TIME   RECORD YEAR NORMAL DEPARTURE LAST
                VALUE   (LST)  VALUE       VALUE  FROM      YEAR
                                                  NORMAL
..................................................................
TEMPERATURE (F)
 YESTERDAY
  MAXIMUM         78    209 PM  87    1945  70      8       69
  MINIMUM         50    556 AM  16    1899  50      0       53
  AVERAGE         64                        60      4       61

PRECIPITATION (IN)
  YESTERDAY        0.00          1.21 1969   0.08  -0.08     0.00
  MONTH TO DATE    T                         0.81  -0.81     0.79
  SINCE DEC 1      2.97                      4.18  -1.21     3.87
  SINCE JAN 1      2.08                      2.35  -0.27     2.83

SNOWFALL (IN)
  YESTERDAY        0.0
  MONTH TO DATE    0.0
  SINCE DEC 1      0.0
  SINCE JUL 1      0.0
  SNOW DEPTH       0

DEGREE DAYS
 HEATING
  YESTERDAY        1                         6     -5        4
  MONTH TO DATE   81                        94    -13       82
  SINCE DEC 1    513                       620   -107      627
  SINCE JUL 1    587                       721   -134      788

 COOLING
  YESTERDAY        0                         2     -2        0
  MONTH TO DATE    9                        19    -10       11
  SINCE DEC 1    100                        98      2       73
  SINCE JAN 1     22                        49    -27       14
..................................................................


WIND (MPH)
  HIGHEST WIND SPEED    21   HIGHEST WIND DIRECTION    SE (130)
  HIGHEST GUST SPEED    28   HIGHEST GUST DIRECTION    SE (130)
  AVERAGE WIND SPEED     9.2


SKY COVER
  POSSIBLE SUNSHINE  MM
  AVERAGE SKY COVER 0.4


WEATHER CONDITIONS
 THE FOLLOWING WEATHER WAS RECORDED YESTERDAY.
  FOG
  FOG W/VISIBILITY <= 1/4 MILE


RELATIVE HUMIDITY (PERCENT)
 HIGHEST   100           200 AM
 LOWEST     40           200 PM
 AVERAGE    70

..........................................................


THE CORPUS CHRISTI CLIMATE NORMALS FOR TODAY
                         NORMAL    RECORD    YEAR
 MAXIMUM TEMPERATURE (F)   70        91      2014
 MINIMUM TEMPERATURE (F)   50        26      1895


SUNRISE AND SUNSET
FEBRUARY 14 2016......SUNRISE   708 AM CST   SUNSET   620 PM CST
FEBRUARY 15 2016......SUNRISE   708 AM CST   SUNSET   621 PM CST


-  INDICATES NEGATIVE NUMBERS.
R  INDICATES RECORD WAS SET OR TIED.
MM INDICATES DATA IS MISSING.
T  INDICATES TRACE AMOUNT.




$$
