000
CDUS44 KCRP 252336
CLICRP

CLIMATE REPORT
NATIONAL WEATHER SERVICE CORPUS CHRISTI TX
636 PM CDT FRI JUL 25 2014

...................................

...THE CORPUS CHRISTI CLIMATE SUMMARY FOR JULY 25 2014...
VALID TODAY AS OF 636 PM LOCAL TIME.

CLIMATE NORMAL PERIOD 1981 TO 2010
CLIMATE RECORD PERIOD 1887 TO 2014


WEATHER ITEM   OBSERVED TIME   RECORD YEAR NORMAL DEPARTURE LAST
                VALUE   (LST)  VALUE       VALUE  FROM      YEAR
                                                  NORMAL
..................................................................
TEMPERATURE (F)
 TODAY
  MAXIMUM         97    108 PM 101    1954  94      3       96
  MINIMUM         73    320 PM  70    1976  75     -2       77
                                      1903
  AVERAGE         85                        84      1       87

PRECIPITATION (IN)
  TODAY            0.07          3.58 1934   0.06   0.01     0.00
  MONTH TO DATE    0.74                      2.43  -1.69     2.73
  SINCE JUN 1      2.15                      5.79  -3.64     5.07
  SINCE JAN 1      9.25                     16.06  -6.81     9.80

SNOWFALL (IN)
  TODAY            0.0
  MONTH TO DATE    0.0
  SINCE JUN 1      0.0
  SINCE JUL 1      0.0
  SNOW DEPTH       0

DEGREE DAYS
 HEATING
  TODAY            0                         0      0        0
  MONTH TO DATE    0                         0      0        0
  SINCE JUN 1      0                         0      0        0
  SINCE JUL 1      0                         0      0        0

 COOLING
  TODAY           20                        19      1       22
  MONTH TO DATE  491                       471     20      520
  SINCE JUN 1   1098                       993    105     1178
  SINCE JAN 1   1904                      1834     70     2196
..................................................................


WIND (MPH)
  HIGHEST WIND SPEED    28   HIGHEST WIND DIRECTION     W (270)
  HIGHEST GUST SPEED    37   HIGHEST GUST DIRECTION     W (280)


SKY COVER
  POSSIBLE SUNSHINE  MM
  AVERAGE SKY COVER 0.4


WEATHER CONDITIONS
 THE FOLLOWING WEATHER WAS RECORDED TODAY.
  THUNDERSTORM
  LIGHT RAIN


RELATIVE HUMIDITY (PERCENT)
 HIGHEST    85          1200 AM
 LOWEST     46          1200 PM
 AVERAGE    66

..........................................................


THE CORPUS CHRISTI CLIMATE NORMALS FOR TOMORROW
                         NORMAL    RECORD    YEAR
 MAXIMUM TEMPERATURE (F)   94       101      1954
 MINIMUM TEMPERATURE (F)   75        72      1993
                                             1989
                                             1976


SUNRISE AND SUNSET
JULY 25 2014..........SUNRISE   649 AM CDT   SUNSET   824 PM CDT
JULY 26 2014..........SUNRISE   650 AM CDT   SUNSET   823 PM CDT


-  INDICATES NEGATIVE NUMBERS.
R  INDICATES RECORD WAS SET OR TIED.
MM INDICATES DATA IS MISSING.
T  INDICATES TRACE AMOUNT.

$$
