000
CDUS44 KCRP 270907
CLICRP

CLIMATE REPORT
NATIONAL WEATHER SERVICE CORPUS CHRISTI TX
303 AM CST TUE JAN 27 2015

...................................

...THE CORPUS CHRISTI CLIMATE SUMMARY FOR JANUARY 26 2015...

CLIMATE NORMAL PERIOD 1981 TO 2010
CLIMATE RECORD PERIOD 1887 TO 2015


WEATHER ITEM   OBSERVED TIME   RECORD YEAR NORMAL DEPARTURE LAST
                VALUE   (LST)  VALUE       VALUE  FROM      YEAR
                                                  NORMAL
..................................................................
TEMPERATURE (F)
 YESTERDAY
  MAXIMUM         73    255 PM  84    1996  68      5       80
                                      1975
                                      1950
  MINIMUM         41    713 AM  23    1897  48     -7       35
  AVERAGE         57                        58     -1       58

PRECIPITATION (IN)
  YESTERDAY        0.00          2.46 1893   0.05  -0.05     0.00
  MONTH TO DATE    1.99                      1.30   0.69     0.67
  SINCE DEC 1      3.03                      3.13  -0.10     0.96
  SINCE JAN 1      1.99                      1.30   0.69     0.67

SNOWFALL (IN)
  YESTERDAY        0.0
  MONTH TO DATE    0.0
  SINCE DEC 1      0.0
  SINCE JUL 1      0.0
  SNOW DEPTH       0

DEGREE DAYS
 HEATING
  YESTERDAY        8                         8      0        7
  MONTH TO DATE  383                       231    152      254
  SINCE DEC 1    537                       481     56      553
  SINCE JUL 1    698                       582    116      710

 COOLING
  YESTERDAY        0                         1     -1        0
  MONTH TO DATE    2                        26    -24        2
  SINCE DEC 1     61                        75    -14       38
  SINCE JAN 1      2                        26    -24        2
..................................................................


WIND (MPH)
  HIGHEST WIND SPEED    13   HIGHEST WIND DIRECTION     S (190)
  HIGHEST GUST SPEED    14   HIGHEST GUST DIRECTION     S (190)
  AVERAGE WIND SPEED     6.3


SKY COVER
  POSSIBLE SUNSHINE  MM
  AVERAGE SKY COVER 0.7


WEATHER CONDITIONS
 THE FOLLOWING WEATHER WAS RECORDED YESTERDAY.
  NO SIGNIFICANT WEATHER WAS OBSERVED.


RELATIVE HUMIDITY (PERCENT)
 HIGHEST    89           500 AM
 LOWEST     29           100 PM
 AVERAGE    59

..........................................................


THE CORPUS CHRISTI CLIMATE NORMALS FOR TODAY
                         NORMAL    RECORD    YEAR
 MAXIMUM TEMPERATURE (F)   68        84      1972
 MINIMUM TEMPERATURE (F)   48        22      1897


SUNRISE AND SUNSET
JANUARY 27 2015.......SUNRISE   719 AM CST   SUNSET   607 PM CST
JANUARY 28 2015.......SUNRISE   719 AM CST   SUNSET   607 PM CST


-  INDICATES NEGATIVE NUMBERS.
R  INDICATES RECORD WAS SET OR TIED.
MM INDICATES DATA IS MISSING.
T  INDICATES TRACE AMOUNT.

$$

87
