000
CDUS44 KCRP 222143
CLICRP

CLIMATE REPORT
NATIONAL WEATHER SERVICE CORPUS CHRISTI TX
440 PM CDT FRI SEP 22 2017


...................................

...THE CORPUS CHRISTI CLIMATE SUMMARY FOR SEPTEMBER 22 2017...
VALID AS OF 400 PM LOCAL TIME.

CLIMATE NORMAL PERIOD 1981 TO 2010
CLIMATE RECORD PERIOD 1887 TO 2017


WEATHER ITEM   OBSERVED TIME   RECORD YEAR NORMAL DEPARTURE LAST
                VALUE   (LST)  VALUE       VALUE  FROM      YEAR
                                                  NORMAL
..................................................................
TEMPERATURE (F)
 TODAY
  MAXIMUM         93    116 PM  99    2005  89      4       94
  MINIMUM         73    434 AM  56    1995  71      2       77
                                      1983
  AVERAGE         83                        80      3       86

PRECIPITATION (IN)
  TODAY            0.15          7.94 1915   0.15   0.00     0.14
  MONTH TO DATE    0.52                      3.81  -3.29     0.62
  SINCE SEP 1      0.52                      3.81  -3.29     0.62
  SINCE JAN 1     22.88                     23.15  -0.27    25.91

SNOWFALL (IN)
  TODAY            0.0
  MONTH TO DATE    0.0
  SINCE SEP 1      0.0
  SINCE JUL 1      0.0
  SNOW DEPTH       0

DEGREE DAYS
 HEATING
  TODAY            0                         0      0        0
  MONTH TO DATE    0                         0      0        0
  SINCE SEP 1      0                         0      0        0
  SINCE JUL 1      0                         0      0        0

 COOLING
  TODAY           18                        15      3       21
  MONTH TO DATE  357                       371    -14      470
  SINCE SEP 1    357                       371    -14      470
  SINCE JAN 1   3338                      2932    406     3387
..................................................................


WIND (MPH)
  HIGHEST WIND SPEED    23   HIGHEST WIND DIRECTION     S (160)
  HIGHEST GUST SPEED    26   HIGHEST GUST DIRECTION    SE (120)


SKY COVER
  POSSIBLE SUNSHINE  MM
  AVERAGE SKY COVER 0.4


WEATHER CONDITIONS
 THE FOLLOWING WEATHER WAS RECORDED TODAY.
  THUNDERSTORM
  LIGHT RAIN


RELATIVE HUMIDITY (PERCENT)
 HIGHEST   100           300 AM
 LOWEST     49           200 PM
 AVERAGE    75

..........................................................


THE CORPUS CHRISTI CLIMATE NORMALS FOR TOMORROW
                         NORMAL    RECORD    YEAR
 MAXIMUM TEMPERATURE (F)   89       100      2005
 MINIMUM TEMPERATURE (F)   71        56      1999
                                             1975


SUNRISE AND SUNSET
SEPTEMBER 22 2017.....SUNRISE   719 AM CDT   SUNSET   726 PM CDT
SEPTEMBER 23 2017.....SUNRISE   719 AM CDT   SUNSET   725 PM CDT


-  INDICATES NEGATIVE NUMBERS.
R  INDICATES RECORD WAS SET OR TIED.
MM INDICATES DATA IS MISSING.
T  INDICATES TRACE AMOUNT.




$$
