000
CDUS44 KCRP 280654
CLICRP

CLIMATE REPORT
NATIONAL WEATHER SERVICE CORPUS CHRISTI TX
154 AM CDT TUE JUL 28 2015


...THE CORPUS CHRISTI CLIMATE SUMMARY FOR JULY 27 2015...

CLIMATE NORMAL PERIOD 1981 TO 2010
CLIMATE RECORD PERIOD 1887 TO 2015


WEATHER ITEM   OBSERVED TIME   RECORD YEAR NORMAL DEPARTURE LAST
                VALUE   (LST)  VALUE       VALUE  FROM      YEAR
                                                  NORMAL
..................................................................
TEMPERATURE (F)
 YESTERDAY
  MAXIMUM         96   1252 PM 100    2013  94      2       97
                                      1954
  MINIMUM         78    610 AM  70    1960  75      3       77
                                      1942
                                      1903
  AVERAGE         87                        84      3       87

PRECIPITATION (IN)
  YESTERDAY        0.00          1.55 1942   0.06  -0.06     0.00
  MONTH TO DATE    0.57                      2.55  -1.98     0.74
  SINCE JUN 1      2.20                      5.91  -3.71     2.15
  SINCE JAN 1     32.46                     16.18  16.28     9.25

SNOWFALL (IN)
  YESTERDAY        0.0
  MONTH TO DATE    0.0
  SINCE JUN 1      0.0
  SINCE JUL 1      0.0
  SNOW DEPTH       0

DEGREE DAYS
 HEATING
  YESTERDAY        0                         0      0        0
  MONTH TO DATE    0                         0      0        0
  SINCE JUN 1      0                         0      0        0
  SINCE JUL 1      0                         0      0        0

 COOLING
  YESTERDAY       22                        19      3       22
  MONTH TO DATE  557                       509     48      534
  SINCE JUN 1   1096                      1031     65     1141
  SINCE JAN 1   1926                      1872     54     1947
..................................................................


WIND (MPH)
  HIGHEST WIND SPEED    25   HIGHEST WIND DIRECTION    SE (140)
  HIGHEST GUST SPEED    32   HIGHEST GUST DIRECTION    SE (130)
  AVERAGE WIND SPEED    15.0


SKY COVER
  POSSIBLE SUNSHINE  MM
  AVERAGE SKY COVER 0.5


WEATHER CONDITIONS
 THE FOLLOWING WEATHER WAS RECORDED YESTERDAY.
  NO SIGNIFICANT WEATHER WAS OBSERVED.


RELATIVE HUMIDITY (PERCENT)
 HIGHEST    91           500 AM
 LOWEST     51           100 PM
 AVERAGE    71

..........................................................


THE CORPUS CHRISTI CLIMATE NORMALS FOR TODAY
                         NORMAL    RECORD    YEAR
 MAXIMUM TEMPERATURE (F)   94       100      1965
 MINIMUM TEMPERATURE (F)   75        68      1908
                                             1903


SUNRISE AND SUNSET
JULY 28 2015..........SUNRISE   651 AM CDT   SUNSET   822 PM CDT
JULY 29 2015..........SUNRISE   651 AM CDT   SUNSET   821 PM CDT


-  INDICATES NEGATIVE NUMBERS.
R  INDICATES RECORD WAS SET OR TIED.
MM INDICATES DATA IS MISSING.
T  INDICATES TRACE AMOUNT.

$$

TMT
