000
CDUS44 KCRP 230739
CLICRP

CLIMATE REPORT
NATIONAL WEATHER SERVICE CORPUS CHRISTI TX
239 AM CDT WED APR 23 2014


...................................

...THE CORPUS CHRISTI CLIMATE SUMMARY FOR APRIL 22 2014...

CLIMATE NORMAL PERIOD 1981 TO 2010
CLIMATE RECORD PERIOD 1887 TO 2014


WEATHER ITEM   OBSERVED TIME   RECORD YEAR NORMAL DEPARTURE LAST
                VALUE   (LST)  VALUE       VALUE  FROM      YEAR
                                                  NORMAL
..................................................................
TEMPERATURE (F)
 YESTERDAY
  MAXIMUM         92    112 PM  96    2009  83      9       87
  MINIMUM         65    552 AM  49    1998  65      0       67
  AVERAGE         79                        74      5       77

PRECIPITATION (IN)
  YESTERDAY        0.00          1.93 1952   0.06  -0.06     0.00
  MONTH TO DATE    0.45                      1.28  -0.83     0.17
  SINCE MAR 1      2.10                      3.17  -1.07     0.23
  SINCE JAN 1      3.01                      6.64  -3.63     1.92

SNOWFALL (IN)
  YESTERDAY        0.0
  MONTH TO DATE    0.0
  SINCE MAR 1      0.0
  SINCE JUL 1      T
  SNOW DEPTH       0

DEGREE DAYS
 HEATING
  YESTERDAY        0                         0      0        0
  MONTH TO DATE   14                        15     -1        9
  SINCE MAR 1    146                        96     50       73
  SINCE JUL 1   1145                       896    249      525

 COOLING
  YESTERDAY       14                         9      5       12
  MONTH TO DATE  157                       160     -3      175
  SINCE MAR 1    241                       275    -34      332
  SINCE JAN 1    318                       351    -33      476
..................................................................


WIND (MPH)
  HIGHEST WIND SPEED    18   HIGHEST WIND DIRECTION    SE (130)
  HIGHEST GUST SPEED    22   HIGHEST GUST DIRECTION    SE (130)
  AVERAGE WIND SPEED     7.0


SKY COVER
  POSSIBLE SUNSHINE  MM
  AVERAGE SKY COVER 0.4


WEATHER CONDITIONS
 THE FOLLOWING WEATHER WAS RECORDED YESTERDAY.
  NO SIGNIFICANT WEATHER WAS OBSERVED.


RELATIVE HUMIDITY (PERCENT)
 HIGHEST    93           600 AM
 LOWEST     46           100 PM
 AVERAGE    70

..........................................................


THE CORPUS CHRISTI CLIMATE NORMALS FOR TODAY
                         NORMAL    RECORD    YEAR
 MAXIMUM TEMPERATURE (F)   83       102      1955
 MINIMUM TEMPERATURE (F)   65        48      1998


SUNRISE AND SUNSET
APRIL 23 2014.........SUNRISE   657 AM CDT   SUNSET   800 PM CDT
APRIL 24 2014.........SUNRISE   656 AM CDT   SUNSET   800 PM CDT


-  INDICATES NEGATIVE NUMBERS.
R  INDICATES RECORD WAS SET OR TIED.
MM INDICATES DATA IS MISSING.
T  INDICATES TRACE AMOUNT.

$$
