000
CDUS44 KCRP 260937
CLICRP

CLIMATE REPORT
NATIONAL WEATHER SERVICE CORPUS CHRISTI TX
425 AM CDT FRI MAY 26 2017


...................................

...THE CORPUS CHRISTI CLIMATE SUMMARY FOR MAY 25 2017...

CLIMATE NORMAL PERIOD 1981 TO 2010
CLIMATE RECORD PERIOD 1887 TO 2017


WEATHER ITEM   OBSERVED TIME   RECORD YEAR NORMAL DEPARTURE LAST
                VALUE   (LST)  VALUE       VALUE  FROM      YEAR
                                                  NORMAL
..................................................................
TEMPERATURE (F)
 YESTERDAY
  MAXIMUM         87    323 PM  97    2009  88     -1       89
  MINIMUM         60R   602 AM  60    1940  72    -12       79
  AVERAGE         74                        80     -6       84

PRECIPITATION (IN)
  YESTERDAY        0.00          3.31 1933   0.11  -0.11      T
  MONTH TO DATE    0.93                      2.41  -1.48     5.81
  SINCE MAR 1      8.14                      6.14   2.00    15.75
  SINCE JAN 1     10.98                      9.61   1.37    18.04

SNOWFALL (IN)
  YESTERDAY        0.0
  MONTH TO DATE    0.0
  SINCE MAR 1      0.0
  SINCE JUL 1      0.0
  SNOW DEPTH       0

DEGREE DAYS
 HEATING
  YESTERDAY        0                         0      0        0
  MONTH TO DATE    0                         0      0        0
  SINCE MAR 1     16                        98    -82       21
  SINCE JUL 1    368                       898   -530      640

 COOLING
  YESTERDAY        9                        15     -6       19
  MONTH TO DATE  314                       321     -7      355
  SINCE MAR 1    820                       673    147      853
  SINCE JAN 1   1089                       749    340      930
..................................................................


WIND (MPH)
  HIGHEST WIND SPEED    25   HIGHEST WIND DIRECTION     S (160)
  HIGHEST GUST SPEED    33   HIGHEST GUST DIRECTION    SE (140)
  AVERAGE WIND SPEED    14.1


SKY COVER
  POSSIBLE SUNSHINE  MM
  AVERAGE SKY COVER 0.2


WEATHER CONDITIONS
 THE FOLLOWING WEATHER WAS RECORDED YESTERDAY.
  NO SIGNIFICANT WEATHER WAS OBSERVED.


RELATIVE HUMIDITY (PERCENT)
 HIGHEST   100           300 AM
 LOWEST     57          1200 PM
 AVERAGE    79

..........................................................


THE CORPUS CHRISTI CLIMATE NORMALS FOR TODAY
                         NORMAL    RECORD    YEAR
 MAXIMUM TEMPERATURE (F)   88        97      1928
 MINIMUM TEMPERATURE (F)   72        61      1947
                                             1901


SUNRISE AND SUNSET
MAY 26 2017...........SUNRISE   636 AM CDT   SUNSET   819 PM CDT
MAY 27 2017...........SUNRISE   635 AM CDT   SUNSET   819 PM CDT


-  INDICATES NEGATIVE NUMBERS.
R  INDICATES RECORD WAS SET OR TIED.
MM INDICATES DATA IS MISSING.
T  INDICATES TRACE AMOUNT.




$$
