000
CDUS44 KCRP 242328
CLICRP

CLIMATE REPORT
NATIONAL WEATHER SERVICE CORPUS CHRISTI TX
625 PM CDT SUN JUL 24 2016

...................................

...THE CORPUS CHRISTI CLIMATE SUMMARY FOR JULY 24 2016...
VALID AS OF 625 PM LOCAL TIME.

CLIMATE NORMAL PERIOD 1981 TO 2010
CLIMATE RECORD PERIOD 1887 TO 2016


WEATHER ITEM   OBSERVED TIME   RECORD YEAR NORMAL DEPARTURE LAST
                VALUE   (LST)  VALUE       VALUE  FROM      YEAR
                                                  NORMAL
..................................................................
TEMPERATURE (F)
 TODAY
  MAXIMUM         95    257 PM 105    1934  94      1       96
  MINIMUM         78    607 AM  69    1999  75      3       79
  AVERAGE         87                        84      3       88

PRECIPITATION (IN)
  TODAY            0.00          2.61 2008   0.07  -0.07     0.00
  MONTH TO DATE    T                         2.37  -2.37     0.57
  SINCE JUN 1      2.95                      5.73  -2.78     2.20
  SINCE JAN 1     21.17                     16.00   5.17    32.46

SNOWFALL (IN)
  TODAY            0.0
  MONTH TO DATE    0.0
  SINCE JUN 1      0.0
  SINCE JUL 1      0.0
  SNOW DEPTH       0

DEGREE DAYS
 HEATING
  TODAY            0                         0      0        0
  MONTH TO DATE    0                         0      0        0
  SINCE JUN 1      0                         0      0        0
  SINCE JUL 1      0                         0      0        0

 COOLING
  TODAY           22                        19      3       23
  MONTH TO DATE  515                       452     63      491
  SINCE JUN 1   1075                       974    101     1030
  SINCE JAN 1   2111                      1815    296     1860
..................................................................


WIND (MPH)
  HIGHEST WIND SPEED    22   HIGHEST WIND DIRECTION    SE (130)
  HIGHEST GUST SPEED    27   HIGHEST GUST DIRECTION    SE (120)


SKY COVER
  POSSIBLE SUNSHINE  MM
  AVERAGE SKY COVER 0.4


WEATHER CONDITIONS
 THE FOLLOWING WEATHER WAS RECORDED TODAY.
  NO SIGNIFICANT WEATHER WAS OBSERVED.


RELATIVE HUMIDITY (PERCENT)
 HIGHEST    91           400 AM
 LOWEST     52           200 PM
 AVERAGE    72

..........................................................


THE CORPUS CHRISTI CLIMATE NORMALS FOR TOMORROW
                         NORMAL    RECORD    YEAR
 MAXIMUM TEMPERATURE (F)   94       101      1954
 MINIMUM TEMPERATURE (F)   75        70      1976
                                             1903


SUNRISE AND SUNSET
JULY 24 2016..........SUNRISE   649 AM CDT   SUNSET   824 PM CDT
JULY 25 2016..........SUNRISE   649 AM CDT   SUNSET   823 PM CDT


-  INDICATES NEGATIVE NUMBERS.
R  INDICATES RECORD WAS SET OR TIED.
MM INDICATES DATA IS MISSING.
T  INDICATES TRACE AMOUNT.




$$
