259
CDUS41 KRLX 190832
CLICRW


CLIMATE REPORT
NATIONAL WEATHER SERVICE CHARLESTON WV
331 AM EST FRI JAN 19 2018


...................................

...THE CHARLESTON WV CLIMATE SUMMARY FOR JANUARY 18 2018...

CLIMATE NORMAL PERIOD 1981 TO 2010
CLIMATE RECORD PERIOD 1901 TO 2018


WEATHER ITEM   OBSERVED TIME   RECORD YEAR NORMAL DEPARTURE LAST
                VALUE   (LST)  VALUE       VALUE  FROM      YEAR
                                                  NORMAL
..................................................................
TEMPERATURE (F)
 YESTERDAY
  MAXIMUM         31    418 PM  76    1932  42    -11       57
  MINIMUM          8    607 AM -10    1994  26    -18       42
  AVERAGE         20                        34    -14       50

PRECIPITATION (IN)
  YESTERDAY        0.00          1.62 1937   0.10  -0.10     0.02
  MONTH TO DATE    2.35                      1.73   0.62     3.27
  SINCE JAN 1      2.35                      1.73   0.62     3.27

SNOWFALL (IN)
  YESTERDAY        0.0           4.8  1984   0.4   -0.4      0.0
  MONTH TO DATE    6.5                       6.6   -0.1      4.0
  SINCE SEP 1      8.5                      14.7   -6.2      5.2
  SNOW DEPTH       3

DEGREE DAYS
 HEATING
  YESTERDAY       45                        31     14       15
  MONTH TO DATE  723                       557    166      447
  SINCE DEC 1   1621                      1413    208     1239
  SINCE JUL 1   2407                      2297    110     1893

 COOLING
  YESTERDAY        0                         0      0        0
  MONTH TO DATE    0                         0      0        0
  SINCE DEC 1      0                         1     -1        0
  SINCE JAN 1      0                         0      0        0
..................................................................


WIND (MPH)
  HIGHEST WIND SPEED    17   HIGHEST WIND DIRECTION    SW (230)
  HIGHEST GUST SPEED    24   HIGHEST GUST DIRECTION    SW (220)
  AVERAGE WIND SPEED     8.1


SKY COVER
  POSSIBLE SUNSHINE  MM
  AVERAGE SKY COVER 0.1


WEATHER CONDITIONS
 THE FOLLOWING WEATHER WAS RECORDED YESTERDAY.
  HAZE


RELATIVE HUMIDITY (PERCENT)
 HIGHEST    83           700 AM
 LOWEST     43           400 PM
 AVERAGE    63

..........................................................


THE CHARLESTON WV CLIMATE NORMALS FOR TODAY
                         NORMAL    RECORD    YEAR
 MAXIMUM TEMPERATURE (F)   42        74      1929
 MINIMUM TEMPERATURE (F)   26       -16      1994


SUNRISE AND SUNSET
JANUARY 19 2018.......SUNRISE   740 AM EST   SUNSET   534 PM EST
JANUARY 20 2018.......SUNRISE   740 AM EST   SUNSET   535 PM EST


-  INDICATES NEGATIVE NUMBERS.
R  INDICATES RECORD WAS SET OR TIED.
MM INDICATES DATA IS MISSING.
T  INDICATES TRACE AMOUNT.




$$
