000
CDUS41 KRLX 240718
CLICRW


CLIMATE REPORT
NATIONAL WEATHER SERVICE CHARLESTON WV
318 AM EDT MON APR 24 2017


...................................

...THE CHARLESTON WV CLIMATE SUMMARY FOR APRIL 23 2017...

CLIMATE NORMAL PERIOD 1981 TO 2010
CLIMATE RECORD PERIOD 1901 TO 2017


WEATHER ITEM   OBSERVED TIME   RECORD YEAR NORMAL DEPARTURE LAST
                VALUE   (LST)  VALUE       VALUE  FROM      YEAR
                                                  NORMAL
..................................................................
TEMPERATURE (F)
 YESTERDAY
  MAXIMUM         59    600 PM  90    2001  70    -11       65
                                      1985
  MINIMUM         44   1228 AM  29    1986  47     -3       47
                                      1982
                                      1927
  AVERAGE         52                        58     -6       56

PRECIPITATION (IN)
  YESTERDAY        0.02          1.16 1995   0.11  -0.09      T
  MONTH TO DATE    2.26                      2.41  -0.15     1.02
  SINCE JAN 1     13.75                     12.51   1.24     9.84

SNOWFALL (IN)
  YESTERDAY        0.0
  MONTH TO DATE    T
  SINCE SEP 1      7.5
  SNOW DEPTH       0

DEGREE DAYS
 HEATING
  YESTERDAY       13                         8      5        9
  MONTH TO DATE  136                       246   -110      247
  SINCE MAR 1    705                       846   -141      632
  SINCE JUL 1   3412                      4300   -888     3567

 COOLING
  YESTERDAY        0                         1     -1        0
  MONTH TO DATE   20                        22     -2       23
  SINCE MAR 1     23                        27     -4       27
  SINCE JAN 1     23                        27     -4       27
..................................................................


WIND (MPH)
  HIGHEST WIND SPEED    10   HIGHEST WIND DIRECTION    NE (50)
  HIGHEST GUST SPEED    14   HIGHEST GUST DIRECTION     E (70)
  AVERAGE WIND SPEED     3.8


SKY COVER
  POSSIBLE SUNSHINE  MM
  AVERAGE SKY COVER 0.8


WEATHER CONDITIONS
 THE FOLLOWING WEATHER WAS RECORDED YESTERDAY.
  LIGHT RAIN
  FOG


RELATIVE HUMIDITY (PERCENT)
 HIGHEST    93          1000 PM
 LOWEST     62          1200 PM
 AVERAGE    78

..........................................................


THE CHARLESTON WV CLIMATE NORMALS FOR TODAY
                         NORMAL    RECORD    YEAR
 MAXIMUM TEMPERATURE (F)   70        91      1915
 MINIMUM TEMPERATURE (F)   47        29      1986
                                             1927


SUNRISE AND SUNSET
APRIL 24 2017.........SUNRISE   638 AM EDT   SUNSET   812 PM EDT
APRIL 25 2017.........SUNRISE   637 AM EDT   SUNSET   813 PM EDT


-  INDICATES NEGATIVE NUMBERS.
R  INDICATES RECORD WAS SET OR TIED.
MM INDICATES DATA IS MISSING.
T  INDICATES TRACE AMOUNT.




$$
