000
CDUS41 KRLX 290800
CLICRW


CLIMATE REPORT
NATIONAL WEATHER SERVICE CHARLESTON WV
350 AM EDT SUN MAR 29 2015


...................................

...THE CHARLESTON WV CLIMATE SUMMARY FOR MARCH 28 2015...

CLIMATE NORMAL PERIOD 1981 TO 2010
CLIMATE RECORD PERIOD 1901 TO 2015


WEATHER ITEM   OBSERVED TIME   RECORD YEAR NORMAL DEPARTURE LAST
                VALUE   (LST)  VALUE       VALUE  FROM      YEAR
                                                  NORMAL
..................................................................
TEMPERATURE (F)
 YESTERDAY
  MAXIMUM         36    501 PM  86    1989  61    -25       70
                                      1907
  MINIMUM         21    653 AM  15    1947  39    -18       49
  AVERAGE         29                        50    -21       60

PRECIPITATION (IN)
  YESTERDAY        0.01          1.79 1932   0.12  -0.11     0.19
  MONTH TO DATE    5.75                      3.56   2.19     2.11
  SINCE JAN 1     10.95                      9.75   1.20     9.17

SNOWFALL (IN)
  YESTERDAY        1.0
  MONTH TO DATE   10.0
  SINCE SEP 1     29.1
  SNOW DEPTH       0

DEGREE DAYS
 HEATING
  YESTERDAY       36                        15     21        5
  MONTH TO DATE  563                       555      8      657
  SINCE MAR 1    563                       555      8      657
  SINCE JUL 1   4468                      4009    459     4424

 COOLING
  YESTERDAY        0                         0      0        0
  MONTH TO DATE    0                         0      0        0
  SINCE MAR 1      0                         0      0        0
  SINCE JAN 1      0                         0      0        0
..................................................................


WIND (MPH)
  HIGHEST WIND SPEED    21   HIGHEST WIND DIRECTION    NW (310)
  HIGHEST GUST SPEED    28   HIGHEST GUST DIRECTION    NW (300)
  AVERAGE WIND SPEED     7.9


SKY COVER
  POSSIBLE SUNSHINE  MM
  AVERAGE SKY COVER 0.4


WEATHER CONDITIONS
 THE FOLLOWING WEATHER WAS RECORDED YESTERDAY.
  SNOW
  LIGHT SNOW


RELATIVE HUMIDITY (PERCENT)
 HIGHEST    59           600 AM
 LOWEST     27           500 PM
 AVERAGE    43

..........................................................


THE CHARLESTON WV CLIMATE NORMALS FOR TODAY
                         NORMAL    RECORD    YEAR
 MAXIMUM TEMPERATURE (F)   61        85      1910
                                             1907
 MINIMUM TEMPERATURE (F)   39        22      1966
                                             1955
                                             1943


SUNRISE AND SUNSET
MARCH 29 2015.........SUNRISE   716 AM EDT   SUNSET   747 PM EDT
MARCH 30 2015.........SUNRISE   715 AM EDT   SUNSET   748 PM EDT


-  INDICATES NEGATIVE NUMBERS.
R  INDICATES RECORD WAS SET OR TIED.
MM INDICATES DATA IS MISSING.
T  INDICATES TRACE AMOUNT.




$$
