000
CDUS41 KRLX 290719
CLICRW


CLIMATE REPORT
NATIONAL WEATHER SERVICE CHARLESTON WV
319 AM EDT FRI APR 29 2016


...................................

...THE CHARLESTON WV CLIMATE SUMMARY FOR APRIL 28 2016...

CLIMATE NORMAL PERIOD 1981 TO 2010
CLIMATE RECORD PERIOD 1901 TO 2016


WEATHER ITEM   OBSERVED TIME   RECORD YEAR NORMAL DEPARTURE LAST
                VALUE   (LST)  VALUE       VALUE  FROM      YEAR
                                                  NORMAL
..................................................................
TEMPERATURE (F)
 YESTERDAY
  MAXIMUM         79    155 PM  90    1915  71      8       66
                                      1914
  MINIMUM         61    621 AM  29    1976  48     13       35
  AVERAGE         70                        60     10       51

PRECIPITATION (IN)
  YESTERDAY        0.02          1.66 2002   0.12  -0.10     0.00
  MONTH TO DATE    2.69                      3.01  -0.32     6.27
  SINCE JAN 1     11.51                     13.11  -1.60    17.24

SNOWFALL (IN)
  YESTERDAY        0.0
  MONTH TO DATE    1.5
  SINCE SEP 1     33.5
  SNOW DEPTH       0

DEGREE DAYS
 HEATING
  YESTERDAY        0                         7     -7       14
  MONTH TO DATE  253                       282    -29      241
  SINCE MAR 1    638                       882   -244      854
  SINCE JUL 1   3573                      4336   -763     4759

 COOLING
  YESTERDAY        5                         1      4        0
  MONTH TO DATE   40                        27     13       15
  SINCE MAR 1     44                        32     12       15
  SINCE JAN 1     44                        32     12       15
..................................................................


WIND (MPH)
  HIGHEST WIND SPEED    31   HIGHEST WIND DIRECTION    NW (310)
  HIGHEST GUST SPEED    44   HIGHEST GUST DIRECTION     W (290)
  AVERAGE WIND SPEED     5.3


SKY COVER
  POSSIBLE SUNSHINE  MM
  AVERAGE SKY COVER 0.6


WEATHER CONDITIONS
 THE FOLLOWING WEATHER WAS RECORDED YESTERDAY.
  THUNDERSTORM
  LIGHT RAIN
  FOG
  FOG W/VISIBILITY <= 1/4 MILE


RELATIVE HUMIDITY (PERCENT)
 HIGHEST   100          1200 AM
 LOWEST     53           600 PM
 AVERAGE    77

..........................................................


THE CHARLESTON WV CLIMATE NORMALS FOR TODAY
                         NORMAL    RECORD    YEAR
 MAXIMUM TEMPERATURE (F)   72        90      1996
 MINIMUM TEMPERATURE (F)   48        29      1976


SUNRISE AND SUNSET
APRIL 29 2016.........SUNRISE   631 AM EDT   SUNSET   817 PM EDT
APRIL 30 2016.........SUNRISE   630 AM EDT   SUNSET   817 PM EDT


-  INDICATES NEGATIVE NUMBERS.
R  INDICATES RECORD WAS SET OR TIED.
MM INDICATES DATA IS MISSING.
T  INDICATES TRACE AMOUNT.




$$
