000
CDUS41 KRLX 270718
CLICRW


CLIMATE REPORT
NATIONAL WEATHER SERVICE CHARLESTON WV
316 AM EDT WED AUG 27 2014


...................................

...THE CHARLESTON WV CLIMATE SUMMARY FOR AUGUST 26 2014...

CLIMATE NORMAL PERIOD 1981 TO 2010
CLIMATE RECORD PERIOD 1901 TO 2014


WEATHER ITEM   OBSERVED TIME   RECORD YEAR NORMAL DEPARTURE LAST
                VALUE   (LST)  VALUE       VALUE  FROM      YEAR
                                                  NORMAL
..................................................................
TEMPERATURE (F)
 YESTERDAY
  MAXIMUM         84    429 PM 101    1903  84      0       86
  MINIMUM         59    635 AM  46    1951  63     -4       57
  AVERAGE         72                        73     -1       72

PRECIPITATION (IN)
  YESTERDAY        0.00          1.88 2005   0.11  -0.11     0.00
  MONTH TO DATE    2.90                      3.19  -0.29     4.10
  SINCE JAN 1     31.00                     30.56   0.44    34.02

SNOWFALL (IN)
  YESTERDAY        0.0
  MONTH TO DATE    0.0
  SINCE SEP 1     51.7
  SNOW DEPTH       0

DEGREE DAYS
 HEATING
  YESTERDAY        0                         0      0        0
  MONTH TO DATE    0                         0      0        3
  SINCE JUN 1      0                        13    -13        3
  SINCE JUL 1      0                         0      0        3

 COOLING
  YESTERDAY        7                         9     -2        7
  MONTH TO DATE  210                       251    -41      198
  SINCE JUN 1    732                       795    -63      756
  SINCE JAN 1    853                       905    -52      903
..................................................................


WIND (MPH)
  HIGHEST WIND SPEED     8   HIGHEST WIND DIRECTION     E (80)
  HIGHEST GUST SPEED    11   HIGHEST GUST DIRECTION     E (80)
  AVERAGE WIND SPEED     1.5


SKY COVER
  POSSIBLE SUNSHINE  MM
  AVERAGE SKY COVER 0.4


WEATHER CONDITIONS
 THE FOLLOWING WEATHER WAS RECORDED YESTERDAY.
  FOG
  FOG W/VISIBILITY <= 1/4 MILE


RELATIVE HUMIDITY (PERCENT)
 HIGHEST   100           100 AM
 LOWEST     47           300 PM
 AVERAGE    74

..........................................................


THE CHARLESTON WV CLIMATE NORMALS FOR TODAY
                         NORMAL    RECORD    YEAR
 MAXIMUM TEMPERATURE (F)   83       100      1903
 MINIMUM TEMPERATURE (F)   63        50      1958
                                             1942


SUNRISE AND SUNSET
AUGUST 27 2014........SUNRISE   651 AM EDT   SUNSET   804 PM EDT
AUGUST 28 2014........SUNRISE   652 AM EDT   SUNSET   802 PM EDT


-  INDICATES NEGATIVE NUMBERS.
R  INDICATES RECORD WAS SET OR TIED.
MM INDICATES DATA IS MISSING.
T  INDICATES TRACE AMOUNT.




$$
