133
CDUS41 KRLX 202218
CLICRW


CLIMATE REPORT
NATIONAL WEATHER SERVICE CHARLESTON WV
517 PM EST MON NOV 20 2017


...................................

...THE CHARLESTON WV CLIMATE SUMMARY FOR NOVEMBER 20 2017...
VALID TODAY AS OF 0500 PM LOCAL TIME.

CLIMATE NORMAL PERIOD 1981 TO 2010
CLIMATE RECORD PERIOD 1901 TO 2017


WEATHER ITEM   OBSERVED TIME   RECORD YEAR NORMAL DEPARTURE LAST
                VALUE   (LST)  VALUE       VALUE  FROM      YEAR
                                                  NORMAL
..................................................................
TEMPERATURE (F)
 TODAY
  MAXIMUM         49    337 PM  82    1991  55     -6       36
  MINIMUM         28    736 AM  18    1914  36     -8       34
  AVERAGE         39                        45     -6       35

PRECIPITATION (IN)
  TODAY            0.00          1.09 1988   0.12  -0.12      T
  MONTH TO DATE    1.51                      2.47  -0.96     1.16
  SINCE SEP 1      8.66                      8.39   0.27     7.11
  SINCE JAN 1     44.10                     39.50   4.60    36.61

DEGREE DAYS
 HEATING
  TODAY           26                        20      6       30
  MONTH TO DATE  329                       329      0      281
  SINCE SEP 1    578                       667    -89      448
  SINCE JUL 1    578                       669    -91      448

 COOLING
  TODAY            0                         0      0        0
  MONTH TO DATE    1                         0      1        5
  SINCE SEP 1    200                       148     52      292
  SINCE JAN 1   1138                      1094     44     1473
..................................................................


WIND (MPH)
  HIGHEST WIND SPEED    14   HIGHEST WIND DIRECTION    SW (240)
  HIGHEST GUST SPEED    20   HIGHEST GUST DIRECTION    SW (230)
  AVERAGE WIND SPEED     7.2


SKY COVER
  POSSIBLE SUNSHINE  MM
  AVERAGE SKY COVER 0.1


WEATHER CONDITIONS
 THE FOLLOWING WEATHER WAS RECORDED TODAY.
  NO SIGNIFICANT WEATHER WAS OBSERVED.


RELATIVE HUMIDITY (PERCENT)
 HIGHEST    78           400 AM
 LOWEST     31           300 PM
 AVERAGE    55

..........................................................


THE CHARLESTON WV CLIMATE NORMALS FOR TOMORROW
                         NORMAL    RECORD    YEAR
 MAXIMUM TEMPERATURE (F)   55        83      1931
 MINIMUM TEMPERATURE (F)   36        16      1951


SUNRISE AND SUNSET
NOVEMBER 20 2017......SUNRISE   714 AM EST   SUNSET   510 PM EST
NOVEMBER 21 2017......SUNRISE   715 AM EST   SUNSET   510 PM EST


-  INDICATES NEGATIVE NUMBERS.
R  INDICATES RECORD WAS SET OR TIED.
MM INDICATES DATA IS MISSING.
T  INDICATES TRACE AMOUNT.




$$
