516
CDUS41 KRLX 200720
CLICRW


CLIMATE REPORT
NATIONAL WEATHER SERVICE CHARLESTON WV
320 AM EDT THU JUL 20 2017


...................................

...THE CHARLESTON WV CLIMATE SUMMARY FOR JULY 19 2017...

CLIMATE NORMAL PERIOD 1981 TO 2010
CLIMATE RECORD PERIOD 1901 TO 2017


WEATHER ITEM   OBSERVED TIME   RECORD YEAR NORMAL DEPARTURE LAST
                VALUE   (LST)  VALUE       VALUE  FROM      YEAR
                                                  NORMAL
..................................................................
TEMPERATURE (F)
 YESTERDAY
  MAXIMUM         93    315 PM 100    1930  85      8       88
  MINIMUM         66    536 AM  51    1937  66      0       70
  AVERAGE         80                        76      4       79

PRECIPITATION (IN)
  YESTERDAY        0.00          5.60 1961   0.16  -0.16     0.00
  MONTH TO DATE    2.18                      3.00  -0.82     2.68
  SINCE JAN 1     30.24                     25.43   4.81    24.30

SNOWFALL (IN)
  YESTERDAY        0.0
  MONTH TO DATE    0.0
  SINCE SEP 1      7.5
  SNOW DEPTH       0

DEGREE DAYS
 HEATING
  YESTERDAY        0                         0      0        0
  MONTH TO DATE    0                         0      0        0
  SINCE JUN 1      5                        13     -8        3
  SINCE JUL 1      0                         0      0        0

 COOLING
  YESTERDAY       15                        11      4       14
  MONTH TO DATE  224                       202     22      205
  SINCE JUN 1    420                       422     -2      460
  SINCE JAN 1    565                       532     33      590
..................................................................


WIND (MPH)
  HIGHEST WIND SPEED    10   HIGHEST WIND DIRECTION     S (190)
  HIGHEST GUST SPEED    14   HIGHEST GUST DIRECTION    NW (310)
  AVERAGE WIND SPEED     2.0


SKY COVER
  POSSIBLE SUNSHINE  MM
  AVERAGE SKY COVER 0.3


WEATHER CONDITIONS
 THE FOLLOWING WEATHER WAS RECORDED YESTERDAY.
  FOG
  HAZE


RELATIVE HUMIDITY (PERCENT)
 HIGHEST   100           400 AM
 LOWEST     41           200 PM
 AVERAGE    71

..........................................................


THE CHARLESTON WV CLIMATE NORMALS FOR TODAY
                         NORMAL    RECORD    YEAR
 MAXIMUM TEMPERATURE (F)   85       103      1930
 MINIMUM TEMPERATURE (F)   66        53      1947
                                             1937
                                             1929


SUNRISE AND SUNSET
JULY 20 2017..........SUNRISE   619 AM EDT   SUNSET   846 PM EDT
JULY 21 2017..........SUNRISE   620 AM EDT   SUNSET   846 PM EDT


-  INDICATES NEGATIVE NUMBERS.
R  INDICATES RECORD WAS SET OR TIED.
MM INDICATES DATA IS MISSING.
T  INDICATES TRACE AMOUNT.




$$
