000
CDUS41 KRLX 290825
CLICRW


CLIMATE REPORT
NATIONAL WEATHER SERVICE CHARLESTON WV
323 AM EST THU JAN 29 2015


...................................

...THE CHARLESTON WV CLIMATE SUMMARY FOR JANUARY 28 2015...

CLIMATE NORMAL PERIOD 1981 TO 2010
CLIMATE RECORD PERIOD 1901 TO 2015


WEATHER ITEM   OBSERVED TIME   RECORD YEAR NORMAL DEPARTURE LAST
                VALUE   (LST)  VALUE       VALUE  FROM      YEAR
                                                  NORMAL
..................................................................
TEMPERATURE (F)
 YESTERDAY
  MAXIMUM         32    516 PM  73    1914  43    -11       11
  MINIMUM         16    750 AM -10    1963  27    -11        0
  AVERAGE         24                        35    -11        6

PRECIPITATION (IN)
  YESTERDAY        0.01          1.58 1918   0.11  -0.10      T
  MONTH TO DATE    2.08                      2.70  -0.62     2.50
  SINCE JAN 1      2.08                      2.70  -0.62     2.50

SNOWFALL (IN)
  YESTERDAY        0.1
  MONTH TO DATE    1.7
  SINCE SEP 1      2.7
  SNOW DEPTH       T

DEGREE DAYS
 HEATING
  YESTERDAY       41                        30     11       59
  MONTH TO DATE  896                       862     34     1023
  SINCE DEC 1   1662                      1718    -56     1816
  SINCE JUL 1   2705                      2602    103     2773

 COOLING
  YESTERDAY        0                         0      0        0
  MONTH TO DATE    0                         0      0        0
  SINCE DEC 1      0                         1     -1        2
  SINCE JAN 1      0                         0      0        0
..................................................................


WIND (MPH)
  HIGHEST WIND SPEED    10   HIGHEST WIND DIRECTION    NW (330)
  HIGHEST GUST SPEED    13   HIGHEST GUST DIRECTION    NW (320)
  AVERAGE WIND SPEED     1.8


SKY COVER
  POSSIBLE SUNSHINE  MM
  AVERAGE SKY COVER 0.4


WEATHER CONDITIONS
 THE FOLLOWING WEATHER WAS RECORDED YESTERDAY.
  LIGHT SNOW


RELATIVE HUMIDITY (PERCENT)
 HIGHEST    81          1000 PM
 LOWEST     43           500 PM
 AVERAGE    62

..........................................................


THE CHARLESTON WV CLIMATE NORMALS FOR TODAY
                         NORMAL    RECORD    YEAR
 MAXIMUM TEMPERATURE (F)   43        79      1914
 MINIMUM TEMPERATURE (F)   27        -8      1963


SUNRISE AND SUNSET
JANUARY 29 2015.......SUNRISE   734 AM EST   SUNSET   545 PM EST
JANUARY 30 2015.......SUNRISE   733 AM EST   SUNSET   546 PM EST


-  INDICATES NEGATIVE NUMBERS.
R  INDICATES RECORD WAS SET OR TIED.
MM INDICATES DATA IS MISSING.
T  INDICATES TRACE AMOUNT.




$$
