000
CDUS42 KFFC 220919
CLICSG


CLIMATE REPORT
NATIONAL WEATHER SERVICE PEACHTREE CITY GA
419 AM EST WED NOV 22 2017


...................................

...THE COLUMBUS CLIMATE SUMMARY FOR NOVEMBER 21 2017...

CLIMATE NORMAL PERIOD 1981 TO 2010
CLIMATE RECORD PERIOD 1948 TO 2017


WEATHER ITEM   OBSERVED TIME   RECORD YEAR NORMAL DEPARTURE LAST
                VALUE   (LST)  VALUE       VALUE  FROM      YEAR
                                                  NORMAL
..................................................................
TEMPERATURE (F)
 YESTERDAY
  MAXIMUM         72    318 PM  81    2011  67      5       66
  MINIMUM         45   1232 AM  21    1914  45      0       32
  AVERAGE         59                        56      3       49

PRECIPITATION (IN)
  YESTERDAY        0.03          3.70 1991   0.16  -0.13     0.00
  MONTH TO DATE    1.57                      2.68  -1.11     0.00
  SINCE SEP 1      9.38                      8.32   1.06     1.67
  SINCE JAN 1     48.39                     41.06   7.33    28.59

SNOWFALL (IN)
  YESTERDAY        0.0           0.0  2001   0.0    0.0      0.0
  MONTH TO DATE    0.0                       0.0    0.0      0.0
  SINCE SEP 1      0.0                       0.0    0.0      0.0
  SINCE JUL 1      0.0                       0.0    0.0      0.0
  SNOW DEPTH       0

DEGREE DAYS
 HEATING
  YESTERDAY        6                        10     -4       16
  MONTH TO DATE  128                       154    -26      123
  SINCE SEP 1    195                       230    -35      133
  SINCE JUL 1    195                       230    -35      133

 COOLING
  YESTERDAY        0                         0      0        0
  MONTH TO DATE   37                        23     14       30
  SINCE SEP 1    620                       491    129      697
  SINCE JAN 1   2714                      2363    351     2754
..................................................................


WIND (MPH)
  HIGHEST WIND SPEED     9   HIGHEST WIND DIRECTION     E (110)
  HIGHEST GUST SPEED    11   HIGHEST GUST DIRECTION     S (170)
  AVERAGE WIND SPEED     2.6


SKY COVER
  AVERAGE SKY COVER 0.6


WEATHER CONDITIONS
 THE FOLLOWING WEATHER WAS RECORDED YESTERDAY.
  NO SIGNIFICANT WEATHER WAS OBSERVED.


RELATIVE HUMIDITY (PERCENT)
 HIGHEST    90           700 PM
 LOWEST     61           200 PM
 AVERAGE    76

..........................................................


THE COLUMBUS CLIMATE NORMALS FOR TODAY
                         NORMAL    RECORD    YEAR
 MAXIMUM TEMPERATURE (F)   66        79      1979
                                             1942
                                             1934
 MINIMUM TEMPERATURE (F)   44        22      1937


SUNRISE AND SUNSET
NOVEMBER 22 2017......SUNRISE   716 AM EST   SUNSET   536 PM EST
NOVEMBER 23 2017......SUNRISE   717 AM EST   SUNSET   535 PM EST


-  INDICATES NEGATIVE NUMBERS.
R  INDICATES RECORD WAS SET OR TIED.
MM INDICATES DATA IS MISSING.
T  INDICATES TRACE AMOUNT.




$$
