000
CDUS42 KFFC 220035
CLICSG


CLIMATE REPORT
NATIONAL WEATHER SERVICE PEACHTREE CITY GA
735 PM EST WED FEB 21 2018


...................................

...THE COLUMBUS CLIMATE SUMMARY FOR FEBRUARY 21 2018...
VALID AS OF 0700 PM LOCAL TIME.

CLIMATE NORMAL PERIOD 1981 TO 2010
CLIMATE RECORD PERIOD 1948 TO 2018


WEATHER ITEM   OBSERVED TIME   RECORD YEAR NORMAL DEPARTURE LAST
                VALUE   (LST)  VALUE       VALUE  FROM      YEAR
                                                  NORMAL
..................................................................
TEMPERATURE (F)
 TODAY
  MAXIMUM         83R   424 PM  81    1922  64     19       70
  MINIMUM         66    348 AM  18    1958  41     25       55
  AVERAGE         75                        52     23       63

PRECIPITATION (IN)
  TODAY            0.04          1.61 1997   0.17  -0.13     0.93
  MONTH TO DATE    2.73                      3.29  -0.56     2.21
  SINCE DEC 1      6.88                     11.41  -4.53    18.06
  SINCE JAN 1      4.33                      7.14  -2.81    13.69

SNOWFALL (IN)
  TODAY            0.0           0.0  2002   0.0    0.0      0.0
  MONTH TO DATE    0.0                       0.0    0.0      0.0
  SINCE DEC 1      2.0                       0.3    1.7      0.0
  SINCE JUL 1      2.0                       0.3    1.7      0.0
  SNOW DEPTH       0

DEGREE DAYS
 HEATING
  TODAY            0                        13    -13        2
  MONTH TO DATE  133                       311   -178      179
  SINCE DEC 1   1188                      1362   -174      913
  SINCE JUL 1   1452                      1694   -242     1100
..................................................................


WIND (MPH)
  HIGHEST WIND SPEED    15   HIGHEST WIND DIRECTION     S (180)
  HIGHEST GUST SPEED    20   HIGHEST GUST DIRECTION     S (190)
  AVERAGE WIND SPEED     6.7


SKY COVER
  AVERAGE SKY COVER 0.8


WEATHER CONDITIONS
 THE FOLLOWING WEATHER WAS RECORDED TODAY.
  FOG


RELATIVE HUMIDITY (PERCENT)
 HIGHEST    93           300 AM
 LOWEST     51           400 PM

..........................................................


THE COLUMBUS CLIMATE NORMALS FOR TOMORROW
                         NORMAL    RECORD
 MAXIMUM TEMPERATURE (F)   64        80
 MINIMUM TEMPERATURE (F)   42        15


SUNRISE AND SUNSET
FEBRUARY 21 2018......SUNRISE   716 AM EST   SUNSET   631 PM EST
FEBRUARY 22 2018......SUNRISE   715 AM EST   SUNSET   632 PM EST


-  INDICATES NEGATIVE NUMBERS.
R  INDICATES RECORD WAS SET OR TIED.
MM INDICATES DATA IS MISSING.
T  INDICATES TRACE AMOUNT.




$$
