000
CDUS42 KFFC 090937
CLICSG


CLIMATE REPORT
NATIONAL WEATHER SERVICE PEACHTREE CITY GA
437 AM EST FRI DEC 9 2016


...................................

...THE COLUMBUS CLIMATE SUMMARY FOR DECEMBER 8 2016...

CLIMATE NORMAL PERIOD 1981 TO 2010
CLIMATE RECORD PERIOD 1948 TO 2016


WEATHER ITEM   OBSERVED TIME   RECORD YEAR NORMAL DEPARTURE LAST
                VALUE   (LST)  VALUE       VALUE  FROM      YEAR
                                                  NORMAL
..................................................................
TEMPERATURE (F)
 YESTERDAY
  MAXIMUM         56    244 PM  81    1926  61     -5       66
  MINIMUM         40   1159 PM  22    2006  40      0       36
                                      1937
  AVERAGE         48                        50     -2       51

PRECIPITATION (IN)
  YESTERDAY        0.00          2.64 1905   0.15  -0.15     0.00
  MONTH TO DATE    1.97                      1.21   0.76     0.14
  SINCE DEC 1      1.97                      1.21   0.76     0.14
  SINCE JAN 1     32.74                     43.69 -10.95    45.86

SNOWFALL (IN)
  YESTERDAY        0.0           0.0  2001   0.0    0.0      0.0
  MONTH TO DATE    0.0                       0.0    0.0      0.0
  SINCE DEC 1      0.0                       0.0    0.0      0.0
  SINCE JUL 1      0.0                       0.0    0.0      0.0
  SNOW DEPTH       0

DEGREE DAYS
 HEATING
  YESTERDAY       17                        15      2       14
  MONTH TO DATE  103                       110     -7       80
  SINCE DEC 1    103                       110     -7       80
  SINCE JUL 1    290                       442   -152      276

 COOLING
  YESTERDAY        0                         0      0        0
  MONTH TO DATE    0                         0      0        1
  SINCE DEC 1      0                         0      0        1
  SINCE JAN 1   2755                      2364    391     2490
..................................................................


WIND (MPH)
  HIGHEST WIND SPEED    21   HIGHEST WIND DIRECTION     N (350)
  HIGHEST GUST SPEED    26   HIGHEST GUST DIRECTION     N (340)
  AVERAGE WIND SPEED    10.0


SKY COVER
  AVERAGE SKY COVER 0.3


WEATHER CONDITIONS
 THE FOLLOWING WEATHER WAS RECORDED YESTERDAY.
  NO SIGNIFICANT WEATHER WAS OBSERVED.


RELATIVE HUMIDITY (PERCENT)
 HIGHEST    80           200 AM
 LOWEST     26           300 PM
 AVERAGE    53

..........................................................


THE COLUMBUS CLIMATE NORMALS FOR TODAY
                         NORMAL    RECORD    YEAR
 MAXIMUM TEMPERATURE (F)   61        79      1943
 MINIMUM TEMPERATURE (F)   40        18      1917


SUNRISE AND SUNSET
DECEMBER  9 2016......SUNRISE   730 AM EST   SUNSET   534 PM EST
DECEMBER 10 2016......SUNRISE   731 AM EST   SUNSET   535 PM EST


-  INDICATES NEGATIVE NUMBERS.
R  INDICATES RECORD WAS SET OR TIED.
MM INDICATES DATA IS MISSING.
T  INDICATES TRACE AMOUNT.




$$
