000
CDUS42 KFFC 180917
CLICSG


CLIMATE REPORT
NATIONAL WEATHER SERVICE PEACHTREE CITY GA
417 AM EST THU DEC 18 2014


...................................

...THE COLUMBUS CLIMATE SUMMARY FOR DECEMBER 17 2014...

CLIMATE NORMAL PERIOD 1981 TO 2010
CLIMATE RECORD PERIOD 1948 TO 2014


WEATHER ITEM   OBSERVED TIME   RECORD YEAR NORMAL DEPARTURE LAST
                VALUE   (LST)  VALUE       VALUE  FROM      YEAR
                                                  NORMAL
..................................................................
TEMPERATURE (F)
 YESTERDAY
  MAXIMUM         61    356 PM  79    1984  59      2       63
  MINIMUM         37    723 AM  18    1960  39     -2       31
  AVERAGE         49                        49      0       47

PRECIPITATION (IN)
  YESTERDAY        0.00          1.76 1992   0.14  -0.14     0.00
  MONTH TO DATE    0.39                      2.45  -2.06     2.36
  SINCE DEC 1      0.39                      2.45  -2.06     2.36
  SINCE JAN 1     47.90                     44.93   2.97    56.14

SNOWFALL (IN)
  YESTERDAY        0.0           0.0  2001   0.0    0.0      0.0
  MONTH TO DATE    0.0                       0.0    0.0      0.0
  SINCE DEC 1      0.0                       0.0    0.0      0.0
  SINCE JUL 1      0.0                       0.0    0.0      0.0
  SNOW DEPTH       0

DEGREE DAYS
 HEATING
  YESTERDAY       16                        16      0       18
  MONTH TO DATE  206                       250    -44      196
  SINCE DEC 1    206                       250    -44      196
  SINCE JUL 1    674                       582     92      544

 COOLING
  YESTERDAY        0                         0      0        0
  MONTH TO DATE    1                         0      1       15
  SINCE DEC 1      1                         0      1       15
  SINCE JAN 1   2314                      2364    -50     2362
..................................................................


WIND (MPH)
  HIGHEST WIND SPEED    10   HIGHEST WIND DIRECTION     N (10)
  HIGHEST GUST SPEED    16   HIGHEST GUST DIRECTION    NE (30)
  AVERAGE WIND SPEED     4.6


SKY COVER
  AVERAGE SKY COVER 0.0


WEATHER CONDITIONS
 THE FOLLOWING WEATHER WAS RECORDED YESTERDAY.
  NO SIGNIFICANT WEATHER WAS OBSERVED.


RELATIVE HUMIDITY (PERCENT)
 HIGHEST    92           700 AM
 LOWEST     42           300 PM
 AVERAGE    67

..........................................................


THE COLUMBUS CLIMATE NORMALS FOR TODAY
                         NORMAL    RECORD    YEAR
 MAXIMUM TEMPERATURE (F)   59        78      1984
 MINIMUM TEMPERATURE (F)   38        18      1953


SUNRISE AND SUNSET
DECEMBER 18 2014......SUNRISE   736 AM EST   SUNSET   537 PM EST
DECEMBER 19 2014......SUNRISE   736 AM EST   SUNSET   537 PM EST


-  INDICATES NEGATIVE NUMBERS.
R  INDICATES RECORD WAS SET OR TIED.
MM INDICATES DATA IS MISSING.
T  INDICATES TRACE AMOUNT.




$$
