000
CDUS42 KFFC 282042
CLICSG


CLIMATE REPORT
NATIONAL WEATHER SERVICE PEACHTREE CITY GA
442 PM EDT SUN MAY 28 2017


...................................

...THE COLUMBUS CLIMATE SUMMARY FOR MAY 28 2017...
VALID TODAY AS OF 0400 PM LOCAL TIME.

CLIMATE NORMAL PERIOD 1981 TO 2010
CLIMATE RECORD PERIOD 1948 TO 2017


WEATHER ITEM   OBSERVED TIME   RECORD YEAR NORMAL DEPARTURE LAST
                VALUE   (LST)  VALUE       VALUE  FROM      YEAR
                                                  NORMAL
..................................................................
TEMPERATURE (F)
 TODAY
  MAXIMUM         91    310 PM 100    1916  87      4       88
  MINIMUM         72    357 AM  43    1961  66      6       67
  AVERAGE         82                        76      6       78

PRECIPITATION (IN)
  TODAY            0.00          2.37 1996   0.10  -0.10     0.00
  MONTH TO DATE    5.35                      2.85   2.50     2.51
  SINCE MAR 1     11.29                     11.86  -0.57    12.01
  SINCE JAN 1     25.55                     20.15   5.40    19.44

DEGREE DAYS
 HEATING
  TODAY            0                         0      0        0
  MONTH TO DATE   13                         6      7        7
  SINCE MAR 1    239                       341   -102      221
  SINCE JUL 1   1369                      2118   -749     1611

 COOLING
  TODAY           17                        11      6       13
  MONTH TO DATE  238                       218     20      200
  SINCE MAR 1    493                       318    175      338
  SINCE JAN 1    510                       322    188      340
..................................................................


WIND (MPH)
  RESULTANT WIND SPEED   8   RESULTANT WIND DIRECTION   W (270)
  HIGHEST WIND SPEED    21   HIGHEST WIND DIRECTION     W (270)
  HIGHEST GUST SPEED    27   HIGHEST GUST DIRECTION     W (260)
  AVERAGE WIND SPEED     8.1


SKY COVER
  AVERAGE SKY COVER 0.3


WEATHER CONDITIONS
 THE FOLLOWING WEATHER WAS RECORDED TODAY.
  NO SIGNIFICANT WEATHER WAS OBSERVED.


RELATIVE HUMIDITY (PERCENT)
 HIGHEST    93           300 AM
 LOWEST     47           200 PM
 AVERAGE    70

..........................................................


THE COLUMBUS CLIMATE NORMALS FOR TOMORROW
                         NORMAL    RECORD    YEAR
 MAXIMUM TEMPERATURE (F)   87        99      1941
                                             1937
 MINIMUM TEMPERATURE (F)   66        48      1961


SUNRISE AND SUNSET
MAY 28 2017...........SUNRISE   634 AM EDT   SUNSET   840 PM EDT
MAY 29 2017...........SUNRISE   634 AM EDT   SUNSET   841 PM EDT


-  INDICATES NEGATIVE NUMBERS.
R  INDICATES RECORD WAS SET OR TIED.
MM INDICATES DATA IS MISSING.
T  INDICATES TRACE AMOUNT.




$$
