000
CDUS42 KFFC 030032
CLICSG


CLIMATE REPORT
NATIONAL WEATHER SERVICE PEACHTREE CITY GA
831 PM EDT TUE SEP 2 2014


...................................

...THE COLUMBUS CLIMATE SUMMARY FOR SEPTEMBER 2 2014...
VALID AS OF 0800 PM LOCAL TIME.

CLIMATE NORMAL PERIOD 1981 TO 2010
CLIMATE RECORD PERIOD 1948 TO 2014


WEATHER ITEM   OBSERVED TIME   RECORD YEAR NORMAL DEPARTURE LAST
                VALUE   (LST)  VALUE       VALUE  FROM      YEAR
                                                  NORMAL
..................................................................
TEMPERATURE (F)
 TODAY
  MAXIMUM         96    424 PM  99    1957  90      6       89
  MINIMUM         73    655 AM  58    1954  71      2       74
  AVERAGE         85                        80      5       82

PRECIPITATION (IN)
  TODAY            0.00          3.16 1965   0.11  -0.11     0.00
  MONTH TO DATE    0.14                      0.22  -0.08      T
  SINCE SEP 1      0.14                      0.22  -0.08      T
  SINCE JAN 1     36.32                     32.96   3.36    50.37

DEGREE DAYS
 HEATING
  TODAY            0                         0      0        0
  MONTH TO DATE    0                         0      0        0
  SINCE SEP 1      0                         0      0        0
  SINCE JUL 1      0                         0      0        0

 COOLING
  TODAY           20                        15      5       17
  MONTH TO DATE   40                        30     10       37
  SINCE SEP 1     40                        30     10       37
  SINCE JAN 1   1835                      1902    -67     1821
..................................................................


WIND (MPH)
  HIGHEST WIND SPEED    12   HIGHEST WIND DIRECTION     W (270)
  HIGHEST GUST SPEED    23   HIGHEST GUST DIRECTION     W (280)
  AVERAGE WIND SPEED     2.6


SKY COVER
  AVERAGE SKY COVER 0.1


WEATHER CONDITIONS
 THE FOLLOWING WEATHER WAS RECORDED TODAY.
  NO SIGNIFICANT WEATHER WAS OBSERVED.


RELATIVE HUMIDITY (PERCENT)
 HIGHEST    93          1200 AM
 LOWEST     38           400 PM

..........................................................


THE COLUMBUS CLIMATE NORMALS FOR TOMORROW
                         NORMAL    RECORD
 MAXIMUM TEMPERATURE (F)   90        99
 MINIMUM TEMPERATURE (F)   70        58


SUNRISE AND SUNSET
SEPTEMBER  2 2014.....SUNRISE   715 AM EDT   SUNSET   803 PM EDT
SEPTEMBER  3 2014.....SUNRISE   716 AM EDT   SUNSET   802 PM EDT


-  INDICATES NEGATIVE NUMBERS.
R  INDICATES RECORD WAS SET OR TIED.
MM INDICATES DATA IS MISSING.
T  INDICATES TRACE AMOUNT.




$$
