000
CDUS42 KFFC 230836
CLICSG


CLIMATE REPORT
NATIONAL WEATHER SERVICE PEACHTREE CITY GA
435 AM EDT SAT MAY 23 2015


...................................

...THE COLUMBUS CLIMATE SUMMARY FOR MAY 22 2015...

CLIMATE NORMAL PERIOD 1981 TO 2010
CLIMATE RECORD PERIOD 1948 TO 2015


WEATHER ITEM   OBSERVED TIME   RECORD YEAR NORMAL DEPARTURE LAST
                VALUE   (LST)  VALUE       VALUE  FROM      YEAR
                                                  NORMAL
..................................................................
TEMPERATURE (F)
 YESTERDAY
  MAXIMUM         82    419 PM  96    2011  86     -4       90
  MINIMUM         55    641 AM  45    1954  64     -9       65
  AVERAGE         69                        75     -6       78

PRECIPITATION (IN)
  YESTERDAY        0.00          2.25 1967   0.10  -0.10     0.00
  MONTH TO DATE    0.72                      2.24  -1.52     2.47
  SINCE MAR 1      9.65                     11.25  -1.60    17.17
  SINCE JAN 1     17.02                     19.54  -2.52    25.49

DEGREE DAYS
 HEATING
  YESTERDAY        0                         0      0        0
  MONTH TO DATE    2                         6     -4       15
  SINCE MAR 1    202                       341   -139      406
  SINCE JUL 1   2212                      2118     94     2349

 COOLING
  YESTERDAY        4                        10     -6       13
  MONTH TO DATE  194                       155     39      143
  SINCE MAR 1    343                       255     88      211
  SINCE JAN 1    343                       259     84      214
..................................................................


WIND (MPH)
  HIGHEST WIND SPEED    10   HIGHEST WIND DIRECTION    NE (60)
  HIGHEST GUST SPEED    17   HIGHEST GUST DIRECTION    NE (30)
  AVERAGE WIND SPEED     4.2


SKY COVER
  AVERAGE SKY COVER 0.0


WEATHER CONDITIONS
 THE FOLLOWING WEATHER WAS RECORDED YESTERDAY.
  NO SIGNIFICANT WEATHER WAS OBSERVED.


RELATIVE HUMIDITY (PERCENT)
 HIGHEST    72           300 AM
 LOWEST     33           400 PM
 AVERAGE    53

..........................................................


THE COLUMBUS CLIMATE NORMALS FOR TODAY
                         NORMAL    RECORD    YEAR
 MAXIMUM TEMPERATURE (F)   86        97      1996
 MINIMUM TEMPERATURE (F)   64        49      1954


SUNRISE AND SUNSET
MAY 23 2015...........SUNRISE   637 AM EDT   SUNSET   836 PM EDT
MAY 24 2015...........SUNRISE   636 AM EDT   SUNSET   837 PM EDT


-  INDICATES NEGATIVE NUMBERS.
R  INDICATES RECORD WAS SET OR TIED.
MM INDICATES DATA IS MISSING.
T  INDICATES TRACE AMOUNT.




$$
