000
CDUS42 KFFC 250023
CLICSG


CLIMATE REPORT
NATIONAL WEATHER SERVICE PEACHTREE CITY GA
823 PM EDT SUN SEP 24 2017


...................................

...THE COLUMBUS CLIMATE SUMMARY FOR SEPTEMBER 24 2017...
VALID AS OF 0800 PM LOCAL TIME.

CLIMATE NORMAL PERIOD 1981 TO 2010
CLIMATE RECORD PERIOD 1948 TO 2017


WEATHER ITEM   OBSERVED TIME   RECORD YEAR NORMAL DEPARTURE LAST
                VALUE   (LST)  VALUE       VALUE  FROM      YEAR
                                                  NORMAL
..................................................................
TEMPERATURE (F)
 TODAY
  MAXIMUM         88    442 PM 100    1921  84      4       96
  MINIMUM         71    234 AM  47    1982  64      7       69
  AVERAGE         80                        74      6       83

PRECIPITATION (IN)
  TODAY            0.00          2.45 1956   0.10  -0.10      T
  MONTH TO DATE    3.19                      2.47   0.72     0.34
  SINCE SEP 1      3.19                      2.47   0.72     0.34
  SINCE JAN 1     42.20                     35.21   6.99    27.26

DEGREE DAYS
 HEATING
  TODAY            0                         0      0        0
  MONTH TO DATE    3                         0      3        0
  SINCE SEP 1      3                         0      3        0
  SINCE JUL 1      3                         0      3        0

 COOLING
  TODAY           15                         9      6       18
  MONTH TO DATE  280                       300    -20      396
  SINCE SEP 1    280                       300    -20      396
  SINCE JAN 1   2374                      2172    202     2453
..................................................................


WIND (MPH)
  HIGHEST WIND SPEED    16   HIGHEST WIND DIRECTION     E (100)
  HIGHEST GUST SPEED    20   HIGHEST GUST DIRECTION     E (80)
  AVERAGE WIND SPEED     6.3


SKY COVER
  AVERAGE SKY COVER 0.1


WEATHER CONDITIONS
 THE FOLLOWING WEATHER WAS RECORDED TODAY.
  NO SIGNIFICANT WEATHER WAS OBSERVED.


RELATIVE HUMIDITY (PERCENT)
 HIGHEST    84           300 AM
 LOWEST     39           200 PM

..........................................................


THE COLUMBUS CLIMATE NORMALS FOR TOMORROW
                         NORMAL    RECORD
 MAXIMUM TEMPERATURE (F)   84       101
 MINIMUM TEMPERATURE (F)   64        48


SUNRISE AND SUNSET
SEPTEMBER 24 2017.....SUNRISE   729 AM EDT   SUNSET   733 PM EDT
SEPTEMBER 25 2017.....SUNRISE   730 AM EDT   SUNSET   732 PM EDT


-  INDICATES NEGATIVE NUMBERS.
R  INDICATES RECORD WAS SET OR TIED.
MM INDICATES DATA IS MISSING.
T  INDICATES TRACE AMOUNT.




$$
