000
CDUS42 KFFC 240025
CLICSG


CLIMATE REPORT
NATIONAL WEATHER SERVICE PEACHTREE CITY GA
825 PM EDT SUN JUL 23 2017


...................................

...THE COLUMBUS CLIMATE SUMMARY FOR JULY 23 2017...
VALID AS OF 0800 PM LOCAL TIME.

CLIMATE NORMAL PERIOD 1981 TO 2010
CLIMATE RECORD PERIOD 1948 TO 2017


WEATHER ITEM   OBSERVED TIME   RECORD YEAR NORMAL DEPARTURE LAST
                VALUE   (LST)  VALUE       VALUE  FROM      YEAR
                                                  NORMAL
..................................................................
TEMPERATURE (F)
 TODAY
  MAXIMUM         95    505 PM 103    1952  92      3       96
                                      1943
  MINIMUM         77    650 AM  63    1947  73      4       74
  AVERAGE         86                        83      3       85

PRECIPITATION (IN)
  TODAY            0.00          3.15 1946   0.14  -0.14     0.00
  MONTH TO DATE    2.42                      3.62  -1.20     0.86
  SINCE JUN 1      6.00                      7.34  -1.34     3.01
  SINCE JAN 1     31.57                     27.83   3.74    22.45

DEGREE DAYS
 COOLING
  TODAY           21                        18      3       20
  MONTH TO DATE  442                       406     36      445
  SINCE JUN 1    864                       852     12      941
  SINCE JAN 1   1416                      1210    206     1327
..................................................................


WIND (MPH)
  HIGHEST WIND SPEED    16   HIGHEST WIND DIRECTION    SW (230)
  HIGHEST GUST SPEED    21   HIGHEST GUST DIRECTION    SW (230)
  AVERAGE WIND SPEED     6.3


SKY COVER
  AVERAGE SKY COVER 0.3


WEATHER CONDITIONS
 THE FOLLOWING WEATHER WAS RECORDED TODAY.
  NO SIGNIFICANT WEATHER WAS OBSERVED.


RELATIVE HUMIDITY (PERCENT)
 HIGHEST    88           600 AM
 LOWEST     46           400 PM

..........................................................


THE COLUMBUS CLIMATE NORMALS FOR TOMORROW
                         NORMAL    RECORD
 MAXIMUM TEMPERATURE (F)   92       104
 MINIMUM TEMPERATURE (F)   73        65


SUNRISE AND SUNSET
JULY 23 2017..........SUNRISE   648 AM EDT   SUNSET   844 PM EDT
JULY 24 2017..........SUNRISE   649 AM EDT   SUNSET   843 PM EDT


-  INDICATES NEGATIVE NUMBERS.
R  INDICATES RECORD WAS SET OR TIED.
MM INDICATES DATA IS MISSING.
T  INDICATES TRACE AMOUNT.




$$
