000
CDUS42 KFFC 062033
CLICSG


CLIMATE REPORT
NATIONAL WEATHER SERVICE PEACHTREE CITY GA
433 PM EDT FRI MAY 6 2016


...................................

...THE COLUMBUS CLIMATE SUMMARY FOR MAY 6 2016...
VALID TODAY AS OF 0400 PM LOCAL TIME.

CLIMATE NORMAL PERIOD 1981 TO 2010
CLIMATE RECORD PERIOD 1948 TO 2016


WEATHER ITEM   OBSERVED TIME   RECORD YEAR NORMAL DEPARTURE LAST
                VALUE   (LST)  VALUE       VALUE  FROM      YEAR
                                                  NORMAL
..................................................................
TEMPERATURE (F)
 TODAY
  MAXIMUM         73    325 PM  96    1930  82     -9       83
  MINIMUM         48    550 AM  45    1954  59    -11       57
  AVERAGE         61                        70     -9       70

PRECIPITATION (IN)
  TODAY            0.00          1.41 1919   0.11  -0.11     0.00
  MONTH TO DATE    0.01                      0.63  -0.62     0.00
  SINCE MAR 1      9.51                      9.64  -0.13     8.93
  SINCE JAN 1     16.94                     17.93  -0.99    16.30

DEGREE DAYS
 HEATING
  TODAY            4                         1      3        0
  MONTH TO DATE    7                         6      1        2
  SINCE MAR 1    221                       341   -120      202
  SINCE JUL 1   1611                      2118   -507     2212

 COOLING
  TODAY            0                         6     -6        5
  MONTH TO DATE   26                        31     -5       16
  SINCE MAR 1    164                       131     33      165
  SINCE JAN 1    166                       135     31      165
..................................................................


WIND (MPH)
  RESULTANT WIND SPEED  10   RESULTANT WIND DIRECTION   N (350)
  HIGHEST WIND SPEED    22   HIGHEST WIND DIRECTION    NW (330)
  HIGHEST GUST SPEED    28   HIGHEST GUST DIRECTION    NW (330)
  AVERAGE WIND SPEED    10.1


SKY COVER
  AVERAGE SKY COVER 0.1


WEATHER CONDITIONS
 THE FOLLOWING WEATHER WAS RECORDED TODAY.
  NO SIGNIFICANT WEATHER WAS OBSERVED.


RELATIVE HUMIDITY (PERCENT)
 HIGHEST    71           400 AM
 LOWEST     31          1200 PM
 AVERAGE    51

..........................................................


THE COLUMBUS CLIMATE NORMALS FOR TOMORROW
                         NORMAL    RECORD    YEAR
 MAXIMUM TEMPERATURE (F)   82        93      1930
 MINIMUM TEMPERATURE (F)   59        41      1944


SUNRISE AND SUNSET
MAY  6 2016...........SUNRISE   648 AM EDT   SUNSET   825 PM EDT
MAY  7 2016...........SUNRISE   647 AM EDT   SUNSET   826 PM EDT


-  INDICATES NEGATIVE NUMBERS.
R  INDICATES RECORD WAS SET OR TIED.
MM INDICATES DATA IS MISSING.
T  INDICATES TRACE AMOUNT.




$$
