000
CDUS42 KFFC 280029
CLICSG


CLIMATE REPORT
NATIONAL WEATHER SERVICE PEACHTREE CITY GA
729 PM EST MON FEB 27 2017


...................................

...THE COLUMBUS CLIMATE SUMMARY FOR FEBRUARY 27 2017...
VALID AS OF 0700 PM LOCAL TIME.

CLIMATE NORMAL PERIOD 1981 TO 2010
CLIMATE RECORD PERIOD 1948 TO 2017


WEATHER ITEM   OBSERVED TIME   RECORD YEAR NORMAL DEPARTURE LAST
                VALUE   (LST)  VALUE       VALUE  FROM      YEAR
                                                  NORMAL
..................................................................
TEMPERATURE (F)
 TODAY
  MAXIMUM         67   1214 PM  84    1944  65      2       63
  MINIMUM         44    251 AM  17    1963  43      1       30
  AVERAGE         56                        54      2       47

PRECIPITATION (IN)
  TODAY            0.35          4.56 1929   0.17   0.18     0.00
  MONTH TO DATE    2.78                      4.28  -1.50     4.23
  SINCE DEC 1     18.63                     12.40   6.23    24.81
  SINCE JAN 1     14.26                      8.13   6.13     7.43

SNOWFALL (IN)
  TODAY            0.0           0.0  2002   0.0    0.0      0.0
  MONTH TO DATE    0.0                       0.0    0.0      0.0
  SINCE DEC 1      0.0                       0.3   -0.3      0.0
  SINCE JUL 1      0.0                       0.3   -0.3      0.0
  SNOW DEPTH       0

DEGREE DAYS
 HEATING
  TODAY            9                        11     -2       18
  MONTH TO DATE  207                       383   -176      370
  SINCE DEC 1    941                      1434   -493     1173
  SINCE JUL 1   1128                      1766   -638     1369
..................................................................


WIND (MPH)
  HIGHEST WIND SPEED    18   HIGHEST WIND DIRECTION    SE (150)
  HIGHEST GUST SPEED    25   HIGHEST GUST DIRECTION     N (360)
  AVERAGE WIND SPEED     7.2


SKY COVER
  AVERAGE SKY COVER 0.4


WEATHER CONDITIONS
 THE FOLLOWING WEATHER WAS RECORDED TODAY.
  RAIN
  LIGHT RAIN
  FOG


RELATIVE HUMIDITY (PERCENT)
 HIGHEST    96           500 PM
 LOWEST     39           800 AM

..........................................................


THE COLUMBUS CLIMATE NORMALS FOR TOMORROW
                         NORMAL    RECORD
 MAXIMUM TEMPERATURE (F)   65        82
 MINIMUM TEMPERATURE (F)   43        21


SUNRISE AND SUNSET
FEBRUARY 27 2017......SUNRISE   709 AM EST   SUNSET   636 PM EST
FEBRUARY 28 2017......SUNRISE   708 AM EST   SUNSET   637 PM EST


-  INDICATES NEGATIVE NUMBERS.
R  INDICATES RECORD WAS SET OR TIED.
MM INDICATES DATA IS MISSING.
T  INDICATES TRACE AMOUNT.




$$
