000
CDUS42 KFFC 250816
CLICSG


CLIMATE REPORT
NATIONAL WEATHER SERVICE PEACHTREE CITY GA
415 AM EDT TUE APR 25 2017


...................................

...THE COLUMBUS CLIMATE SUMMARY FOR APRIL 24 2017...

CLIMATE NORMAL PERIOD 1981 TO 2010
CLIMATE RECORD PERIOD 1948 TO 2017


WEATHER ITEM   OBSERVED TIME   RECORD YEAR NORMAL DEPARTURE LAST
                VALUE   (LST)  VALUE       VALUE  FROM      YEAR
                                                  NORMAL
..................................................................
TEMPERATURE (F)
 YESTERDAY
  MAXIMUM         67    619 PM  94    1925  79    -12       82
  MINIMUM         56    548 AM  38    1986  55      1       53
  AVERAGE         62                        67     -5       68

PRECIPITATION (IN)
  YESTERDAY        T             1.04 2010   0.10  -0.10     0.00
  MONTH TO DATE    2.37                      2.91  -0.54     6.38
  SINCE MAR 1      3.90                      8.37  -4.47     8.94
  SINCE JAN 1     18.16                     16.66   1.50    16.37

DEGREE DAYS
 HEATING
  YESTERDAY        3                         2      1        0
  MONTH TO DATE   23                        83    -60       69
  SINCE MAR 1    226                       329   -103      214
  SINCE JUL 1   1356                      2106   -750     1604

 COOLING
  YESTERDAY        0                         3     -3        3
  MONTH TO DATE  124                        54     70       26
  SINCE MAR 1    194                        77    117       83
  SINCE JAN 1    211                        81    130       85
..................................................................


WIND (MPH)
  HIGHEST WIND SPEED    17   HIGHEST WIND DIRECTION     N (340)
  HIGHEST GUST SPEED    22   HIGHEST GUST DIRECTION     N (340)
  AVERAGE WIND SPEED     7.0


SKY COVER
  AVERAGE SKY COVER 0.8


WEATHER CONDITIONS
 THE FOLLOWING WEATHER WAS RECORDED YESTERDAY.
  LIGHT RAIN
  FOG
  HAZE


RELATIVE HUMIDITY (PERCENT)
 HIGHEST    87          1100 PM
 LOWEST     63           300 PM
 AVERAGE    75

..........................................................


THE COLUMBUS CLIMATE NORMALS FOR TODAY
                         NORMAL    RECORD    YEAR
 MAXIMUM TEMPERATURE (F)   79        91      1932
 MINIMUM TEMPERATURE (F)   55        38      1910


SUNRISE AND SUNSET
APRIL 25 2017.........SUNRISE   659 AM EDT   SUNSET   817 PM EDT
APRIL 26 2017.........SUNRISE   658 AM EDT   SUNSET   818 PM EDT


-  INDICATES NEGATIVE NUMBERS.
R  INDICATES RECORD WAS SET OR TIED.
MM INDICATES DATA IS MISSING.
T  INDICATES TRACE AMOUNT.




$$
