000
CDUS44 KOHX 240750
CLICSV

CLIMATE REPORT
NATIONAL WEATHER SERVICE NASHVILLE TN
236 AM CDT THU JUL 24 2014


...................................

...THE CROSSVILLE CLIMATE SUMMARY FOR JULY 23 2014...

CLIMATE NORMAL PERIOD 1981 TO 2010
CLIMATE RECORD PERIOD 1954 TO 2014


WEATHER ITEM   OBSERVED TIME   RECORD YEAR NORMAL DEPARTURE
                VALUE   (LST)  VALUE       VALUE  FROM
                                                  NORMAL
...............................................................
TEMPERATURE (F)
 YESTERDAY
  MAXIMUM         81   1144 AM  93    1991  84     -3
  MINIMUM         68    151 PM  59    2003  66      2
  AVERAGE         75                        75      0

PRECIPITATION (IN)
  YESTERDAY        1.27R         1.27 1965   0.17   1.10
  MONTH TO DATE    4.93                      3.82   1.11
  SINCE JUN 1      9.26                      8.42   0.84
  SINCE JAN 1     27.17                     32.80  -5.63

DEGREE DAYS
 HEATING
  YESTERDAY        0                                0
  MONTH TO DATE    0                                0
  SINCE JUN 1      0                              -14
  SINCE JUL 1      0                                0

 COOLING
  YESTERDAY       10                                0
  MONTH TO DATE  167                              -57
  SINCE JUN 1    395                              -24
  SINCE JAN 1    513                               11
...............................................................


WIND (MPH)
  HIGHEST WIND SPEED    16   HIGHEST WIND DIRECTION    NE (50)
  HIGHEST GUST SPEED    21   HIGHEST GUST DIRECTION    NE (40)
  AVERAGE WIND SPEED     3.2


SKY COVER
  AVERAGE SKY COVER 0.4


WEATHER CONDITIONS
 THE FOLLOWING WEATHER WAS RECORDED YESTERDAY.
  THUNDERSTORM
  HEAVY RAIN
  RAIN
  LIGHT RAIN
  FOG


RELATIVE HUMIDITY (PERCENT)
 HIGHEST    97           100 PM
 LOWEST     69           900 AM
 AVERAGE    83

..........................................................


THE CROSSVILLE CLIMATE NORMALS FOR TODAY
                         NORMAL    RECORD    YEAR
 MAXIMUM TEMPERATURE (F)   84        96      1993
 MINIMUM TEMPERATURE (F)   65        56      2008


SUNRISE AND SUNSET
JULY 24 2014..........SUNRISE   542 AM CDT   SUNSET   752 PM CDT
JULY 25 2014..........SUNRISE   542 AM CDT   SUNSET   751 PM CDT


-  INDICATES NEGATIVE NUMBERS.
R  INDICATES RECORD WAS SET OR TIED.
MM INDICATES DATA IS MISSING.
T  INDICATES TRACE AMOUNT.




$$
19
