000
CDUS44 KOHX 160625
CLICSV

CLIMATE REPORT
NATIONAL WEATHER SERVICE NASHVILLE TN
123 AM CDT WED APR 16 2014


...................................

...THE CROSSVILLE CLIMATE SUMMARY FOR APRIL 15 2014...

CLIMATE NORMAL PERIOD 1981 TO 2010
CLIMATE RECORD PERIOD 1954 TO 2014


WEATHER ITEM   OBSERVED TIME   RECORD YEAR NORMAL DEPARTURE
                VALUE   (LST)  VALUE       VALUE  FROM
                                                  NORMAL
...............................................................
TEMPERATURE (F)
 YESTERDAY
  MAXIMUM         56   1201 AM  81    2002  67    -11
  MINIMUM         32   1159 PM  23    1957  45    -13
  AVERAGE         44                        56    -12

PRECIPITATION (IN)
  YESTERDAY        0.08          2.67 1956   0.15  -0.07
  MONTH TO DATE    2.78                      2.41   0.37
  SINCE MAR 1      5.77                      7.39  -1.62
  SINCE JAN 1     11.43                     16.61  -5.18

DEGREE DAYS
 HEATING
  YESTERDAY       21                               11
  MONTH TO DATE  119                              -55
  SINCE MAR 1    755                               25
  SINCE JUL 1   4296                              270

 COOLING
  YESTERDAY        0                                0
  MONTH TO DATE    7                                7
  SINCE MAR 1      7                                5
  SINCE JAN 1      7                                5
...............................................................


WIND (MPH)
  HIGHEST WIND SPEED    21   HIGHEST WIND DIRECTION     N (340)
  HIGHEST GUST SPEED    29   HIGHEST GUST DIRECTION     N (10)
  AVERAGE WIND SPEED    10.0


SKY COVER
  POSSIBLE SUNSHINE  MM
  AVERAGE SKY COVER 0.7


WEATHER CONDITIONS
 THE FOLLOWING WEATHER WAS RECORDED YESTERDAY.
  RAIN
  LIGHT RAIN
  SNOW
  LIGHT SNOW
  FOG
  HAZE


RELATIVE HUMIDITY (PERCENT)
 HIGHEST    89           300 AM
 LOWEST     48           500 PM
 AVERAGE    69

..........................................................


THE CROSSVILLE CLIMATE NORMALS FOR TODAY
                         NORMAL    RECORD    YEAR
 MAXIMUM TEMPERATURE (F)   67        85      1955
 MINIMUM TEMPERATURE (F)   45        24      1962


SUNRISE AND SUNSET
APRIL 16 2014.........SUNRISE   606 AM CDT   SUNSET   715 PM CDT
APRIL 17 2014.........SUNRISE   605 AM CDT   SUNSET   716 PM CDT


-  INDICATES NEGATIVE NUMBERS.
R  INDICATES RECORD WAS SET OR TIED.
MM INDICATES DATA IS MISSING.
T  INDICATES TRACE AMOUNT.




$$
