000
CDUS45 KTFX 222230
CLICTB


CLIMATE REPORT
NATIONAL WEATHER SERVICE GREAT FALLS MT
430 PM MDT THU JUN 22 2017


...................................

...THE CUT BANK MT CLIMATE SUMMARY FOR JUNE 22 2017...
VALID TODAY AS OF 0400 PM LOCAL TIME.

CLIMATE NORMAL PERIOD 1981 TO 2010
CLIMATE RECORD PERIOD 1903 TO 2017


WEATHER ITEM   OBSERVED TIME   RECORD YEAR NORMAL DEPARTURE LAST
                VALUE   (LST)  VALUE       VALUE  FROM      YEAR
                                                  NORMAL
..................................................................
TEMPERATURE (F)
 TODAY
  MAXIMUM         62   1020 AM  96    1919  72    -10       78
  MINIMUM         40    521 AM  34    1942  46     -6       45
  AVERAGE         51                        59     -8       62

PRECIPITATION (IN)
  TODAY            0.00          1.24 1996   0.07  -0.07     0.00
  MONTH TO DATE    2.46                      2.01   0.45     0.75
  SINCE OCT 1      8.91                      6.67   2.24     7.52
  SINCE JAN 1      7.48                      5.65   1.83     5.60

DEGREE DAYS
 HEATING
  TODAY           14                         6      8        3
  MONTH TO DATE  142                       188    -46      136
  SINCE JUN 1    142                       188    -46      136
  SINCE JUL 1   8578                      8476    102     7499

 COOLING
  TODAY            0                         1     -1        0
  MONTH TO DATE    5                         6     -1       12
  SINCE JUN 1      5                         6     -1       12
  SINCE JAN 1      7                         8     -1       12
..................................................................


WIND (MPH)
  HIGHEST WIND SPEED    28   HIGHEST WIND DIRECTION     N (360)
  HIGHEST GUST SPEED    35   HIGHEST GUST DIRECTION     N (10)
  AVERAGE WIND SPEED    12.6


SKY COVER
  AVERAGE SKY COVER 0.4


WEATHER CONDITIONS
 THE FOLLOWING WEATHER WAS RECORDED TODAY.
  NO SIGNIFICANT WEATHER WAS OBSERVED.


RELATIVE HUMIDITY (PERCENT)
 HIGHEST    89           100 AM
 LOWEST     25          1000 AM
 AVERAGE    57

..........................................................


THE CUT BANK MT CLIMATE NORMALS FOR TOMORROW
                         NORMAL    RECORD    YEAR
 MAXIMUM TEMPERATURE (F)   73       101      1941
 MINIMUM TEMPERATURE (F)   46        32      1967


SUNRISE AND SUNSET
JUNE 22 2017..........SUNRISE   527 AM MDT   SUNSET   936 PM MDT
JUNE 23 2017..........SUNRISE   528 AM MDT   SUNSET   936 PM MDT


-  INDICATES NEGATIVE NUMBERS.
R  INDICATES RECORD WAS SET OR TIED.
MM INDICATES DATA IS MISSING.
T  INDICATES TRACE AMOUNT.




$$
