000
CDUS45 KTFX 191018
CLICTB


CLIMATE REPORT
NATIONAL WEATHER SERVICE GREAT FALLS MT
317 AM MST FRI DEC 19 2014


...................................

...THE CUT BANK MT CLIMATE SUMMARY FOR DECEMBER 18 2014...

CLIMATE NORMAL PERIOD 1981 TO 2010
CLIMATE RECORD PERIOD 1903 TO 2014


WEATHER ITEM   OBSERVED TIME   RECORD YEAR NORMAL DEPARTURE LAST
                VALUE   (LST)  VALUE       VALUE  FROM      YEAR
                                                  NORMAL
..................................................................
TEMPERATURE (F)
 YESTERDAY
  MAXIMUM         39    434 PM  59    1913  32      7       43
  MINIMUM         13   1258 AM -46    1924  11      2        0
  AVERAGE         26                        22      4       22

PRECIPITATION (IN)
  YESTERDAY        0.00          0.20 1971   0.00   0.00     0.13
  MONTH TO DATE    0.05                      0.12  -0.07     0.37
  SINCE OCT 1      1.85                      0.92   0.93     1.14
  SINCE JAN 1     16.76                     10.80   5.96    14.84

SNOWFALL (IN)
  YESTERDAY       MM
  SNOW DEPTH       2

DEGREE DAYS
 HEATING
  YESTERDAY       39                        43     -4       43
  MONTH TO DATE  708                       758    -50      901
  SINCE DEC 1    708                       758    -50      901
  SINCE JUL 1   2806                      3021   -215     2990

 COOLING
  YESTERDAY        0                         0      0        0
  MONTH TO DATE    0                         0      0        0
  SINCE DEC 1      0                         0      0        0
  SINCE JAN 1    208                       162     46      226
..................................................................


WIND (MPH)
  HIGHEST WIND SPEED    28   HIGHEST WIND DIRECTION     W (260)
  HIGHEST GUST SPEED    31   HIGHEST GUST DIRECTION     W (260)
  AVERAGE WIND SPEED    13.7


SKY COVER
  AVERAGE SKY COVER 0.6


WEATHER CONDITIONS
 THE FOLLOWING WEATHER WAS RECORDED YESTERDAY.
  NO SIGNIFICANT WEATHER WAS OBSERVED.


RELATIVE HUMIDITY (PERCENT)
 HIGHEST    92           100 AM
 LOWEST     70           200 PM
 AVERAGE    81

..........................................................


THE CUT BANK MT CLIMATE NORMALS FOR TODAY
                         NORMAL    RECORD    YEAR
 MAXIMUM TEMPERATURE (F)   32        61      1954
 MINIMUM TEMPERATURE (F)   11       -24      1990


SUNRISE AND SUNSET
DECEMBER 19 2014......SUNRISE   818 AM MST   SUNSET   435 PM MST
DECEMBER 20 2014......SUNRISE   819 AM MST   SUNSET   436 PM MST


-  INDICATES NEGATIVE NUMBERS.
R  INDICATES RECORD WAS SET OR TIED.
MM INDICATES DATA IS MISSING.
T  INDICATES TRACE AMOUNT.




$$
