000
CDUS45 KTFX 050935
CLICTB


CLIMATE REPORT
NATIONAL WEATHER SERVICE GREAT FALLS MT
234 AM MST MON DEC 5 2016


...................................

...THE CUT BANK MT CLIMATE SUMMARY FOR DECEMBER 4 2016...

CLIMATE NORMAL PERIOD 1981 TO 2010
CLIMATE RECORD PERIOD 1903 TO 2016


WEATHER ITEM   OBSERVED TIME   RECORD YEAR NORMAL DEPARTURE LAST
                VALUE   (LST)  VALUE       VALUE  FROM      YEAR
                                                  NORMAL
..................................................................
TEMPERATURE (F)
 YESTERDAY
  MAXIMUM         37   1133 AM  61    1988  34      3       48
  MINIMUM         17    948 PM -29    1972  14      3       31
  AVERAGE         27                        24      3       40

PRECIPITATION (IN)
  YESTERDAY        0.01          0.10 1912   0.01   0.00     0.00
                                      1912
                                      2011
  MONTH TO DATE    0.01                      0.03  -0.02     0.00
  SINCE OCT 1      1.34                      0.83   0.51     1.36
  SINCE JAN 1     11.24                     10.71   0.53     9.66

SNOWFALL (IN)
  YESTERDAY       MM
  SNOW DEPTH       0

DEGREE DAYS
 HEATING
  YESTERDAY       38                        41     -3       25
  MONTH TO DATE  147                       163    -16      118
  SINCE DEC 1    147                       163    -16      118
  SINCE JUL 1   2125                      2426   -301     2156

 COOLING
  YESTERDAY        0                         0      0        0
  MONTH TO DATE    0                         0      0        0
  SINCE DEC 1      0                         0      0        0
  SINCE JAN 1    108                       162    -54      234
..................................................................


WIND (MPH)
  HIGHEST WIND SPEED    29   HIGHEST WIND DIRECTION    NW (330)
  HIGHEST GUST SPEED    33   HIGHEST GUST DIRECTION     W (250)
  AVERAGE WIND SPEED    15.8


SKY COVER
  AVERAGE SKY COVER 0.4


WEATHER CONDITIONS
 THE FOLLOWING WEATHER WAS RECORDED YESTERDAY.
  LIGHT SNOW
  FOG
  HAZE


RELATIVE HUMIDITY (PERCENT)
 HIGHEST    92           200 PM
 LOWEST     63          1200 AM
 AVERAGE    78

..........................................................


THE CUT BANK MT CLIMATE NORMALS FOR TODAY
                         NORMAL    RECORD    YEAR
 MAXIMUM TEMPERATURE (F)   33        67      1939
 MINIMUM TEMPERATURE (F)   14       -26      1956


SUNRISE AND SUNSET
DECEMBER  5 2016......SUNRISE   806 AM MST   SUNSET   434 PM MST
DECEMBER  6 2016......SUNRISE   807 AM MST   SUNSET   434 PM MST


-  INDICATES NEGATIVE NUMBERS.
R  INDICATES RECORD WAS SET OR TIED.
MM INDICATES DATA IS MISSING.
T  INDICATES TRACE AMOUNT.




$$
