000
CDUS45 KTFX 160927
CLICTB


CLIMATE REPORT
NATIONAL WEATHER SERVICE GREAT FALLS MT
223 AM MST SAT DEC 16 2017


...................................

...THE CUT BANK MT CLIMATE SUMMARY FOR DECEMBER 15 2017...

CLIMATE NORMAL PERIOD 1981 TO 2010
CLIMATE RECORD PERIOD 1903 TO 2017


WEATHER ITEM   OBSERVED TIME   RECORD YEAR NORMAL DEPARTURE LAST
                VALUE   (LST)  VALUE       VALUE  FROM      YEAR
                                                  NORMAL
..................................................................
TEMPERATURE (F)
 YESTERDAY
  MAXIMUM         47    156 PM  58    1962  32     15        8
  MINIMUM         29   1159 PM -35    1979  12     17      -10
  AVERAGE         38                        22     16       -1

PRECIPITATION (IN)
  YESTERDAY        0.00          0.90 1924   0.00   0.00      T
  MONTH TO DATE    T                         0.10  -0.10     0.07
  SINCE OCT 1      1.01                      0.90   0.11     1.40
  SINCE JAN 1      9.13                     10.78  -1.65    11.30

SNOWFALL (IN)
  YESTERDAY       MM
  SNOW DEPTH       0

DEGREE DAYS
 HEATING
  YESTERDAY       27                        43    -16       66
  MONTH TO DATE  457                       629   -172      894
  SINCE DEC 1    457                       629   -172      894
  SINCE JUL 1   2681                      2892   -211     2872

 COOLING
  YESTERDAY        0                         0      0        0
  MONTH TO DATE    0                         0      0        0
  SINCE DEC 1      0                         0      0        0
  SINCE JAN 1    250                       162     88      108
..................................................................


WIND (MPH)
  HIGHEST WIND SPEED    46   HIGHEST WIND DIRECTION     W (260)
  HIGHEST GUST SPEED    56   HIGHEST GUST DIRECTION     W (260)
  AVERAGE WIND SPEED    22.6


SKY COVER
  AVERAGE SKY COVER 0.4


WEATHER CONDITIONS
 THE FOLLOWING WEATHER WAS RECORDED YESTERDAY.
  NO SIGNIFICANT WEATHER WAS OBSERVED.


RELATIVE HUMIDITY (PERCENT)
 HIGHEST    92           700 PM
 LOWEST     31           300 AM
 AVERAGE    62

..........................................................


THE CUT BANK MT CLIMATE NORMALS FOR TODAY
                         NORMAL    RECORD    YEAR
 MAXIMUM TEMPERATURE (F)   32        62      1980
 MINIMUM TEMPERATURE (F)   12       -38      1979


SUNRISE AND SUNSET
DECEMBER 16 2017......SUNRISE   816 AM MST   SUNSET   434 PM MST
DECEMBER 17 2017......SUNRISE   817 AM MST   SUNSET   435 PM MST


-  INDICATES NEGATIVE NUMBERS.
R  INDICATES RECORD WAS SET OR TIED.
MM INDICATES DATA IS MISSING.
T  INDICATES TRACE AMOUNT.




$$
