000
CDUS45 KTFX 282246
CLICTB


CLIMATE REPORT
NATIONAL WEATHER SERVICE GREAT FALLS MT
444 PM MDT TUE JUL 28 2015


...................................

...THE CUT BANK MT CLIMATE SUMMARY FOR JULY 28 2015...
VALID TODAY AS OF 0400 PM LOCAL TIME.

CLIMATE NORMAL PERIOD 1981 TO 2010
CLIMATE RECORD PERIOD 1903 TO 2015


WEATHER ITEM   OBSERVED TIME   RECORD YEAR NORMAL DEPARTURE LAST
                VALUE   (LST)  VALUE       VALUE  FROM      YEAR
                                                  NORMAL
..................................................................
TEMPERATURE (F)
 TODAY
  MAXIMUM         74    257 PM 100    1939  82     -8       91
  MINIMUM         47    526 AM  36    1930  51     -4       49
  AVERAGE         61                        66     -5       70

PRECIPITATION (IN)
  TODAY            0.00          0.65 1915   0.03  -0.03     0.00
  MONTH TO DATE    0.95                      1.17  -0.22     0.42
  SINCE OCT 1      7.68                      8.38  -0.70    12.35
  SINCE JAN 1      5.15                      7.36  -2.21    11.15

SNOWFALL (IN)
  TODAY            0.0
  SNOW DEPTH       0

DEGREE DAYS
 HEATING
  TODAY            4                         2      2        0
  MONTH TO DATE   67                        82    -15       17
  SINCE JUN 1    197                       315   -118      290
  SINCE JUL 1     67                        82    -15       17

 COOLING
  TODAY            0                         3     -3        5
  MONTH TO DATE   63                        63      0       84
  SINCE JUN 1    123                        78     45       85
  SINCE JAN 1    123                        80     43       85
..................................................................


WIND (MPH)
  HIGHEST WIND SPEED    28   HIGHEST WIND DIRECTION     W (280)
  HIGHEST GUST SPEED    37   HIGHEST GUST DIRECTION     W (280)
  AVERAGE WIND SPEED    15.8


SKY COVER
  AVERAGE SKY COVER 0.4


WEATHER CONDITIONS
 THE FOLLOWING WEATHER WAS RECORDED TODAY.
  NO SIGNIFICANT WEATHER WAS OBSERVED.


RELATIVE HUMIDITY (PERCENT)
 HIGHEST    77          1200 AM
 LOWEST     23           300 PM
 AVERAGE    50

..........................................................


THE CUT BANK MT CLIMATE NORMALS FOR TOMORROW
                         NORMAL    RECORD    YEAR
 MAXIMUM TEMPERATURE (F)   82        98      2007
                                             1934
 MINIMUM TEMPERATURE (F)   51        39      1963


SUNRISE AND SUNSET
JULY 28 2015..........SUNRISE   558 AM MDT   SUNSET   913 PM MDT
JULY 29 2015..........SUNRISE   600 AM MDT   SUNSET   912 PM MDT


-  INDICATES NEGATIVE NUMBERS.
R  INDICATES RECORD WAS SET OR TIED.
MM INDICATES DATA IS MISSING.
T  INDICATES TRACE AMOUNT.




$$
