000
CDUS45 KTFX 282230
CLICTB


CLIMATE REPORT
NATIONAL WEATHER SERVICE GREAT FALLS MT
430 PM MDT FRI APR 28 2017


...................................

...THE CUT BANK MT CLIMATE SUMMARY FOR APRIL 28 2017...
VALID TODAY AS OF 0400 PM LOCAL TIME.

CLIMATE NORMAL PERIOD 1981 TO 2010
CLIMATE RECORD PERIOD 1903 TO 2017


WEATHER ITEM   OBSERVED TIME   RECORD YEAR NORMAL DEPARTURE LAST
                VALUE   (LST)  VALUE       VALUE  FROM      YEAR
                                                  NORMAL
..................................................................
TEMPERATURE (F)
 TODAY
  MAXIMUM         45    252 PM  86    1987  57    -12       45
  MINIMUM         33   1046 AM  12    1954  32      1       32
  AVERAGE         39                        45     -6       39

PRECIPITATION (IN)
  TODAY            0.02          0.58 1953   0.03  -0.01     0.02
  MONTH TO DATE    2.16                      0.71   1.45     1.91
  SINCE OCT 1      5.47                      2.64   2.83     4.58
  SINCE JAN 1      4.04                      1.62   2.42     2.66

DEGREE DAYS
 HEATING
  TODAY           26                        20      6       26
  MONTH TO DATE  650                       680    -30      527
  SINCE MAR 1   1671                      1718    -47     1371
  SINCE JUL 1   8022                      7778    244     6836

 COOLING
  TODAY            0                         0      0        0
  MONTH TO DATE    0                         0      0        0
  SINCE MAR 1      0                         0      0        0
  SINCE JAN 1      0                         0      0        0
..................................................................


WIND (MPH)
  HIGHEST WIND SPEED    18   HIGHEST WIND DIRECTION     N (10)
  HIGHEST GUST SPEED    21   HIGHEST GUST DIRECTION     N (10)
  AVERAGE WIND SPEED     8.5


SKY COVER
  AVERAGE SKY COVER 1.0


WEATHER CONDITIONS
 THE FOLLOWING WEATHER WAS RECORDED TODAY.
  SNOW
  LIGHT SNOW
  FOG


RELATIVE HUMIDITY (PERCENT)
 HIGHEST   100           400 AM
 LOWEST     58           300 PM
 AVERAGE    79

..........................................................


THE CUT BANK MT CLIMATE NORMALS FOR TOMORROW
                         NORMAL    RECORD    YEAR
 MAXIMUM TEMPERATURE (F)   58        84      1939
 MINIMUM TEMPERATURE (F)   32        10      1954


SUNRISE AND SUNSET
APRIL 28 2017.........SUNRISE   614 AM MDT   SUNSET   841 PM MDT
APRIL 29 2017.........SUNRISE   613 AM MDT   SUNSET   842 PM MDT


-  INDICATES NEGATIVE NUMBERS.
R  INDICATES RECORD WAS SET OR TIED.
MM INDICATES DATA IS MISSING.
T  INDICATES TRACE AMOUNT.




$$
