805
CDUS45 KTFX 231016
CLICTB


CLIMATE REPORT
NATIONAL WEATHER SERVICE GREAT FALLS MT
415 AM MDT TUE AUG 23 2016


...................................

...THE CUT BANK MT CLIMATE SUMMARY FOR AUGUST 22 2016...

CLIMATE NORMAL PERIOD 1981 TO 2010
CLIMATE RECORD PERIOD 1903 TO 2016


WEATHER ITEM   OBSERVED TIME   RECORD YEAR NORMAL DEPARTURE LAST
                VALUE   (LST)  VALUE       VALUE  FROM      YEAR
                                                  NORMAL
..................................................................
TEMPERATURE (F)
 YESTERDAY
  MAXIMUM         71    316 PM  94    1976  78     -7       65
  MINIMUM         55   1159 PM  31    1992  47      8       39
  AVERAGE         63                        62      1       52

PRECIPITATION (IN)
  YESTERDAY        0.00          1.89 1978   0.04  -0.04     0.00
  MONTH TO DATE    1.17                      0.83   0.34     0.60
  SINCE OCT 1     10.56                      9.32   1.24     8.28
  SINCE JAN 1      8.64                      8.30   0.34     5.75

SNOWFALL (IN)
  YESTERDAY       MM
  SNOW DEPTH       0

DEGREE DAYS
 HEATING
  YESTERDAY        2                         4     -2       13
  MONTH TO DATE   54                        61     -7       65
  SINCE JUN 1    292                       380    -88      262
  SINCE JUL 1    128                       147    -19      132

 COOLING
  YESTERDAY        0                         1     -1        0
  MONTH TO DATE   25                        56    -31       70
  SINCE JUN 1     98                       143    -45      200
  SINCE JAN 1     98                       145    -47      200
..................................................................


WIND (MPH)
  HIGHEST WIND SPEED    41   HIGHEST WIND DIRECTION    SW (240)
  HIGHEST GUST SPEED    49   HIGHEST GUST DIRECTION    SW (240)
  AVERAGE WIND SPEED    23.0


SKY COVER
  AVERAGE SKY COVER 0.6


WEATHER CONDITIONS
 THE FOLLOWING WEATHER WAS RECORDED YESTERDAY.
  HAZE


RELATIVE HUMIDITY (PERCENT)
 HIGHEST    36          1100 PM
 LOWEST     16          1000 AM
 AVERAGE    26

..........................................................


THE CUT BANK MT CLIMATE NORMALS FOR TODAY
                         NORMAL    RECORD    YEAR
 MAXIMUM TEMPERATURE (F)   77        98      1930
 MINIMUM TEMPERATURE (F)   47        31      1992


SUNRISE AND SUNSET
AUGUST 23 2016........SUNRISE   635 AM MDT   SUNSET   828 PM MDT
AUGUST 24 2016........SUNRISE   636 AM MDT   SUNSET   826 PM MDT


-  INDICATES NEGATIVE NUMBERS.
R  INDICATES RECORD WAS SET OR TIED.
MM INDICATES DATA IS MISSING.
T  INDICATES TRACE AMOUNT.




$$
