000
CDUS45 KTFX 020956
CLICTB


CLIMATE REPORT
NATIONAL WEATHER SERVICE GREAT FALLS MT
356 AM MDT TUE SEP 2 2014


...................................

...THE CUT BANK MT CLIMATE SUMMARY FOR SEPTEMBER 1 2014...

CLIMATE NORMAL PERIOD 1981 TO 2010
CLIMATE RECORD PERIOD 1903 TO 2014


WEATHER ITEM   OBSERVED TIME   RECORD YEAR NORMAL DEPARTURE LAST
                VALUE   (LST)  VALUE       VALUE  FROM      YEAR
                                                  NORMAL
..................................................................
TEMPERATURE (F)
 YESTERDAY
  MAXIMUM         68    223 PM  97    1967  74     -6       90
  MINIMUM         47    632 AM  30    1914  44      3       43
  AVERAGE         58                        59     -1       67

PRECIPITATION (IN)
  YESTERDAY        0.00          0.60 2008   0.04  -0.04     0.00
  MONTH TO DATE    0.00                      0.04  -0.04     0.00
  SINCE OCT 1     15.04                      9.72   5.32    13.19
  SINCE JAN 1     13.84                      8.70   5.14    11.02

SNOWFALL (IN)
  YESTERDAY       MM
  SNOW DEPTH       0

DEGREE DAYS
 HEATING
  YESTERDAY        7                         7      0        0
  MONTH TO DATE    7                         7      0        0
  SINCE SEP 1      7                         7      0        0
  SINCE JUL 1    104                       201    -97       72

 COOLING
  YESTERDAY        0                         1     -1        2
  MONTH TO DATE    0                         1     -1        2
  SINCE SEP 1      0                         1     -1        2
  SINCE JAN 1    197                       154     43      197
..................................................................


WIND (MPH)
  HIGHEST WIND SPEED    35   HIGHEST WIND DIRECTION     W (250)
  HIGHEST GUST SPEED    43   HIGHEST GUST DIRECTION    SW (240)
  AVERAGE WIND SPEED    18.2


SKY COVER
  AVERAGE SKY COVER 0.1


WEATHER CONDITIONS
 THE FOLLOWING WEATHER WAS RECORDED YESTERDAY.
  NO SIGNIFICANT WEATHER WAS OBSERVED.


RELATIVE HUMIDITY (PERCENT)
 HIGHEST    71           300 AM
 LOWEST     34           200 PM
 AVERAGE    53

..........................................................


THE CUT BANK MT CLIMATE NORMALS FOR TODAY
                         NORMAL    RECORD    YEAR
 MAXIMUM TEMPERATURE (F)   73        92      1969
 MINIMUM TEMPERATURE (F)   44        28      1962


SUNRISE AND SUNSET
SEPTEMBER  2 2014.....SUNRISE   648 AM MDT   SUNSET   809 PM MDT
SEPTEMBER  3 2014.....SUNRISE   650 AM MDT   SUNSET   807 PM MDT


-  INDICATES NEGATIVE NUMBERS.
R  INDICATES RECORD WAS SET OR TIED.
MM INDICATES DATA IS MISSING.
T  INDICATES TRACE AMOUNT.




$$
