000
CDUS45 KTFX 190755
CLICTB


CLIMATE REPORT
NATIONAL WEATHER SERVICE GREAT FALLS MT
153 AM MDT SAT AUG 19 2017


...................................

...THE CUT BANK MT CLIMATE SUMMARY FOR AUGUST 18 2017...

CLIMATE NORMAL PERIOD 1981 TO 2010
CLIMATE RECORD PERIOD 1903 TO 2017


WEATHER ITEM   OBSERVED TIME   RECORD YEAR NORMAL DEPARTURE LAST
                VALUE   (LST)  VALUE       VALUE  FROM      YEAR
                                                  NORMAL
..................................................................
TEMPERATURE (F)
 YESTERDAY
  MAXIMUM         88    203 PM  95    2008  79      9       60
  MINIMUM         53    430 AM  36    1910  48      5       43
  AVERAGE         71                        64      7       52

PRECIPITATION (IN)
  YESTERDAY        0.00          0.76 1980   0.04  -0.04     0.22
  MONTH TO DATE    T                         0.67  -0.67     1.17
  SINCE OCT 1      8.94                      9.16  -0.22    10.56
  SINCE JAN 1      7.51                      8.14  -0.63     8.64

SNOWFALL (IN)
  YESTERDAY       MM
  SNOW DEPTH       0

DEGREE DAYS
 HEATING
  YESTERDAY        0                         3     -3       13
  MONTH TO DATE   47                        45      2       38
  SINCE JUN 1    233                       364   -131      276
  SINCE JUL 1     62                       131    -69      112

 COOLING
  YESTERDAY        6                         2      4        0
  MONTH TO DATE   18                        49    -31       22
  SINCE JUN 1    183                       136     47       95
  SINCE JAN 1    185                       138     47       95
..................................................................


WIND (MPH)
  HIGHEST WIND SPEED    29   HIGHEST WIND DIRECTION    SW (240)
  HIGHEST GUST SPEED    36   HIGHEST GUST DIRECTION     W (250)
  AVERAGE WIND SPEED    13.3


SKY COVER
  AVERAGE SKY COVER 0.0


WEATHER CONDITIONS
 THE FOLLOWING WEATHER WAS RECORDED YESTERDAY.
  NO SIGNIFICANT WEATHER WAS OBSERVED.


RELATIVE HUMIDITY (PERCENT)
 HIGHEST    55          1200 AM
 LOWEST     15           200 PM
 AVERAGE    35

..........................................................


THE CUT BANK MT CLIMATE NORMALS FOR TODAY
                         NORMAL    RECORD    YEAR
 MAXIMUM TEMPERATURE (F)   79        93      1967
 MINIMUM TEMPERATURE (F)   48        31      1950


SUNRISE AND SUNSET
AUGUST 19 2017........SUNRISE   629 AM MDT   SUNSET   836 PM MDT
AUGUST 20 2017........SUNRISE   630 AM MDT   SUNSET   834 PM MDT


-  INDICATES NEGATIVE NUMBERS.
R  INDICATES RECORD WAS SET OR TIED.
MM INDICATES DATA IS MISSING.
T  INDICATES TRACE AMOUNT.




$$
