000
CDUS45 KTFX 270739
CLICTB


CLIMATE REPORT
NATIONAL WEATHER SERVICE GREAT FALLS MT
1234 AM MST TUE JAN 27 2015


...................................

...THE CUT BANK MT CLIMATE SUMMARY FOR JANUARY 26 2015...

CLIMATE NORMAL PERIOD 1981 TO 2010
CLIMATE RECORD PERIOD 1903 TO 2015


WEATHER ITEM   OBSERVED TIME   RECORD YEAR NORMAL DEPARTURE LAST
                VALUE   (LST)  VALUE       VALUE  FROM      YEAR
                                                  NORMAL
..................................................................
TEMPERATURE (F)
 YESTERDAY
  MAXIMUM         66R   220 PM  59    1986  33     33       39
  MINIMUM         41   1202 AM -39    1916  12     29        1
  AVERAGE         54                        23     31       20

PRECIPITATION (IN)
  YESTERDAY        0.00          0.14 1978   0.01  -0.01     0.03
  MONTH TO DATE    0.64                      0.17   0.47     0.48
  SINCE OCT 1      3.17                      1.19   1.98     1.68
  SINCE JAN 1      0.64                      0.17   0.47     0.48

SNOWFALL (IN)
  YESTERDAY       MM
  SNOW DEPTH       0

DEGREE DAYS
 HEATING
  YESTERDAY       11                        42    -31       45
  MONTH TO DATE 1077                      1117    -40      913
  SINCE DEC 1   2352                      2444    -92     2353
  SINCE JUL 1   4450                      4707   -257     4442

 COOLING
  YESTERDAY        0                         0      0        0
  MONTH TO DATE    0                         0      0        0
  SINCE DEC 1      0                         0      0        0
  SINCE JAN 1      0                         0      0        0
..................................................................


WIND (MPH)
  HIGHEST WIND SPEED    28   HIGHEST WIND DIRECTION     W (250)
  HIGHEST GUST SPEED    32   HIGHEST GUST DIRECTION    SW (230)
  AVERAGE WIND SPEED    15.2


SKY COVER
  AVERAGE SKY COVER 0.0


WEATHER CONDITIONS
 THE FOLLOWING WEATHER WAS RECORDED YESTERDAY.
  NO SIGNIFICANT WEATHER WAS OBSERVED.


RELATIVE HUMIDITY (PERCENT)
 HIGHEST    53          1200 AM
 LOWEST     24           200 PM
 AVERAGE    39

..........................................................


THE CUT BANK MT CLIMATE NORMALS FOR TODAY
                         NORMAL    RECORD    YEAR
 MAXIMUM TEMPERATURE (F)   33        55      1986
 MINIMUM TEMPERATURE (F)   12       -39      1916


SUNRISE AND SUNSET
JANUARY 27 2015.......SUNRISE   805 AM MST   SUNSET   520 PM MST
JANUARY 28 2015.......SUNRISE   804 AM MST   SUNSET   521 PM MST


-  INDICATES NEGATIVE NUMBERS.
R  INDICATES RECORD WAS SET OR TIED.
MM INDICATES DATA IS MISSING.
T  INDICATES TRACE AMOUNT.




$$
