000
CDUS42 KTAE 210651
CLICTY


CLIMATE REPORT
NATIONAL WEATHER SERVICE TALLAHASSEE FL
250 AM EDT TUE OCT 21 2014


...................................

...THE CROSS CITY CLIMATE SUMMARY FOR OCTOBER 20 2014...

CLIMATE NORMAL PERIOD 1981 TO 2010
CLIMATE RECORD PERIOD 1948 TO 2014


WEATHER ITEM   OBSERVED TIME   NORMAL DEPARTURE LAST
                VALUE   (LST)  VALUE  FROM      YEAR
                                      NORMAL
......................................................
TEMPERATURE (F)
 YESTERDAY
  MAXIMUM         86    133 PM  82      4
  MINIMUM         57    702 AM  56      1
  AVERAGE         72            69      3

PRECIPITATION (IN)
  YESTERDAY        0.00          0.09  -0.09     0.01
  MONTH TO DATE    1.76          2.43  -0.67     0.26
  SINCE SEP 1     14.43          6.89   7.54     5.42
  SINCE JAN 1     54.81         42.26  12.55    58.20

DEGREE DAYS
 HEATING
  YESTERDAY        0             1     -1
  MONTH TO DATE    4            10     -6
  SINCE SEP 1      4            10     -6
  SINCE JUL 1      4            10     -6

 COOLING
  YESTERDAY        7             5      2
  MONTH TO DATE  167           152     15
  SINCE SEP 1    594           556     38
  SINCE JAN 1   2656          2494    162
......................................................


WIND (MPH)
  RESULTANT WIND SPEED   1   RESULTANT WIND DIRECTION  SE (140)
  HIGHEST WIND SPEED    10   HIGHEST WIND DIRECTION    SW (210)
  HIGHEST GUST SPEED    14   HIGHEST GUST DIRECTION    NW (300)
  AVERAGE WIND SPEED     3.1



WEATHER CONDITIONS
 THE FOLLOWING WEATHER WAS RECORDED YESTERDAY.
  NO SIGNIFICANT WEATHER WAS OBSERVED.


RELATIVE HUMIDITY (PERCENT)
 HIGHEST    93
 LOWEST     40

..........................................................




SUNRISE AND SUNSET
OCTOBER 21 2014.......SUNRISE   738 AM EDT   SUNSET   656 PM EDT
OCTOBER 22 2014.......SUNRISE   739 AM EDT   SUNSET   655 PM EDT


-  INDICATES NEGATIVE NUMBERS.
R  INDICATES RECORD WAS SET OR TIED.
MM INDICATES DATA IS MISSING.
T  INDICATES TRACE AMOUNT.




$$
