000
CDUS42 KTAE 010634
CLICTY


CLIMATE REPORT
NATIONAL WEATHER SERVICE TALLAHASSEE FL
233 AM EDT TUE SEP 1 2015


...................................

...THE CROSS CITY  CLIMATE SUMMARY FOR AUGUST 31 2015...

CLIMATE NORMAL PERIOD 1981 TO 2010
CLIMATE RECORD PERIOD 1948 TO 2015


WEATHER ITEM   OBSERVED TIME   NORMAL DEPARTURE LAST
                VALUE   (LST)  VALUE  FROM      YEAR
                                      NORMAL
......................................................
TEMPERATURE (F)
 YESTERDAY
  MAXIMUM         91    224 PM  90      1       96
  MINIMUM         74    646 AM  71      3       73
  AVERAGE         83            81      2

PRECIPITATION (IN)
  YESTERDAY        0.05          0.23  -0.18     0.13
  MONTH TO DATE   15.37          7.45   7.92     3.82
  SINCE JUN 1     41.10         18.20  22.90    14.88
  SINCE JAN 1     54.24         35.37  18.87    40.38

DEGREE DAYS
 HEATING
  YESTERDAY        0             0      0
  MONTH TO DATE    0             0      0
  SINCE JUN 1      0             0      0
  SINCE JUL 1      0             0      0

 COOLING
  YESTERDAY       18            16      2
  MONTH TO DATE  568           504     64
  SINCE JUN 1   1658          1459    199
  SINCE JAN 1   2497          1938    559
......................................................


WIND (MPH)
  RESULTANT WIND SPEED   2   RESULTANT WIND DIRECTION  NE (50)
  HIGHEST WIND SPEED    12   HIGHEST WIND DIRECTION     N (360)
  HIGHEST GUST SPEED    14   HIGHEST GUST DIRECTION     N (10)
  AVERAGE WIND SPEED     3.3



WEATHER CONDITIONS
 THE FOLLOWING WEATHER WAS RECORDED YESTERDAY.
  NO SIGNIFICANT WEATHER WAS OBSERVED.


RELATIVE HUMIDITY (PERCENT)
 HIGHEST   100
 LOWEST     59

..........................................................




SUNRISE AND SUNSET
SEPTEMBER  1 2015.....SUNRISE   710 AM EDT   SUNSET   755 PM EDT
SEPTEMBER  2 2015.....SUNRISE   710 AM EDT   SUNSET   754 PM EDT


-  INDICATES NEGATIVE NUMBERS.
R  INDICATES RECORD WAS SET OR TIED.
MM INDICATES DATA IS MISSING.
T  INDICATES TRACE AMOUNT.




$$
