000
CDUS42 KTAE 300634
CLICTY


CLIMATE REPORT
NATIONAL WEATHER SERVICE TALLAHASSEE FL
234 AM EDT THU JUL 30 2015


...................................

...THE CROSS CITY  CLIMATE SUMMARY FOR JULY 29 2015...

CLIMATE NORMAL PERIOD 1981 TO 2010
CLIMATE RECORD PERIOD 1948 TO 2015


WEATHER ITEM   OBSERVED TIME   NORMAL DEPARTURE LAST
                VALUE   (LST)  VALUE  FROM      YEAR
                                      NORMAL
......................................................
TEMPERATURE (F)
 YESTERDAY
  MAXIMUM         97    116 PM  91      6       94
  MINIMUM         75    452 PM  72      3       72
  AVERAGE         86            82      4

PRECIPITATION (IN)
  YESTERDAY        1.18          0.20   0.98     0.00
  MONTH TO DATE   18.18          5.25  12.93     7.29
  SINCE JUN 1     25.46         10.34  15.12    11.06
  SINCE JAN 1     38.60         27.51  11.09    36.56

DEGREE DAYS
 HEATING
  YESTERDAY        0             0      0
  MONTH TO DATE    0             0      0
  SINCE JUN 1      0             0      0
  SINCE JUL 1      0             0      0

 COOLING
  YESTERDAY       21            17      4
  MONTH TO DATE  534           477     57
  SINCE JUN 1   1035           924    111
  SINCE JAN 1   1874          1403    471
......................................................


WIND (MPH)
  RESULTANT WIND SPEED   1   RESULTANT WIND DIRECTION  SW (240)
  HIGHEST WIND SPEED    32   HIGHEST WIND DIRECTION     W (280)
  HIGHEST GUST SPEED    50   HIGHEST GUST DIRECTION     W (280)
  AVERAGE WIND SPEED     2.9



WEATHER CONDITIONS
 THE FOLLOWING WEATHER WAS RECORDED YESTERDAY.
  NO SIGNIFICANT WEATHER WAS OBSERVED.


RELATIVE HUMIDITY (PERCENT)
 HIGHEST   100
 LOWEST     60

..........................................................




SUNRISE AND SUNSET
JULY 30 2015..........SUNRISE   651 AM EDT   SUNSET   827 PM EDT
JULY 31 2015..........SUNRISE   651 AM EDT   SUNSET   826 PM EDT


-  INDICATES NEGATIVE NUMBERS.
R  INDICATES RECORD WAS SET OR TIED.
MM INDICATES DATA IS MISSING.
T  INDICATES TRACE AMOUNT.




$$
