000
CDUS42 KTAE 280634
CLICTY


CLIMATE REPORT
NATIONAL WEATHER SERVICE TALLAHASSEE FL
133 AM EST SAT FEB 28 2015


...................................

...THE CROSS CITY  CLIMATE SUMMARY FOR FEBRUARY 27 2015...

CLIMATE NORMAL PERIOD 1981 TO 2010
CLIMATE RECORD PERIOD 1948 TO 2015


WEATHER ITEM   OBSERVED TIME   NORMAL DEPARTURE LAST
                VALUE   (LST)  VALUE  FROM      YEAR
                                      NORMAL
......................................................
TEMPERATURE (F)
 YESTERDAY
  MAXIMUM         57   1247 PM  73    -16       59
  MINIMUM         46    803 AM  45      1       44
  AVERAGE         52            59     -7

PRECIPITATION (IN)
  YESTERDAY        0.00          0.16  -0.16     0.00
  MONTH TO DATE    2.75          3.09  -0.34     5.20
  SINCE DEC 1      8.93          9.65  -0.72    11.97
  SINCE JAN 1      5.69          7.13  -1.44    10.15

DEGREE DAYS
 HEATING
  YESTERDAY       13             7      6
  MONTH TO DATE  328           234     94
  SINCE DEC 1    864           944    -80
  SINCE JUL 1   1149          1112     37

 COOLING
  YESTERDAY        0             1     -1
  MONTH TO DATE    0            21    -21
  SINCE DEC 1     54            50      4
  SINCE JAN 1     16            32    -16
......................................................


WIND (MPH)
  RESULTANT WIND SPEED   9   RESULTANT WIND DIRECTION  NE (30)
  HIGHEST WIND SPEED    17   HIGHEST WIND DIRECTION     N (20)
  HIGHEST GUST SPEED    24   HIGHEST GUST DIRECTION     N (10)
  AVERAGE WIND SPEED     9.6



WEATHER CONDITIONS
 THE FOLLOWING WEATHER WAS RECORDED YESTERDAY.
  NO SIGNIFICANT WEATHER WAS OBSERVED.


RELATIVE HUMIDITY (PERCENT)
 HIGHEST    82
 LOWEST     51

..........................................................




SUNRISE AND SUNSET
FEBRUARY 28 2015......SUNRISE   659 AM EST   SUNSET   631 PM EST
MARCH  1 2015.........SUNRISE   658 AM EST   SUNSET   632 PM EST


-  INDICATES NEGATIVE NUMBERS.
R  INDICATES RECORD WAS SET OR TIED.
MM INDICATES DATA IS MISSING.
T  INDICATES TRACE AMOUNT.




$$
