000
CDUS42 KCAE 280655
CLICUB


CLIMATE REPORT
NATIONAL WEATHER SERVICE COLUMBIA SC
255 AM EDT TUE MAR 28 2017


...................................

...THE HAMILTON - OWENS AIRPORT SC CLIMATE SUMMARY FOR MARCH 27 2017...

CLIMATE NORMAL PERIOD 1981 TO 2010
CLIMATE RECORD PERIOD 9999 TO 9999


WEATHER ITEM   OBSERVED TIME   NORMAL DEPARTURE LAST
                VALUE   (LST)  VALUE  FROM      YEAR
                                      NORMAL
......................................................
TEMPERATURE (F)
 YESTERDAY
  MAXIMUM         82    200 PM  72     10       72
  MINIMUM         59        MM  48     11       65
  AVERAGE         71            60     11       69

PRECIPITATION (IN)
  YESTERDAY        0.00          0.13  -0.13     0.99
  MONTH TO DATE    2.22          3.38  -1.16     2.01
  SINCE MAR 1      2.22          3.38  -1.16     2.01
  SINCE JAN 1      9.92         10.66  -0.74     6.93

DEGREE DAYS
 HEATING
  YESTERDAY        0             6     -6        0
  MONTH TO DATE  269           251     18      130
  SINCE MAR 1    269           251     18      130
  SINCE JUL 1   1533          2180   -647     1630

 COOLING
  YESTERDAY        6             1      5        4
  MONTH TO DATE   23             7     16       66
  SINCE MAR 1     23             7     16       66
  SINCE JAN 1     41            10     31       69
......................................................


WIND (MPH)
  HIGHEST WIND SPEED    17   HIGHEST WIND DIRECTION     W (290)
  HIGHEST GUST SPEED    24   HIGHEST GUST DIRECTION     W (280)
  AVERAGE WIND SPEED    MM


SKY COVER
  AVERAGE SKY COVER 0.4


WEATHER CONDITIONS
 THE FOLLOWING WEATHER WAS RECORDED YESTERDAY.
  NO SIGNIFICANT WEATHER WAS OBSERVED.


RELATIVE HUMIDITY (PERCENT)
 HIGHEST    93           500 AM
 LOWEST     39           300 PM

..........................................................


THE HAMILTON - OWENS AIRPORT SC CLIMATE NORMALS FOR TODAY
                         NORMAL    RECORD    YEAR
 MAXIMUM TEMPERATURE (F)   72        MM        MM
 MINIMUM TEMPERATURE (F)   48        MM        MM


SUNRISE AND SUNSET
MARCH 28 2017.........SUNRISE   716 AM EDT   SUNSET   742 PM EDT
MARCH 29 2017.........SUNRISE   715 AM EDT   SUNSET   743 PM EDT


-  INDICATES NEGATIVE NUMBERS.
R  INDICATES RECORD WAS SET OR TIED.
MM INDICATES DATA IS MISSING.
T  INDICATES TRACE AMOUNT.




$$
