000
CDUS42 KCAE 140634
CLICUB


CLIMATE REPORT
NATIONAL WEATHER SERVICE COLUMBIA SC
134 AM EST THU DEC 14 2017


...................................

...THE HAMILTON - OWENS AIRPORT SC CLIMATE SUMMARY FOR DECEMBER 13 2017...

CLIMATE NORMAL PERIOD 1981 TO 2010
CLIMATE RECORD PERIOD 9999 TO 9999


WEATHER ITEM   OBSERVED TIME   NORMAL DEPARTURE LAST
                VALUE   (LST)  VALUE  FROM      YEAR
                                      NORMAL
......................................................
TEMPERATURE (F)
 YESTERDAY
  MAXIMUM         50    351 PM  59     -9       55
  MINIMUM         28    735 AM  38    -10       50
  AVERAGE         39            48     -9       53

PRECIPITATION (IN)
  YESTERDAY        0.00          0.11  -0.11     0.97
  MONTH TO DATE    2.14          1.41   0.73     2.51
  SINCE DEC 1      2.14          1.41   0.73     2.51
  SINCE JAN 1     45.02         43.61   1.41    42.39

DEGREE DAYS
 HEATING
  YESTERDAY       26            17      9       12
  MONTH TO DATE  193           198     -5      207
  SINCE DEC 1    193           198     -5      207
  SINCE JUL 1    546           569    -23      468

 COOLING
  YESTERDAY        0             0      0        0
  MONTH TO DATE    0             0      0        0
  SINCE DEC 1      0             0      0        0
  SINCE JAN 1   2691          2256    435     2850
......................................................


WIND (MPH)
  HIGHEST WIND SPEED    15   HIGHEST WIND DIRECTION     S (200)
  HIGHEST GUST SPEED    19   HIGHEST GUST DIRECTION     S (190)
  AVERAGE WIND SPEED     4.5


SKY COVER
  AVERAGE SKY COVER 0.0


WEATHER CONDITIONS
 THE FOLLOWING WEATHER WAS RECORDED YESTERDAY.
  NO SIGNIFICANT WEATHER WAS OBSERVED.


RELATIVE HUMIDITY (PERCENT)
 HIGHEST    85           600 AM
 LOWEST     21           300 PM

..........................................................


THE HAMILTON - OWENS AIRPORT SC CLIMATE NORMALS FOR TODAY
                         NORMAL    RECORD    YEAR
 MAXIMUM TEMPERATURE (F)   59        MM        MM
 MINIMUM TEMPERATURE (F)   38        MM        MM


SUNRISE AND SUNSET
DECEMBER 14 2017......SUNRISE   721 AM EST   SUNSET   516 PM EST
DECEMBER 15 2017......SUNRISE   722 AM EST   SUNSET   516 PM EST


-  INDICATES NEGATIVE NUMBERS.
R  INDICATES RECORD WAS SET OR TIED.
MM INDICATES DATA IS MISSING.
T  INDICATES TRACE AMOUNT.




$$
