000
CDUS43 KUNR 210833
CLICUT


CLIMATE REPORT
NATIONAL WEATHER SERVICE RAPID CITY SD
132 AM MST WED FEB 21 2018


...................................

...THE CUSTER COUNTY AIRPORT SD CLIMATE SUMMARY FOR FEBRUARY 20 2018...

CLIMATE NORMAL PERIOD 1981 TO 2010
CLIMATE RECORD PERIOD 9999 TO 9999


WEATHER ITEM   OBSERVED TIME   NORMAL DEPARTURE LAST
                VALUE   (LST)  VALUE  FROM      YEAR
                                      NORMAL
......................................................
TEMPERATURE (F)
 YESTERDAY
  MAXIMUM         12    244 PM  37    -25       52
  MINIMUM        -12    726 AM  16    -28       36
  AVERAGE          0            26    -26       44

PRECIPITATION (IN)
  YESTERDAY        0.01          0.02  -0.01     0.00
  MONTH TO DATE    1.83          0.39   1.44     0.57
  SINCE DEC 1      3.39          1.10   2.29     2.84
  SINCE JAN 1      2.31          0.72   1.59     1.56

DEGREE DAYS
 HEATING
  YESTERDAY       65            39     26       21
  MONTH TO DATE  994           799    195      647
  SINCE DEC 1   3456          3353    103     3429
  SINCE JUL 1   5420          5534   -114     5048

 COOLING
  YESTERDAY        0             0      0        0
  MONTH TO DATE    0             0      0        0
  SINCE DEC 1      0             0      0        0
  SINCE JAN 1      0             0      0        0
......................................................


WIND (MPH)
  HIGHEST WIND SPEED    16   HIGHEST WIND DIRECTION     W (270)
  HIGHEST GUST SPEED    21   HIGHEST GUST DIRECTION     W (280)
  AVERAGE WIND SPEED     4.8


SKY COVER
  AVERAGE SKY COVER 0.2


WEATHER CONDITIONS
 THE FOLLOWING WEATHER WAS RECORDED YESTERDAY.
  LIGHT SNOW


RELATIVE HUMIDITY (PERCENT)
 HIGHEST    83
 LOWEST     46
 AVERAGE    65

..........................................................




SUNRISE AND SUNSET
FEBRUARY 21 2018......SUNRISE   644 AM MST   SUNSET   533 PM MST
FEBRUARY 22 2018......SUNRISE   642 AM MST   SUNSET   534 PM MST


-  INDICATES NEGATIVE NUMBERS.
R  INDICATES RECORD WAS SET OR TIED.
MM INDICATES DATA IS MISSING.
T  INDICATES TRACE AMOUNT.




$$
