000
CDUS43 KUNR 260837
CLICUT


CLIMATE REPORT
NATIONAL WEATHER SERVICE RAPID CITY SD
233 AM MDT SUN MAR 26 2017


...................................

...THE CUSTER COUNTY AIRPORT SD CLIMATE SUMMARY FOR MARCH 25 2017...

CLIMATE NORMAL PERIOD 1981 TO 2010
CLIMATE RECORD PERIOD 9999 TO 9999


WEATHER ITEM   OBSERVED TIME   NORMAL DEPARTURE LAST
                VALUE   (LST)  VALUE  FROM      YEAR
                                      NORMAL
......................................................
TEMPERATURE (F)
 YESTERDAY
  MAXIMUM         60   1246 PM  44     16       35
  MINIMUM         30    549 AM  23      7       19
  AVERAGE         45            33     12       27

PRECIPITATION (IN)
  YESTERDAY        0.00          0.05  -0.05     0.62
  MONTH TO DATE    0.17          0.74  -0.57     1.04
  SINCE MAR 1      0.17          0.74  -0.57     1.04
  SINCE JAN 1      2.18          1.60   0.58     1.65

DEGREE DAYS
 HEATING
  YESTERDAY       20            32    -12       38
  MONTH TO DATE  682           855   -173      689
  SINCE MAR 1    682           855   -173      689
  SINCE JUL 1   6050          6690   -640     5744

 COOLING
  YESTERDAY        0             0      0        0
  MONTH TO DATE    0             0      0        0
  SINCE MAR 1      0             0      0        0
  SINCE JAN 1      0             0      0        0
......................................................


WIND (MPH)
  HIGHEST WIND SPEED    16   HIGHEST WIND DIRECTION     E (80)
  HIGHEST GUST SPEED    21   HIGHEST GUST DIRECTION     E (80)
  AVERAGE WIND SPEED     5.2


SKY COVER
  AVERAGE SKY COVER 0.1


WEATHER CONDITIONS
 THE FOLLOWING WEATHER WAS RECORDED YESTERDAY.
  NO SIGNIFICANT WEATHER WAS OBSERVED.


RELATIVE HUMIDITY (PERCENT)
 HIGHEST    66
 LOWEST     28
 AVERAGE    47

..........................................................




SUNRISE AND SUNSET
MARCH 26 2017.........SUNRISE   646 AM MDT   SUNSET   714 PM MDT
MARCH 27 2017.........SUNRISE   644 AM MDT   SUNSET   716 PM MDT


-  INDICATES NEGATIVE NUMBERS.
R  INDICATES RECORD WAS SET OR TIED.
MM INDICATES DATA IS MISSING.
T  INDICATES TRACE AMOUNT.




$$
