000
CDUS43 KUNR 300832
CLICUT


CLIMATE REPORT
NATIONAL WEATHER SERVICE RAPID CITY SD
231 AM MDT SAT AUG 30 2014


...................................

...THE CUSTER COUNTY AIRPORT SD CLIMATE SUMMARY FOR AUGUST 29 2014...

CLIMATE NORMAL PERIOD 1981 TO 2010
CLIMATE RECORD PERIOD 9999 TO 9999


WEATHER ITEM   OBSERVED TIME   NORMAL DEPARTURE LAST
                VALUE   (LST)  VALUE  FROM      YEAR
                                      NORMAL
......................................................
TEMPERATURE (F)
 YESTERDAY
  MAXIMUM         70    213 PM  75     -5       86
  MINIMUM         49   1159 PM  48      1       58
  AVERAGE         60            61     -1       72

PRECIPITATION (IN)
  YESTERDAY        T             0.08  -0.08     0.00
  MONTH TO DATE    1.88          1.99  -0.11     3.95
  SINCE JUN 1      6.77          7.65  -0.88     9.42
  SINCE JAN 1     14.49         14.76  -0.27    15.95

DEGREE DAYS
 HEATING
  YESTERDAY        5             5      0        0
  MONTH TO DATE   43            82    -39       55
  SINCE JUN 1    395           363     32      290
  SINCE JUL 1    122           143    -21       97

 COOLING
  YESTERDAY        0             1     -1        7
  MONTH TO DATE   44            50     -6       65
  SINCE JUN 1    130           156    -26      137
  SINCE JAN 1    134           157    -23      139
......................................................


WIND (MPH)
  HIGHEST WIND SPEED    17   HIGHEST WIND DIRECTION     N (350)
  HIGHEST GUST SPEED    23   HIGHEST GUST DIRECTION     N (350)
  AVERAGE WIND SPEED     4.7


SKY COVER
  AVERAGE SKY COVER 0.3


WEATHER CONDITIONS
 THE FOLLOWING WEATHER WAS RECORDED YESTERDAY.
  THUNDERSTORM
  LIGHT RAIN


RELATIVE HUMIDITY (PERCENT)
 HIGHEST    93
 LOWEST     52
 AVERAGE    73

..........................................................




SUNRISE AND SUNSET
AUGUST 30 2014........SUNRISE   616 AM MDT   SUNSET   733 PM MDT
AUGUST 31 2014........SUNRISE   617 AM MDT   SUNSET   732 PM MDT


-  INDICATES NEGATIVE NUMBERS.
R  INDICATES RECORD WAS SET OR TIED.
MM INDICATES DATA IS MISSING.
T  INDICATES TRACE AMOUNT.




$$
