004
CDUS43 KUNR 200831
CLICUT


CLIMATE REPORT
NATIONAL WEATHER SERVICE RAPID CITY SD
231 AM MDT SUN AUG 20 2017


...................................

...THE CUSTER COUNTY AIRPORT SD CLIMATE SUMMARY FOR AUGUST 19 2017...

CLIMATE NORMAL PERIOD 1981 TO 2010
CLIMATE RECORD PERIOD 9999 TO 9999


WEATHER ITEM   OBSERVED TIME   NORMAL DEPARTURE LAST
                VALUE   (LST)  VALUE  FROM      YEAR
                                      NORMAL
......................................................
TEMPERATURE (F)
 YESTERDAY
  MAXIMUM         86   1249 PM  78      8       57
  MINIMUM         50    424 AM  50      0       39
  AVERAGE         68            64      4       48

PRECIPITATION (IN)
  YESTERDAY        0.00          0.07  -0.07     0.21
  MONTH TO DATE    2.07          1.31   0.76     0.99
  SINCE JUN 1      9.65          6.97   2.68     7.52
  SINCE JAN 1     17.53         14.08   3.45    12.10

DEGREE DAYS
 HEATING
  YESTERDAY        0             3     -3       17
  MONTH TO DATE   81            45     36       37
  SINCE JUN 1    244           326    -82      136
  SINCE JUL 1     89           106    -17       80

 COOLING
  YESTERDAY        3             2      1        0
  MONTH TO DATE    6            38    -32       45
  SINCE JUN 1    194           144     50      240
  SINCE JAN 1    194           145     49      240
......................................................


WIND (MPH)
  HIGHEST WIND SPEED    22   HIGHEST WIND DIRECTION     E (80)
  HIGHEST GUST SPEED    26   HIGHEST GUST DIRECTION     E (80)
  AVERAGE WIND SPEED     8.4


SKY COVER
  AVERAGE SKY COVER 0.1


WEATHER CONDITIONS
 THE FOLLOWING WEATHER WAS RECORDED YESTERDAY.
  NO SIGNIFICANT WEATHER WAS OBSERVED.


RELATIVE HUMIDITY (PERCENT)
 HIGHEST    68
 LOWEST     14
 AVERAGE    41

..........................................................




SUNRISE AND SUNSET
AUGUST 20 2017........SUNRISE   605 AM MDT   SUNSET   750 PM MDT
AUGUST 21 2017........SUNRISE   606 AM MDT   SUNSET   748 PM MDT


-  INDICATES NEGATIVE NUMBERS.
R  INDICATES RECORD WAS SET OR TIED.
MM INDICATES DATA IS MISSING.
T  INDICATES TRACE AMOUNT.




$$
