000
CDUS43 KUNR 200835
CLICUT


CLIMATE REPORT
NATIONAL WEATHER SERVICE RAPID CITY SD
234 AM MDT SAT SEP 20 2014


...................................

...THE CUSTER COUNTY AIRPORT SD CLIMATE SUMMARY FOR SEPTEMBER 19 2014...

CLIMATE NORMAL PERIOD 1981 TO 2010
CLIMATE RECORD PERIOD 9999 TO 9999


WEATHER ITEM   OBSERVED TIME   NORMAL DEPARTURE LAST
                VALUE   (LST)  VALUE  FROM      YEAR
                                      NORMAL
......................................................
TEMPERATURE (F)
 YESTERDAY
  MAXIMUM         79    229 PM  66     13       58
  MINIMUM         57    828 PM  39     18       35
  AVERAGE         68            53     15       47

PRECIPITATION (IN)
  YESTERDAY        T             0.05  -0.05     0.00
  MONTH TO DATE    0.71          1.11  -0.40     0.94
  SINCE SEP 1      0.71          1.11  -0.40     0.94
  SINCE JAN 1     15.22         16.03  -0.81    16.89

DEGREE DAYS
 HEATING
  YESTERDAY        0            12    -12       18
  MONTH TO DATE  217           167     50       89
  SINCE SEP 1    217           167     50       89
  SINCE JUL 1    348           321     27      186

 COOLING
  YESTERDAY        3             0      3        0
  MONTH TO DATE   10            11     -1       38
  SINCE SEP 1     10            11     -1       38
  SINCE JAN 1    144           177    -33      187
......................................................


WIND (MPH)
  HIGHEST WIND SPEED    15   HIGHEST WIND DIRECTION     W (270)
  HIGHEST GUST SPEED    20   HIGHEST GUST DIRECTION     W (280)
  AVERAGE WIND SPEED     4.9


SKY COVER
  AVERAGE SKY COVER 0.2


WEATHER CONDITIONS
 THE FOLLOWING WEATHER WAS RECORDED YESTERDAY.
  LIGHT RAIN


RELATIVE HUMIDITY (PERCENT)
 HIGHEST    67
 LOWEST     24
 AVERAGE    46

..........................................................




SUNRISE AND SUNSET
SEPTEMBER 20 2014.....SUNRISE   639 AM MDT   SUNSET   655 PM MDT
SEPTEMBER 21 2014.....SUNRISE   641 AM MDT   SUNSET   654 PM MDT


-  INDICATES NEGATIVE NUMBERS.
R  INDICATES RECORD WAS SET OR TIED.
MM INDICATES DATA IS MISSING.
T  INDICATES TRACE AMOUNT.




$$
