672
CDUS43 KUNR 190831
CLICUT


CLIMATE REPORT
NATIONAL WEATHER SERVICE RAPID CITY SD
230 AM MDT THU OCT 19 2017


...................................

...THE CUSTER COUNTY AIRPORT SD CLIMATE SUMMARY FOR OCTOBER 18 2017...

CLIMATE NORMAL PERIOD 1981 TO 2010
CLIMATE RECORD PERIOD 9999 TO 9999


WEATHER ITEM   OBSERVED TIME   NORMAL DEPARTURE LAST
                VALUE   (LST)  VALUE  FROM      YEAR
                                      NORMAL
......................................................
TEMPERATURE (F)
 YESTERDAY
  MAXIMUM         62    154 PM  54      8       56
  MINIMUM         45    531 AM  30     15       34
  AVERAGE         54            42     12       45

PRECIPITATION (IN)
  YESTERDAY        0.00          0.06  -0.06     0.00
  MONTH TO DATE    0.72          1.05  -0.33     0.47
  SINCE SEP 1      2.29          2.62  -0.33     2.24
  SINCE JAN 1     19.86         17.54   2.32    15.08

DEGREE DAYS
 HEATING
  YESTERDAY       11            23    -12       20
  MONTH TO DATE  387           368     19      291
  SINCE SEP 1    671           700    -29      545
  SINCE JUL 1    772           854    -82      681

 COOLING
  YESTERDAY        0             0      0        0
  MONTH TO DATE    0             0      0        0
  SINCE SEP 1     27            11     16        7
  SINCE JAN 1    235           177     58      259
......................................................


WIND (MPH)
  HIGHEST WIND SPEED    14   HIGHEST WIND DIRECTION    SW (240)
  HIGHEST GUST SPEED    20   HIGHEST GUST DIRECTION    SW (210)
  AVERAGE WIND SPEED     5.5


SKY COVER
  AVERAGE SKY COVER 0.0


WEATHER CONDITIONS
 THE FOLLOWING WEATHER WAS RECORDED YESTERDAY.
  NO SIGNIFICANT WEATHER WAS OBSERVED.


RELATIVE HUMIDITY (PERCENT)
 HIGHEST    33
 LOWEST     17
 AVERAGE    25

..........................................................




SUNRISE AND SUNSET
OCTOBER 19 2017.......SUNRISE   714 AM MDT   SUNSET   604 PM MDT
OCTOBER 20 2017.......SUNRISE   715 AM MDT   SUNSET   602 PM MDT


-  INDICATES NEGATIVE NUMBERS.
R  INDICATES RECORD WAS SET OR TIED.
MM INDICATES DATA IS MISSING.
T  INDICATES TRACE AMOUNT.




$$
