000
CDUS43 KUNR 250833
CLICUT


CLIMATE REPORT
NATIONAL WEATHER SERVICE RAPID CITY SD
132 AM MST SUN JAN 25 2015


...................................

...THE CUSTER COUNTY AIRPORT SD CLIMATE SUMMARY FOR JANUARY 24 2015...

CLIMATE NORMAL PERIOD 1981 TO 2010
CLIMATE RECORD PERIOD 9999 TO 9999


WEATHER ITEM   OBSERVED TIME   NORMAL DEPARTURE LAST
                VALUE   (LST)  VALUE  FROM      YEAR
                                      NORMAL
......................................................
TEMPERATURE (F)
 YESTERDAY
  MAXIMUM         44   1233 PM  35      9       45
  MINIMUM         32   1103 PM  14     18       29
  AVERAGE         38            24     14       37

PRECIPITATION (IN)
  YESTERDAY        0.04          0.02   0.02     0.00
  MONTH TO DATE    0.24          0.24   0.00     0.33
  SINCE DEC 1      0.39          0.62  -0.23     1.23
  SINCE JAN 1      0.24          0.24   0.00     0.33

DEGREE DAYS
 HEATING
  YESTERDAY       27            41    -14       28
  MONTH TO DATE  944           984    -40      730
  SINCE DEC 1   2087          2273   -186     2078
  SINCE JUL 1   4175          4454   -279     4190

 COOLING
  YESTERDAY        0             0      0        0
  MONTH TO DATE    0             0      0        0
  SINCE DEC 1      0             0      0        0
  SINCE JAN 1      0             0      0        0
......................................................


WIND (MPH)
  HIGHEST WIND SPEED    29   HIGHEST WIND DIRECTION    NW (310)
  HIGHEST GUST SPEED    44   HIGHEST GUST DIRECTION     N (340)
  AVERAGE WIND SPEED    14.9


SKY COVER
  AVERAGE SKY COVER 0.2


WEATHER CONDITIONS
 THE FOLLOWING WEATHER WAS RECORDED YESTERDAY.
  LIGHT RAIN
  FOG


RELATIVE HUMIDITY (PERCENT)
 HIGHEST    67
 LOWEST     43
 AVERAGE    55

..........................................................




SUNRISE AND SUNSET
JANUARY 25 2015.......SUNRISE   718 AM MST   SUNSET   456 PM MST
JANUARY 26 2015.......SUNRISE   717 AM MST   SUNSET   457 PM MST


-  INDICATES NEGATIVE NUMBERS.
R  INDICATES RECORD WAS SET OR TIED.
MM INDICATES DATA IS MISSING.
T  INDICATES TRACE AMOUNT.




$$
