000
CDUS43 KUNR 280832
CLICUT


CLIMATE REPORT
NATIONAL WEATHER SERVICE RAPID CITY SD
231 AM MDT THU JUL 28 2016


...................................

...THE CUSTER COUNTY AIRPORT SD CLIMATE SUMMARY FOR JULY 27 2016...

CLIMATE NORMAL PERIOD 1981 TO 2010
CLIMATE RECORD PERIOD 9999 TO 9999


WEATHER ITEM   OBSERVED TIME   NORMAL DEPARTURE LAST
                VALUE   (LST)  VALUE  FROM      YEAR
                                      NORMAL
......................................................
TEMPERATURE (F)
 YESTERDAY
  MAXIMUM         78   1147 AM  80     -2       89
  MINIMUM         54    112 AM  52      2       52
  AVERAGE         66            66      0       71

PRECIPITATION (IN)
  YESTERDAY        1.14          0.08   1.06     1.28
  MONTH TO DATE    2.93          2.15   0.78     2.30
  SINCE JUN 1      5.63          5.37   0.26     8.80
  SINCE JAN 1     10.21         12.48  -2.27    18.11

DEGREE DAYS
 HEATING
  YESTERDAY        0             2     -2        0
  MONTH TO DATE   36            58    -22       40
  SINCE JUN 1     92           278   -186      142
  SINCE JUL 1     36            58    -22       40

 COOLING
  YESTERDAY        1             3     -2        6
  MONTH TO DATE  107            71     36       69
  SINCE JUN 1    184            96     88       96
  SINCE JAN 1    184            97     87       96
......................................................


WIND (MPH)
  HIGHEST WIND SPEED    25   HIGHEST WIND DIRECTION    NE (50)
  HIGHEST GUST SPEED    36   HIGHEST GUST DIRECTION    NE (50)
  AVERAGE WIND SPEED     7.9


SKY COVER
  AVERAGE SKY COVER 0.3


WEATHER CONDITIONS
 THE FOLLOWING WEATHER WAS RECORDED YESTERDAY.
  THUNDERSTORM
  HEAVY RAIN
  RAIN
  LIGHT RAIN
  FOG


RELATIVE HUMIDITY (PERCENT)
 HIGHEST    93
 LOWEST     39
 AVERAGE    66

..........................................................




SUNRISE AND SUNSET
JULY 28 2016..........SUNRISE   540 AM MDT   SUNSET   822 PM MDT
JULY 29 2016..........SUNRISE   541 AM MDT   SUNSET   820 PM MDT


-  INDICATES NEGATIVE NUMBERS.
R  INDICATES RECORD WAS SET OR TIED.
MM INDICATES DATA IS MISSING.
T  INDICATES TRACE AMOUNT.




$$
