571
CDUS43 KUNR 040832
CLICUT


CLIMATE REPORT
NATIONAL WEATHER SERVICE RAPID CITY SD
132 AM MST SUN DEC 4 2016


...................................

...THE CUSTER COUNTY AIRPORT SD CLIMATE SUMMARY FOR DECEMBER 3 2016...

CLIMATE NORMAL PERIOD 1981 TO 2010
CLIMATE RECORD PERIOD 9999 TO 9999


WEATHER ITEM   OBSERVED TIME   NORMAL DEPARTURE LAST
                VALUE   (LST)  VALUE  FROM      YEAR
                                      NORMAL
......................................................
TEMPERATURE (F)
 YESTERDAY
  MAXIMUM         34   1058 AM  35     -1       41
  MINIMUM         18    747 AM  15      3       20
  AVERAGE         26            25      1       31

PRECIPITATION (IN)
  YESTERDAY        T             0.01  -0.01     0.00
  MONTH TO DATE    T             0.03  -0.03     0.01
  SINCE DEC 1      T             0.03  -0.03     0.01
  SINCE JAN 1     15.27         18.60  -3.33    22.90

DEGREE DAYS
 HEATING
  YESTERDAY       39            40     -1       34
  MONTH TO DATE  118           120     -2      107
  SINCE DEC 1    118           120     -2      107
  SINCE JUL 1   1737          2301   -564     1895

 COOLING
  YESTERDAY        0             0      0        0
  MONTH TO DATE    0             0      0        0
  SINCE DEC 1      0             0      0        0
  SINCE JAN 1    259           177     82      231
......................................................


WIND (MPH)
  HIGHEST WIND SPEED    18   HIGHEST WIND DIRECTION     W (290)
  HIGHEST GUST SPEED    30   HIGHEST GUST DIRECTION    NW (300)
  AVERAGE WIND SPEED     8.9


SKY COVER
  AVERAGE SKY COVER 0.4


WEATHER CONDITIONS
 THE FOLLOWING WEATHER WAS RECORDED YESTERDAY.
  LIGHT SNOW
  FOG
  HAZE


RELATIVE HUMIDITY (PERCENT)
 HIGHEST    91
 LOWEST     35
 AVERAGE    63

..........................................................




SUNRISE AND SUNSET
DECEMBER  4 2016......SUNRISE   712 AM MST   SUNSET   418 PM MST
DECEMBER  5 2016......SUNRISE   713 AM MST   SUNSET   417 PM MST


-  INDICATES NEGATIVE NUMBERS.
R  INDICATES RECORD WAS SET OR TIED.
MM INDICATES DATA IS MISSING.
T  INDICATES TRACE AMOUNT.




$$
