000
CDUS43 KUNR 260833
CLICUT


CLIMATE REPORT
NATIONAL WEATHER SERVICE RAPID CITY SD
132 AM MST SUN FEB 26 2017


...................................

...THE CUSTER COUNTY AIRPORT SD CLIMATE SUMMARY FOR FEBRUARY 25 2017...

CLIMATE NORMAL PERIOD 1981 TO 2010
CLIMATE RECORD PERIOD 9999 TO 9999


WEATHER ITEM   OBSERVED TIME   NORMAL DEPARTURE LAST
                VALUE   (LST)  VALUE  FROM      YEAR
                                      NORMAL
......................................................
TEMPERATURE (F)
 YESTERDAY
  MAXIMUM         25   1110 AM  38    -13       38
  MINIMUM          8   1129 PM  17     -9        9
  AVERAGE         17            27    -10       24

PRECIPITATION (IN)
  YESTERDAY        T             0.01  -0.01     0.00
  MONTH TO DATE    0.96          0.47   0.49     0.51
  SINCE DEC 1      3.23          1.18   2.05     0.93
  SINCE JAN 1      1.95          0.80   1.15     0.55

DEGREE DAYS
 HEATING
  YESTERDAY       48            38     10       41
  MONTH TO DATE  838           989   -151      853
  SINCE DEC 1   3620          3543     77     3170
  SINCE JUL 1   5239          5724   -485     4958

 COOLING
  YESTERDAY        0             0      0        0
  MONTH TO DATE    0             0      0        0
  SINCE DEC 1      0             0      0        0
  SINCE JAN 1      0             0      0        0
......................................................


WIND (MPH)
  HIGHEST WIND SPEED    16   HIGHEST WIND DIRECTION     W (270)
  HIGHEST GUST SPEED    22   HIGHEST GUST DIRECTION     W (250)
  AVERAGE WIND SPEED     6.4


SKY COVER
  AVERAGE SKY COVER 0.5


WEATHER CONDITIONS
 THE FOLLOWING WEATHER WAS RECORDED YESTERDAY.
  LIGHT SNOW
  HAZE


RELATIVE HUMIDITY (PERCENT)
 HIGHEST    83
 LOWEST     50
 AVERAGE    67

..........................................................




SUNRISE AND SUNSET
FEBRUARY 26 2017......SUNRISE   636 AM MST   SUNSET   540 PM MST
FEBRUARY 27 2017......SUNRISE   634 AM MST   SUNSET   541 PM MST


-  INDICATES NEGATIVE NUMBERS.
R  INDICATES RECORD WAS SET OR TIED.
MM INDICATES DATA IS MISSING.
T  INDICATES TRACE AMOUNT.




$$
