000
CDUS43 KUNR 110831
CLICUT


CLIMATE REPORT
NATIONAL WEATHER SERVICE RAPID CITY SD
130 AM MST MON DEC 11 2017


...................................

...THE CUSTER COUNTY AIRPORT SD CLIMATE SUMMARY FOR DECEMBER 10 2017...

CLIMATE NORMAL PERIOD 1981 TO 2010
CLIMATE RECORD PERIOD 9999 TO 9999


WEATHER ITEM   OBSERVED TIME   NORMAL DEPARTURE LAST
                VALUE   (LST)  VALUE  FROM      YEAR
                                      NORMAL
......................................................
TEMPERATURE (F)
 YESTERDAY
  MAXIMUM         54   1221 PM  33     21       38
  MINIMUM         41    321 AM  13     28        3
  AVERAGE         48            23     25       21

PRECIPITATION (IN)
  YESTERDAY        0.00          0.01  -0.01     0.03
  MONTH TO DATE    0.14          0.11   0.03     0.08
  SINCE DEC 1      0.14          0.11   0.03     0.08
  SINCE JAN 1     20.85         18.68   2.17    15.35

DEGREE DAYS
 HEATING
  YESTERDAY       17            42    -25       44
  MONTH TO DATE  322           409    -87      482
  SINCE DEC 1    322           409    -87      482
  SINCE JUL 1   2286          2590   -304     2101

 COOLING
  YESTERDAY        0             0      0        0
  MONTH TO DATE    0             0      0        0
  SINCE DEC 1      0             0      0        0
  SINCE JAN 1    235           177     58      259
......................................................


WIND (MPH)
  HIGHEST WIND SPEED    21   HIGHEST WIND DIRECTION    NW (330)
  HIGHEST GUST SPEED    33   HIGHEST GUST DIRECTION    NW (330)
  AVERAGE WIND SPEED    10.8


SKY COVER
  AVERAGE SKY COVER 0.0


WEATHER CONDITIONS
 THE FOLLOWING WEATHER WAS RECORDED YESTERDAY.
  NO SIGNIFICANT WEATHER WAS OBSERVED.


RELATIVE HUMIDITY (PERCENT)
 HIGHEST    22
 LOWEST     11
 AVERAGE    17

..........................................................




SUNRISE AND SUNSET
DECEMBER 11 2017......SUNRISE   718 AM MST   SUNSET   417 PM MST
DECEMBER 12 2017......SUNRISE   719 AM MST   SUNSET   417 PM MST


-  INDICATES NEGATIVE NUMBERS.
R  INDICATES RECORD WAS SET OR TIED.
MM INDICATES DATA IS MISSING.
T  INDICATES TRACE AMOUNT.




$$
