000
CDUS43 KUNR 050838
CLICUT


CLIMATE REPORT
NATIONAL WEATHER SERVICE RAPID CITY SD
238 AM MDT SUN JUL 5 2015


...................................

...THE CUSTER COUNTY AIRPORT SD CLIMATE SUMMARY FOR JULY 4 2015...

CLIMATE NORMAL PERIOD 1981 TO 2010
CLIMATE RECORD PERIOD 9999 TO 9999


WEATHER ITEM   OBSERVED TIME   NORMAL DEPARTURE LAST
                VALUE   (LST)  VALUE  FROM      YEAR
                                      NORMAL
......................................................
TEMPERATURE (F)
 YESTERDAY
  MAXIMUM         86    133 PM  78      8       87
  MINIMUM         54    413 AM  51      3       59
  AVERAGE         70            64      6       73

PRECIPITATION (IN)
  YESTERDAY        0.00          0.08  -0.08      T
  MONTH TO DATE    0.07          0.30  -0.23      T
  SINCE JUN 1      6.57          3.52   3.05     3.39
  SINCE JAN 1     15.88         10.63   5.25    11.11

DEGREE DAYS
 HEATING
  YESTERDAY        0             3     -3        0
  MONTH TO DATE    1            12    -11       24
  SINCE JUN 1    103           232   -129      297
  SINCE JUL 1      1            12    -11       24

 COOLING
  YESTERDAY        5             2      3        8
  MONTH TO DATE    9             8      1        8
  SINCE JUN 1     36            33      3        9
  SINCE JAN 1     36            34      2       13
......................................................


WIND (MPH)
  HIGHEST WIND SPEED    20   HIGHEST WIND DIRECTION     W (280)
  HIGHEST GUST SPEED    29   HIGHEST GUST DIRECTION     W (280)
  AVERAGE WIND SPEED     5.5


SKY COVER
  AVERAGE SKY COVER 0.1


WEATHER CONDITIONS
 THE FOLLOWING WEATHER WAS RECORDED YESTERDAY.
  FOG
  HAZE


RELATIVE HUMIDITY (PERCENT)
 HIGHEST    89
 LOWEST     25
 AVERAGE    57

..........................................................




SUNRISE AND SUNSET
JULY  5 2015..........SUNRISE   519 AM MDT   SUNSET   839 PM MDT
JULY  6 2015..........SUNRISE   519 AM MDT   SUNSET   839 PM MDT


-  INDICATES NEGATIVE NUMBERS.
R  INDICATES RECORD WAS SET OR TIED.
MM INDICATES DATA IS MISSING.
T  INDICATES TRACE AMOUNT.




$$
