000
CDUS41 KILN 300541
CLICVG


CLIMATE REPORT
NATIONAL WEATHER SERVICE WILMINGTON OH
140 AM EDT TUE MAY 30 2017


...................................

...THE CINCINNATI OH CLIMATE SUMMARY FOR MAY 29 2017...

CLIMATE NORMAL PERIOD 1981 TO 2010
CLIMATE RECORD PERIOD 1869 TO 2017


WEATHER ITEM   OBSERVED TIME   RECORD YEAR NORMAL DEPARTURE LAST
                VALUE   (LST)  VALUE       VALUE  FROM      YEAR
                                                  NORMAL
..................................................................
TEMPERATURE (F)
 YESTERDAY
  MAXIMUM         81    448 PM  93    1914  77      4       86
  MINIMUM         59    247 AM  34    1965  57      2       64
  AVERAGE         70                        67      3       75

PRECIPITATION (IN)
  YESTERDAY        0.00          2.29 1916   0.16  -0.16      T
  MONTH TO DATE    6.18                      4.62   1.56     2.80
  SINCE MAR 1     16.15                     12.47   3.68    12.98
  SINCE JAN 1     23.37                     18.28   5.09    19.61

SNOWFALL (IN)
  YESTERDAY        0.0           0.0    MM   0.0    0.0      0.0
  MONTH TO DATE    0.0                       0.0    0.0      0.0
  SINCE MAR 1      2.0                       3.5   -1.5      2.3
  SINCE JUL 1     10.0                      22.1  -12.1     19.2
  SNOW DEPTH       0

DEGREE DAYS
 HEATING
  YESTERDAY        0                         2     -2        0
  MONTH TO DATE  138                       122     16      161
  SINCE MAR 1    930                      1129   -199      926
  SINCE JUL 1   4010                      4956   -946     4134

 COOLING
  YESTERDAY        5                         4      1       10
  MONTH TO DATE   76                        68      8       55
  SINCE MAR 1    128                        86     42       73
  SINCE JAN 1    128                        86     42       73
..................................................................


WIND (MPH)
  RESULTANT WIND SPEED   8   RESULTANT WIND DIRECTION  SW (220)
  HIGHEST WIND SPEED    16   HIGHEST WIND DIRECTION    SW (220)
  HIGHEST GUST SPEED    22   HIGHEST GUST DIRECTION    SW (230)
  AVERAGE WIND SPEED     8.1


SKY COVER
  POSSIBLE SUNSHINE  MM
  AVERAGE SKY COVER 0.6


WEATHER CONDITIONS
 THE FOLLOWING WEATHER WAS RECORDED YESTERDAY.
  FOG
  FOG W/VISIBILITY <= 1/4 MILE


RELATIVE HUMIDITY (PERCENT)
 HIGHEST   100           200 AM
 LOWEST     36           500 PM
 AVERAGE    68

..........................................................


THE CINCINNATI OH CLIMATE NORMALS FOR TODAY
                         NORMAL    RECORD    YEAR
 MAXIMUM TEMPERATURE (F)   78        94      1874
 MINIMUM TEMPERATURE (F)   57        38      1984
                                             1947


SUNRISE AND SUNSET
MAY 30 2017...........SUNRISE   616 AM EDT   SUNSET   857 PM EDT
MAY 31 2017...........SUNRISE   615 AM EDT   SUNSET   858 PM EDT


-  INDICATES NEGATIVE NUMBERS.
R  INDICATES RECORD WAS SET OR TIED.
MM INDICATES DATA IS MISSING.
T  INDICATES TRACE AMOUNT.




$$
