570
CDUS41 KILN 182157
CLICVG


CLIMATE REPORT
NATIONAL WEATHER SERVICE WILMINGTON OH
456 PM EST SAT NOV 18 2017


...................................

...THE CINCINNATI OH CLIMATE SUMMARY FOR NOVEMBER 18 2017...
VALID TODAY AS OF 0400 PM LOCAL TIME.

CLIMATE NORMAL PERIOD 1981 TO 2010
CLIMATE RECORD PERIOD 1869 TO 2017


WEATHER ITEM   OBSERVED TIME   RECORD YEAR NORMAL DEPARTURE LAST
                VALUE   (LST)  VALUE       VALUE  FROM      YEAR
                                                  NORMAL
..................................................................
TEMPERATURE (F)
 TODAY
  MAXIMUM         65    345 PM  76    2016  53     12       76
                                      1930
  MINIMUM         50    106 AM  12    2014  36     14       49
                                      1880
  AVERAGE         58                        44     14       63

PRECIPITATION (IN)
  TODAY            0.04          2.12 1957   0.13  -0.09     0.01
  MONTH TO DATE    3.24                      1.98   1.26     0.20
  SINCE SEP 1     10.45                      7.91   2.54     5.61
  SINCE JAN 1     47.24                     37.70   9.54    38.69

SNOWFALL (IN)
  TODAY            0.0           2.0  1955   0.1   -0.1      0.0
  MONTH TO DATE    0.0                       0.2   -0.2      0.0
  SINCE SEP 1      T                         0.6   -0.6      0.0
  SINCE JUL 1      T                         0.6   -0.6      0.0
  SNOW DEPTH       0

DEGREE DAYS
 HEATING
  TODAY            7                        21    -14        2
  MONTH TO DATE  315                       314      1      244
  SINCE SEP 1    614                       676    -62      413
  SINCE JUL 1    615                       676    -61      413

 COOLING
  TODAY            0                         0      0        0
  MONTH TO DATE    3                         0      3        6
  SINCE SEP 1    180                       153     27      302
  SINCE JAN 1   1111                      1121    -10     1477
..................................................................


WIND (MPH)
  HIGHEST WIND SPEED    35   HIGHEST WIND DIRECTION     S (200)
  HIGHEST GUST SPEED    50   HIGHEST GUST DIRECTION     S (190)
  AVERAGE WIND SPEED    19.4


SKY COVER
  POSSIBLE SUNSHINE  MM
  AVERAGE SKY COVER 1.0


WEATHER CONDITIONS
 THE FOLLOWING WEATHER WAS RECORDED TODAY.
  LIGHT RAIN
  FOG


RELATIVE HUMIDITY (PERCENT)
 HIGHEST    84          1100 AM
 LOWEST     54          1200 AM
 AVERAGE    69

..........................................................


THE CINCINNATI OH CLIMATE NORMALS FOR TOMORROW
                         NORMAL    RECORD    YEAR
 MAXIMUM TEMPERATURE (F)   52        76      1930
 MINIMUM TEMPERATURE (F)   35         5      1880


SUNRISE AND SUNSET
NOVEMBER 18 2017......SUNRISE   725 AM EST   SUNSET   522 PM EST
NOVEMBER 19 2017......SUNRISE   726 AM EST   SUNSET   522 PM EST


-  INDICATES NEGATIVE NUMBERS.
R  INDICATES RECORD WAS SET OR TIED.
MM INDICATES DATA IS MISSING.
T  INDICATES TRACE AMOUNT.




$$
