000
CDUS41 KILN 242049
CLICVG


CLIMATE REPORT
NATIONAL WEATHER SERVICE WILMINGTON OH
449 PM EDT MON JUL 24 2017


...................................

...THE CINCINNATI OH CLIMATE SUMMARY FOR JULY 24 2017...
VALID TODAY AS OF 0400 PM LOCAL TIME.

CLIMATE NORMAL PERIOD 1981 TO 2010
CLIMATE RECORD PERIOD 1869 TO 2017


WEATHER ITEM   OBSERVED TIME   RECORD YEAR NORMAL DEPARTURE LAST
                VALUE   (LST)  VALUE       VALUE  FROM      YEAR
                                                  NORMAL
..................................................................
TEMPERATURE (F)
 TODAY
  MAXIMUM         86    240 PM 106    1934  86      0       94
  MINIMUM         67    150 AM  54    1947  66      1       72
  AVERAGE         77                        76      1       83

PRECIPITATION (IN)
  TODAY            0.00          2.56 1978   0.13  -0.13     0.00
  MONTH TO DATE    2.95                      2.90   0.05     2.57
  SINCE JUN 1      8.20                      6.93   1.27     5.06
  SINCE JAN 1     31.60                     25.52   6.08    24.67

SNOWFALL (IN)
  TODAY            0.0           0.0    MM   0.0    0.0      0.0
  MONTH TO DATE    0.0                       0.0    0.0      0.0
  SINCE JUN 1      0.0                       0.0    0.0      0.0
  SINCE JUL 1      0.0                       0.0    0.0      0.0
  SNOW DEPTH       0

DEGREE DAYS
 HEATING
  TODAY            0                         0      0        0
  MONTH TO DATE    0                         0      0        0
  SINCE JUN 1      7                        15     -8        2
  SINCE JUL 1      0                         0      0        0

 COOLING
  TODAY           12                        11      1       18
  MONTH TO DATE  276                       262     14      274
  SINCE JUN 1    477                       488    -11      557
  SINCE JAN 1    611                       582     29      650
..................................................................


WIND (MPH)
  HIGHEST WIND SPEED    13   HIGHEST WIND DIRECTION     N (350)
  HIGHEST GUST SPEED    19   HIGHEST GUST DIRECTION     N (350)
  AVERAGE WIND SPEED     7.6


SKY COVER
  POSSIBLE SUNSHINE  MM
  AVERAGE SKY COVER 0.3


WEATHER CONDITIONS
 THE FOLLOWING WEATHER WAS RECORDED TODAY.
  NO SIGNIFICANT WEATHER WAS OBSERVED.


RELATIVE HUMIDITY (PERCENT)
 HIGHEST   100           100 AM
 LOWEST     55           100 PM
 AVERAGE    78

..........................................................


THE CINCINNATI OH CLIMATE NORMALS FOR TOMORROW
                         NORMAL    RECORD    YEAR
 MAXIMUM TEMPERATURE (F)   86       107      1934
 MINIMUM TEMPERATURE (F)   66        55      2014


SUNRISE AND SUNSET
JULY 24 2017..........SUNRISE   633 AM EDT   SUNSET   857 PM EDT
JULY 25 2017..........SUNRISE   633 AM EDT   SUNSET   856 PM EDT


-  INDICATES NEGATIVE NUMBERS.
R  INDICATES RECORD WAS SET OR TIED.
MM INDICATES DATA IS MISSING.
T  INDICATES TRACE AMOUNT.




$$
