000
CDUS41 KILN 132051
CLICVG


CLIMATE REPORT
NATIONAL WEATHER SERVICE WILMINGTON OH
451 PM EDT SUN JUL 13 2014


...................................

...THE CINCINNATI OH CLIMATE SUMMARY FOR JULY 13 2014...
VALID TODAY AS OF 0400 PM LOCAL TIME.

CLIMATE NORMAL PERIOD 1981 TO 2010
CLIMATE RECORD PERIOD 1869 TO 2014


WEATHER ITEM   OBSERVED TIME   RECORD YEAR NORMAL DEPARTURE LAST
                VALUE   (LST)  VALUE       VALUE  FROM      YEAR
                                                  NORMAL
..................................................................
TEMPERATURE (F)
 TODAY
  MAXIMUM         89    119 PM 102    1936  86      3       85
  MINIMUM         74    404 AM  50    1975  66      8       68
  AVERAGE         82                        76      6       77

PRECIPITATION (IN)
  TODAY            0.26          2.15 1942   0.13   0.13      T
  MONTH TO DATE    0.94                      1.57  -0.63     4.04
  SINCE JUN 1      7.16                      5.60   1.56    10.06
  SINCE JAN 1     24.63                     24.19   0.44    27.94

SNOWFALL (IN)
  TODAY            0.0           0.0    MM   0.0    0.0      0.0
  MONTH TO DATE    0.0                       0.0    0.0      0.0
  SINCE JUN 1      0.0                       0.0    0.0      0.0
  SINCE JUL 1      0.0                       0.0    0.0      0.0
  SNOW DEPTH       0

DEGREE DAYS
 HEATING
  TODAY            0                         0      0        0
  MONTH TO DATE    0                         0      0        0
  SINCE JUN 1      3                        15    -12        1
  SINCE JUL 1      0                         0      0        0

 COOLING
  TODAY           17                        11      6       12
  MONTH TO DATE  112                       141    -29      122
  SINCE JUN 1    386                       367     19      361
  SINCE JAN 1    520                       461     59      500
..................................................................


WIND (MPH)
  HIGHEST WIND SPEED    26   HIGHEST WIND DIRECTION    NW (320)
  HIGHEST GUST SPEED    33   HIGHEST GUST DIRECTION     W (280)
  AVERAGE WIND SPEED     9.0


SKY COVER
  POSSIBLE SUNSHINE  MM
  AVERAGE SKY COVER 0.9


WEATHER CONDITIONS
 THE FOLLOWING WEATHER WAS RECORDED TODAY.
  THUNDERSTORM
  HEAVY RAIN
  LIGHT RAIN
  FOG
  HAZE


RELATIVE HUMIDITY (PERCENT)
 HIGHEST    74          1200 AM
 LOWEST     56           100 PM
 AVERAGE    65

..........................................................


THE CINCINNATI OH CLIMATE NORMALS FOR TOMORROW
                         NORMAL    RECORD    YEAR
 MAXIMUM TEMPERATURE (F)   86       106      1936
 MINIMUM TEMPERATURE (F)   66        48      1975


SUNRISE AND SUNSET
JULY 13 2014..........SUNRISE   624 AM EDT   SUNSET   905 PM EDT
JULY 14 2014..........SUNRISE   624 AM EDT   SUNSET   904 PM EDT


-  INDICATES NEGATIVE NUMBERS.
R  INDICATES RECORD WAS SET OR TIED.
MM INDICATES DATA IS MISSING.
T  INDICATES TRACE AMOUNT.




$$
