000
CDUS41 KILN 170617
CLICVG


CLIMATE REPORT
NATIONAL WEATHER SERVICE WILMINGTON OH
215 AM EDT WED SEP 17 2014


...................................

...THE CINCINNATI OH CLIMATE SUMMARY FOR SEPTEMBER 16 2014...

CLIMATE NORMAL PERIOD 1981 TO 2010
CLIMATE RECORD PERIOD 1869 TO 2014


WEATHER ITEM   OBSERVED TIME   RECORD YEAR NORMAL DEPARTURE LAST
                VALUE   (LST)  VALUE       VALUE  FROM      YEAR
                                                  NORMAL
..................................................................
TEMPERATURE (F)
 YESTERDAY
  MAXIMUM         62    224 PM  96    1897  78    -16       74
  MINIMUM         53   1159 PM  40    1916  57     -4       60
  AVERAGE         58                        68    -10       67

PRECIPITATION (IN)
  YESTERDAY        T             1.65 1996   0.09  -0.09      T
  MONTH TO DATE    3.18                      1.41   1.77     0.16
  SINCE SEP 1      3.18                      1.41   1.77     0.16
  SINCE JAN 1     33.64                     31.20   2.44    33.21

SNOWFALL (IN)
  YESTERDAY        0.0                       0.0    0.0      0.0
  MONTH TO DATE    0.0                       0.0    0.0      0.0
  SINCE SEP 1      0.0                       0.0    0.0      0.0
  SINCE JUL 1      0.0                       0.0    0.0      0.0
  SNOW DEPTH       0

DEGREE DAYS
 HEATING
  YESTERDAY        7                         2      5        0
  MONTH TO DATE   27                        11     16       10
  SINCE SEP 1     27                        11     16       10
  SINCE JUL 1     32                        11     21       14

 COOLING
  YESTERDAY        0                         4     -4        2
  MONTH TO DATE   87                        98    -11      115
  SINCE SEP 1     87                        98    -11      115
  SINCE JAN 1   1033                      1066    -33     1091
..................................................................


WIND (MPH)
  RESULTANT WIND SPEED   6   RESULTANT WIND DIRECTION   N (10)
  HIGHEST WIND SPEED    14   HIGHEST WIND DIRECTION     N (20)
  HIGHEST GUST SPEED    22   HIGHEST GUST DIRECTION    SW (210)
  AVERAGE WIND SPEED     5.9


SKY COVER
  POSSIBLE SUNSHINE  MM
  AVERAGE SKY COVER 1.0


WEATHER CONDITIONS
 THE FOLLOWING WEATHER WAS RECORDED YESTERDAY.
  LIGHT RAIN
  FOG


RELATIVE HUMIDITY (PERCENT)
 HIGHEST    93           600 AM
 LOWEST     64           200 PM
 AVERAGE    79

..........................................................


THE CINCINNATI OH CLIMATE NORMALS FOR TODAY
                         NORMAL    RECORD    YEAR
 MAXIMUM TEMPERATURE (F)   78        94      1927
 MINIMUM TEMPERATURE (F)   57        41      2000


SUNRISE AND SUNSET
SEPTEMBER 17 2014.....SUNRISE   722 AM EDT   SUNSET   744 PM EDT
SEPTEMBER 18 2014.....SUNRISE   723 AM EDT   SUNSET   742 PM EDT


-  INDICATES NEGATIVE NUMBERS.
R  INDICATES RECORD WAS SET OR TIED.
MM INDICATES DATA IS MISSING.
T  INDICATES TRACE AMOUNT.




$$
