000
CDUS41 KILN 282056
CLICVG


CLIMATE REPORT
NATIONAL WEATHER SERVICE WILMINGTON OH
455 PM EDT THU MAY 28 2015


...................................

...THE CINCINNATI OH CLIMATE SUMMARY FOR MAY 28 2015...
VALID TODAY AS OF 0400 PM LOCAL TIME.

CLIMATE NORMAL PERIOD 1981 TO 2010
CLIMATE RECORD PERIOD 1869 TO 2015


WEATHER ITEM   OBSERVED TIME   RECORD YEAR NORMAL DEPARTURE LAST
                VALUE   (LST)  VALUE       VALUE  FROM      YEAR
                                                  NORMAL
..................................................................
TEMPERATURE (F)
 TODAY
  MAXIMUM         82    322 PM  95    1911  77      5       84
  MINIMUM         62    341 AM  40    1994  57      5       65
  AVERAGE         72                        67      5       75

PRECIPITATION (IN)
  TODAY            0.03          2.16 1882   0.17  -0.14      T
  MONTH TO DATE    1.37                      4.46  -3.09     2.86
  SINCE MAR 1     12.82                     12.31   0.51    11.93
  SINCE JAN 1     16.97                     18.12  -1.15    17.47

SNOWFALL (IN)
  TODAY            0.0           0.0    MM   0.0    0.0      0.0
  MONTH TO DATE    0.0                       0.0    0.0      0.0
  SINCE MAR 1      4.9                       3.5    1.4      3.9
  SINCE JUL 1     29.9                      22.1    7.8     47.5
  SNOW DEPTH       0

DEGREE DAYS
 HEATING
  TODAY            0                         2     -2        0
  MONTH TO DATE   67                       120    -53      109
  SINCE MAR 1   1049                      1127    -78     1162
  SINCE JUL 1   5276                      4954    322     5406

 COOLING
  TODAY            7                         4      3       10
  MONTH TO DATE  123                        64     59       97
  SINCE MAR 1    128                        82     46      104
  SINCE JAN 1    128                        82     46      104
..................................................................


WIND (MPH)
  HIGHEST WIND SPEED    10   HIGHEST WIND DIRECTION    SE (140)
  HIGHEST GUST SPEED    14   HIGHEST GUST DIRECTION    SE (130)
  AVERAGE WIND SPEED     3.1


SKY COVER
  POSSIBLE SUNSHINE  MM
  AVERAGE SKY COVER 0.9


WEATHER CONDITIONS
 THE FOLLOWING WEATHER WAS RECORDED TODAY.
  FOG
  FOG W/VISIBILITY <= 1/4 MILE
  HAZE


RELATIVE HUMIDITY (PERCENT)
 HIGHEST    93           300 AM
 LOWEST     54           300 PM
 AVERAGE    74

..........................................................


THE CINCINNATI OH CLIMATE NORMALS FOR TOMORROW
                         NORMAL    RECORD    YEAR
 MAXIMUM TEMPERATURE (F)   77        93      1914
 MINIMUM TEMPERATURE (F)   57        34      1965


SUNRISE AND SUNSET
MAY 28 2015...........SUNRISE   617 AM EDT   SUNSET   856 PM EDT
MAY 29 2015...........SUNRISE   616 AM EDT   SUNSET   856 PM EDT


-  INDICATES NEGATIVE NUMBERS.
R  INDICATES RECORD WAS SET OR TIED.
MM INDICATES DATA IS MISSING.
T  INDICATES TRACE AMOUNT.




$$
