000
CDUS45 KCYS 272251
CLICYS


CLIMATE REPORT
NATIONAL WEATHER SERVICE CHEYENNE WY
348 PM MST TUE JAN 27 2015


...................................

...THE CHEYENNE WYOMING CLIMATE SUMMARY FOR JANUARY 27 2015...
VALID AS OF 0300 PM LOCAL TIME.

CLIMATE NORMAL PERIOD 1981 TO 2010
CLIMATE RECORD PERIOD 1871 TO 2015


WEATHER ITEM   OBSERVED TIME   RECORD YEAR NORMAL DEPARTURE LAST
                VALUE   (LST)  VALUE       VALUE  FROM      YEAR
                                                  NORMAL
..................................................................
TEMPERATURE (F)
 TODAY
  MAXIMUM         70R   126 PM  64    1888  39     31       13
  MINIMUM         36   1223 AM -21    1897  18     18       -8
  AVERAGE         53                        28     25        3

PRECIPITATION (IN)
  TODAY            0.00          0.36 1980   0.01  -0.01     0.23
  MONTH TO DATE    0.06                      0.28  -0.22     0.69
  SINCE DEC 1      0.73                      0.77  -0.04     1.19
  SINCE JAN 1      0.06                      0.28  -0.22     0.69

SNOWFALL (IN)
  TODAY            0.0           8.8  1980   0.2   -0.2      2.8
  MONTH TO DATE    0.8                       5.1   -4.3     11.0
  SINCE JUL 1     23.4                      27.8   -4.4     36.7
  SNOW DEPTH       0

DEGREE DAYS
 HEATING
  TODAY           12                        37    -25       62
  MONTH TO DATE  905                       975    -70      957
  SINCE DEC 1   2010                      2130   -120     2153
  SINCE JUL 1   3608                      3878   -270     3857

 COOLING
  TODAY            0                         0      0        0
  MONTH TO DATE    0                         0      0        0
  SINCE DEC 1      0                         0      0        0
  SINCE JAN 1      0                         0      0        0
..................................................................


WIND (MPH)
  HIGHEST WIND SPEED    25   HIGHEST WIND DIRECTION     W (280)
  HIGHEST GUST SPEED    31   HIGHEST GUST DIRECTION     W (270)
  AVERAGE WIND SPEED    13.7


SKY COVER
  AVERAGE SKY COVER 0.0


WEATHER CONDITIONS
 THE FOLLOWING WEATHER WAS RECORDED TODAY.
  NO SIGNIFICANT WEATHER WAS OBSERVED.


RELATIVE HUMIDITY (PERCENT)
 HIGHEST    48          1200 AM
 LOWEST     16          1100 AM
 AVERAGE    32

..........................................................


THE CHEYENNE WYOMING CLIMATE NORMALS FOR TOMORROW
                         NORMAL    RECORD    YEAR
 MAXIMUM TEMPERATURE (F)   39        61      1920
                                             1906
 MINIMUM TEMPERATURE (F)   18       -19      1951


SUNRISE AND SUNSET
JANUARY 27 2015.......SUNRISE   715 AM MST   SUNSET   510 PM MST
JANUARY 28 2015.......SUNRISE   714 AM MST   SUNSET   511 PM MST


-  INDICATES NEGATIVE NUMBERS.
R  INDICATES RECORD WAS SET OR TIED.
MM INDICATES DATA IS MISSING.
T  INDICATES TRACE AMOUNT.




$$
