000
CDUS45 KCYS 240727
CLICYS


CLIMATE REPORT
NATIONAL WEATHER SERVICE CHEYENNE WY
126 AM MDT WED AUG 24 2016


...................................

...THE CHEYENNE WYOMING AIRPORT CLIMATE SUMMARY FOR AUGUST 23 2016...

CLIMATE NORMAL PERIOD 1981 TO 2010
CLIMATE RECORD PERIOD 1871 TO 2016


WEATHER ITEM   OBSERVED TIME   RECORD YEAR NORMAL DEPARTURE LAST
                VALUE   (LST)  VALUE       VALUE  FROM      YEAR
                                                  NORMAL
..................................................................
TEMPERATURE (F)
 YESTERDAY
  MAXIMUM         82    251 PM  94    2009  80      2       71
  MINIMUM         60   1159 PM  38    2015  53      7       38
  AVERAGE         71                        67      4       55

PRECIPITATION (IN)
  YESTERDAY        0.00          1.72 1915   0.05  -0.05     0.00
  MONTH TO DATE    0.84                      1.55  -0.71     0.26
  SINCE JAN 1     12.62                     12.05   0.57    13.22

SNOWFALL (IN)
  YESTERDAY        0.0          MM      MM   0.0    0.0      0.0
  MONTH TO DATE    0.0                       0.0    0.0      0.0
  SINCE JUL 1      0.0                       0.0    0.0      0.0
  SNOW DEPTH       0

DEGREE DAYS
 HEATING
  YESTERDAY        0                         1     -1       10
  MONTH TO DATE   27                        23      4       40
  SINCE JUN 1     56                       179   -123      105
  SINCE JUL 1     30                        45    -15       69

 COOLING
  YESTERDAY        6                         3      3        0
  MONTH TO DATE  101                        97      4       94
  SINCE JUN 1    413                       304    109      266
  SINCE JAN 1    413                       307    106      266
..................................................................


WIND (MPH)
  HIGHEST WIND SPEED    29   HIGHEST WIND DIRECTION    NW (300)
  HIGHEST GUST SPEED    39   HIGHEST GUST DIRECTION     W (290)
  AVERAGE WIND SPEED    13.8


SKY COVER
  AVERAGE SKY COVER 0.1


WEATHER CONDITIONS
 THE FOLLOWING WEATHER WAS RECORDED YESTERDAY.
  NO SIGNIFICANT WEATHER WAS OBSERVED.


RELATIVE HUMIDITY (PERCENT)
 HIGHEST    43          1100 PM
 LOWEST     11          1100 AM
 AVERAGE    27

..........................................................


THE CHEYENNE WYOMING AIRPORT CLIMATE NORMALS FOR TODAY
                         NORMAL    RECORD    YEAR
 MAXIMUM TEMPERATURE (F)   80        94      1936
 MINIMUM TEMPERATURE (F)   53        30      1910


SUNRISE AND SUNSET
AUGUST 24 2016........SUNRISE   618 AM MDT   SUNSET   744 PM MDT
AUGUST 25 2016........SUNRISE   619 AM MDT   SUNSET   742 PM MDT


-  INDICATES NEGATIVE NUMBERS.
R  INDICATES RECORD WAS SET OR TIED.
MM INDICATES DATA IS MISSING.
T  INDICATES TRACE AMOUNT.




$$
