000
CDUS45 KCYS 250727
CLICYS


CLIMATE REPORT
NATIONAL WEATHER SERVICE CHEYENNE WY
1227 AM MST THU DEC 25 2014


...................................

...THE CHEYENNE WYOMING CLIMATE SUMMARY FOR DECEMBER 24 2014...

CLIMATE NORMAL PERIOD 1981 TO 2010
CLIMATE RECORD PERIOD 1871 TO 2014


WEATHER ITEM   OBSERVED TIME   RECORD YEAR NORMAL DEPARTURE LAST
                VALUE   (LST)  VALUE       VALUE  FROM      YEAR
                                                  NORMAL
..................................................................
TEMPERATURE (F)
 YESTERDAY
  MAXIMUM         41    730 PM  60    1955  38      3       42
  MINIMUM         11    402 AM -25    1983  17     -6       22
  AVERAGE         26                        28     -2       32

PRECIPITATION (IN)
  YESTERDAY        0.00          0.42 1982   0.01  -0.01     0.01
  MONTH TO DATE    0.10                      0.39  -0.29     0.48
  SINCE JAN 1     17.20                     15.84   1.36    18.16

SNOWFALL (IN)
  YESTERDAY        0.0           5.5  1982   0.3   -0.3      0.1
  MONTH TO DATE    1.5                       6.7   -5.2      9.8
  SINCE JUL 1     12.9                      21.0   -8.1     25.4
  SNOW DEPTH       T

DEGREE DAYS
 HEATING
  YESTERDAY       39                        37      2       33
  MONTH TO DATE  721                       898   -177      979
  SINCE DEC 1    721                       898   -177      979
  SINCE JUL 1   2319                      2646   -327     2683

 COOLING
  YESTERDAY        0                         0      0        0
  MONTH TO DATE    0                         0      0        0
  SINCE DEC 1      0                         0      0        0
  SINCE JAN 1    301                       348    -47      520
..................................................................


WIND (MPH)
  HIGHEST WIND SPEED    36   HIGHEST WIND DIRECTION     W (270)
  HIGHEST GUST SPEED    45   HIGHEST GUST DIRECTION     W (280)
  AVERAGE WIND SPEED    16.1


SKY COVER
  AVERAGE SKY COVER 0.0


WEATHER CONDITIONS
 THE FOLLOWING WEATHER WAS RECORDED YESTERDAY.
  NO SIGNIFICANT WEATHER WAS OBSERVED.


RELATIVE HUMIDITY (PERCENT)
 HIGHEST    67           200 AM
 LOWEST     37           600 PM
 AVERAGE    52

..........................................................


THE CHEYENNE WYOMING CLIMATE NORMALS FOR TODAY
                         NORMAL    RECORD    YEAR
 MAXIMUM TEMPERATURE (F)   38        60      2005
 MINIMUM TEMPERATURE (F)   17       -14      1876


SUNRISE AND SUNSET
DECEMBER 25 2014......SUNRISE   723 AM MST   SUNSET   436 PM MST
DECEMBER 26 2014......SUNRISE   723 AM MST   SUNSET   437 PM MST


-  INDICATES NEGATIVE NUMBERS.
R  INDICATES RECORD WAS SET OR TIED.
MM INDICATES DATA IS MISSING.
T  INDICATES TRACE AMOUNT.




$$
