000
CDUS45 KCYS 190735
CLICYS


CLIMATE REPORT
NATIONAL WEATHER SERVICE CHEYENNE WY
134 AM MDT FRI SEP 19 2014


...................................

...THE CHEYENNE WYOMING CLIMATE SUMMARY FOR SEPTEMBER 18 2014...

CLIMATE NORMAL PERIOD 1981 TO 2010
CLIMATE RECORD PERIOD 1871 TO 2014


WEATHER ITEM   OBSERVED TIME   RECORD YEAR NORMAL DEPARTURE LAST
                VALUE   (LST)  VALUE       VALUE  FROM      YEAR
                                                  NORMAL
..................................................................
TEMPERATURE (F)
 YESTERDAY
  MAXIMUM         87    219 PM  88    1937  71     16       77
  MINIMUM         52    216 AM  24    1971  44      8       53
  AVERAGE         70                        57     13       65

PRECIPITATION (IN)
  YESTERDAY        0.00          1.40 1986   0.05  -0.05     0.01
  MONTH TO DATE    0.37                      0.93  -0.56     6.22
  SINCE JAN 1     14.03                     13.38   0.65    14.65

SNOWFALL (IN)
  YESTERDAY        0.0           4.0  1942   0.0    0.0      0.0
  MONTH TO DATE    0.7                       0.4    0.3      0.0
  SINCE JUL 1      0.7                       0.4    0.3      0.0
  SNOW DEPTH       0

DEGREE DAYS
 HEATING
  YESTERDAY        0                         8     -8        0
  MONTH TO DATE  127                        94     33       48
  SINCE SEP 1    127                        94     33       48
  SINCE JUL 1    185                       150     35       63

 COOLING
  YESTERDAY        5                         0      5        0
  MONTH TO DATE   18                        21     -3       67
  SINCE SEP 1     18                        21     -3       67
  SINCE JAN 1    284                       347    -63      520
..................................................................


WIND (MPH)
  HIGHEST WIND SPEED    17   HIGHEST WIND DIRECTION     S (200)
  HIGHEST GUST SPEED    24   HIGHEST GUST DIRECTION     S (160)
  AVERAGE WIND SPEED     9.9


SKY COVER
  AVERAGE SKY COVER 0.0


WEATHER CONDITIONS
 THE FOLLOWING WEATHER WAS RECORDED YESTERDAY.
  NO SIGNIFICANT WEATHER WAS OBSERVED.


RELATIVE HUMIDITY (PERCENT)
 HIGHEST    66          1200 AM
 LOWEST     12          1200 PM
 AVERAGE    39

..........................................................


THE CHEYENNE WYOMING CLIMATE NORMALS FOR TODAY
                         NORMAL    RECORD    YEAR
 MAXIMUM TEMPERATURE (F)   70        88      1935
 MINIMUM TEMPERATURE (F)   43        18      1942


SUNRISE AND SUNSET
SEPTEMBER 19 2014.....SUNRISE   644 AM MDT   SUNSET   702 PM MDT
SEPTEMBER 20 2014.....SUNRISE   645 AM MDT   SUNSET   700 PM MDT


-  INDICATES NEGATIVE NUMBERS.
R  INDICATES RECORD WAS SET OR TIED.
MM INDICATES DATA IS MISSING.
T  INDICATES TRACE AMOUNT.




$$
