000
CDUS45 KCYS 240734
CLICYS


CLIMATE REPORT
NATIONAL WEATHER SERVICE CHEYENNE WY
130 AM MDT TUE MAY 24 2016


...................................

...THE CHEYENNE WYOMING AIRPORT CLIMATE SUMMARY FOR MAY 23 2016...

CLIMATE NORMAL PERIOD 1981 TO 2010
CLIMATE RECORD PERIOD 1871 TO 2016


WEATHER ITEM   OBSERVED TIME   RECORD YEAR NORMAL DEPARTURE LAST
                VALUE   (LST)  VALUE       VALUE  FROM      YEAR
                                                  NORMAL
..................................................................
TEMPERATURE (F)
 YESTERDAY
  MAXIMUM         64    115 PM  88    1874  67     -3       57
  MINIMUM         38    447 AM  30    1930  42     -4       42
  AVERAGE         51                        55     -4       50

PRECIPITATION (IN)
  YESTERDAY        T             1.50 1968   0.08  -0.08     0.10
  MONTH TO DATE    1.72                      1.65   0.07     5.38
  SINCE JAN 1      8.31                      5.28   3.03     8.97

SNOWFALL (IN)
  YESTERDAY        0.0           1.4  1995   0.1   -0.1      0.0
  MONTH TO DATE    1.6                       2.1   -0.5      4.4
  SINCE JUL 1     91.7                      60.1   31.6     54.5
  SNOW DEPTH       0

DEGREE DAYS
 HEATING
  YESTERDAY       14                        11      3       15
  MONTH TO DATE  371                       317     54      427
  SINCE MAR 1   1860                      1883    -23     1761
  SINCE JUL 1   6377                      6902   -525     6412

 COOLING
  YESTERDAY        0                         0      0        0
  MONTH TO DATE    0                         0      0        0
  SINCE MAR 1      0                         0      0        0
  SINCE JAN 1      0                         0      0        0
..................................................................


WIND (MPH)
  HIGHEST WIND SPEED    24   HIGHEST WIND DIRECTION    SW (210)
  HIGHEST GUST SPEED    32   HIGHEST GUST DIRECTION     S (200)
  AVERAGE WIND SPEED    12.0


SKY COVER
  AVERAGE SKY COVER 0.1


WEATHER CONDITIONS
 THE FOLLOWING WEATHER WAS RECORDED YESTERDAY.
  THUNDERSTORM
  LIGHT RAIN


RELATIVE HUMIDITY (PERCENT)
 HIGHEST    76          1000 PM
 LOWEST     36          1100 AM
 AVERAGE    56

..........................................................


THE CHEYENNE WYOMING AIRPORT CLIMATE NORMALS FOR TODAY
                         NORMAL    RECORD    YEAR
 MAXIMUM TEMPERATURE (F)   67        83      1967
                                             1964
                                             1886
 MINIMUM TEMPERATURE (F)   43        30      2007


SUNRISE AND SUNSET
MAY 24 2016...........SUNRISE   533 AM MDT   SUNSET   820 PM MDT
MAY 25 2016...........SUNRISE   533 AM MDT   SUNSET   820 PM MDT


-  INDICATES NEGATIVE NUMBERS.
R  INDICATES RECORD WAS SET OR TIED.
MM INDICATES DATA IS MISSING.
T  INDICATES TRACE AMOUNT.




$$
