000
CDUS45 KCYS 302128
CLICYS


CLIMATE REPORT
NATIONAL WEATHER SERVICE CHEYENNE WY
328 PM MDT SAT JUL 30 2016


...................................

...THE CHEYENNE WYOMING AIRPORT CLIMATE SUMMARY FOR JULY 30 2016...
VALID AS OF 0300 PM LOCAL TIME.

CLIMATE NORMAL PERIOD 1981 TO 2010
CLIMATE RECORD PERIOD 1871 TO 2016


WEATHER ITEM   OBSERVED TIME   RECORD YEAR NORMAL DEPARTURE LAST
                VALUE   (LST)  VALUE       VALUE  FROM      YEAR
                                                  NORMAL
..................................................................
TEMPERATURE (F)
 TODAY
  MAXIMUM         86    153 PM  97    2006  84      2       83
  MINIMUM         57   1241 AM  41    1971  56      1       53
  AVERAGE         72                        70      2       68

PRECIPITATION (IN)
  TODAY            0.00          0.98 1997   0.07  -0.07     0.00
  MONTH TO DATE    1.08                      2.11  -1.03     1.81
  SINCE JUN 1      3.16                      4.45  -1.29     3.34
  SINCE JAN 1     11.78                     10.42   1.36    12.92

SNOWFALL (IN)
  TODAY            0.0          MM      MM   0.0    0.0      0.0
  MONTH TO DATE    0.0                       0.0    0.0      0.0
  SINCE JUL 1      0.0                       0.0    0.0      0.0
  SNOW DEPTH       0

DEGREE DAYS
 HEATING
  TODAY            0                         1     -1        0
  MONTH TO DATE    3                        30    -27       29
  SINCE JUN 1     29                       164   -135       65
  SINCE JUL 1      3                        30    -27       29

 COOLING
  TODAY            7                         5      2        3
  MONTH TO DATE  195                       158     37      107
  SINCE JUN 1    297                       205     92      168
  SINCE JAN 1    297                       208     89      168
..................................................................


WIND (MPH)
  HIGHEST WIND SPEED    14   HIGHEST WIND DIRECTION    SE (120)
  HIGHEST GUST SPEED    19   HIGHEST GUST DIRECTION     E (110)
  AVERAGE WIND SPEED     4.9


SKY COVER
  AVERAGE SKY COVER 0.5


WEATHER CONDITIONS
 THE FOLLOWING WEATHER WAS RECORDED TODAY.
  FOG
  FOG W/VISIBILITY <= 1/4 MILE
  HAZE


RELATIVE HUMIDITY (PERCENT)
 HIGHEST   100           500 AM
 LOWEST     25           200 PM
 AVERAGE    63

..........................................................


THE CHEYENNE WYOMING AIRPORT CLIMATE NORMALS FOR TOMORROW
                         NORMAL    RECORD    YEAR
 MAXIMUM TEMPERATURE (F)   83        98      2002
 MINIMUM TEMPERATURE (F)   56        43      1950
                                             1913


SUNRISE AND SUNSET
JULY 30 2016..........SUNRISE   553 AM MDT   SUNSET   817 PM MDT
JULY 31 2016..........SUNRISE   554 AM MDT   SUNSET   816 PM MDT


-  INDICATES NEGATIVE NUMBERS.
R  INDICATES RECORD WAS SET OR TIED.
MM INDICATES DATA IS MISSING.
T  INDICATES TRACE AMOUNT.




$$
