000
CDUS46 KSGX 221150
CLICZZ


CLIMATE REPORT
NATIONAL WEATHER SERVICE SAN DIEGO, CA
450 AM PDT FRI SEP 22 2017


...................................

...THE CAMPO ASOS CA CLIMATE SUMMARY FOR SEPTEMBER 21 2017...

CLIMATE NORMAL PERIOD 1981 TO 2010
CLIMATE RECORD PERIOD 1948 TO 2017


WEATHER ITEM   OBSERVED TIME   RECORD YEAR NORMAL DEPARTURE LAST
                VALUE   (LST)  VALUE       VALUE  FROM      YEAR
                                                  NORMAL
..................................................................
TEMPERATURE (F)
 YESTERDAY
  MAXIMUM         68   1246 PM  99    2003  88    -20       74
  MINIMUM         43   1159 PM  33    1986  48     -5       65
  AVERAGE         56                        68    -12       70

PRECIPITATION (IN)
  YESTERDAY        0.00          0.09 2016   0.01  -0.01     0.09
  MONTH TO DATE    0.21                      0.24  -0.03     1.00
  SINCE OCT 1     16.95                     15.63   1.32    10.32
  SINCE JAN 1     11.72                     11.41   0.31     7.37

DEGREE DAYS
 HEATING
  YESTERDAY        9                         1      8        0
  MONTH TO DATE   31                        19     12       35
  SINCE SEP 1     31                        19     12       35
  SINCE JUL 1     35                        33      2       35

 COOLING
  YESTERDAY        0                         4     -4        5
  MONTH TO DATE  132                       131      1       75
  SINCE SEP 1    132                       131      1       75
  SINCE JAN 1   1009                       781    228      895
..................................................................


WIND (MPH)
  RESULTANT WIND SPEED   6   RESULTANT WIND DIRECTION  SW (240)
  HIGHEST WIND SPEED    21   HIGHEST WIND DIRECTION    SW (230)
  HIGHEST GUST SPEED    27   HIGHEST GUST DIRECTION    SW (240)
  AVERAGE WIND SPEED     8.2


SKY COVER
  POSSIBLE SUNSHINE  MM
  AVERAGE SKY COVER 0.0



RELATIVE HUMIDITY (PERCENT)
 HIGHEST    93           100 AM
 LOWEST     58           100 PM
 AVERAGE    76

..........................................................


THE CAMPO ASOS CA CLIMATE NORMALS FOR TODAY
                         NORMAL    RECORD    YEAR
 MAXIMUM TEMPERATURE (F)   88       101      1982
 MINIMUM TEMPERATURE (F)   47        32      1988


SUNRISE AND SUNSET
SEPTEMBER 22 2017.....SUNRISE   634 AM PDT   SUNSET   642 PM PDT
SEPTEMBER 23 2017.....SUNRISE   635 AM PDT   SUNSET   641 PM PDT


-  INDICATES NEGATIVE NUMBERS.
R  INDICATES RECORD WAS SET OR TIED.
MM INDICATES DATA IS MISSING.
T  INDICATES TRACE AMOUNT.




$$
