000
CDUS46 KSGX 280017
CLICZZ


CLIMATE REPORT
NATIONAL WEATHER SERVICE SAN DIEGO, CA
516 PM PDT THU JUL 27 2017


...................................

...THE CAMPO ASOS CA CLIMATE SUMMARY FOR JULY 27 2017...
VALID TODAY AS OF 0500 PM LOCAL TIME.

CLIMATE NORMAL PERIOD 1981 TO 2010
CLIMATE RECORD PERIOD 1948 TO 2017


WEATHER ITEM   OBSERVED TIME   RECORD YEAR NORMAL DEPARTURE LAST
                VALUE   (LST)  VALUE       VALUE  FROM      YEAR
                                                  NORMAL
..................................................................
TEMPERATURE (F)
 TODAY
  MAXIMUM         97    148 PM 111    1995  95      2       99
  MINIMUM         56    418 AM  40    1990  54      2       61
  AVERAGE         77                        74      3       80

PRECIPITATION (IN)
  TODAY            0.00          0.55 1956   0.01  -0.01     0.00
  MONTH TO DATE    0.16                      0.25  -0.09     0.00
  SINCE OCT 1     16.74                     14.62   2.12     9.32
  SINCE JAN 1     11.51                     10.40   1.11     6.37

DEGREE DAYS
 HEATING
  TODAY            0                         0      0        0
  MONTH TO DATE    0                         4     -4        0
  SINCE JUN 1     37                        60    -23       27
  SINCE JUL 1      0                         4     -4        0

 COOLING
  TODAY           12                         9      3       15
  MONTH TO DATE  319                       214    105      240
  SINCE JUN 1    490                       306    184      461
  SINCE JAN 1    517                       336    181      464
..................................................................


WIND (MPH)
  RESULTANT WIND SPEED   2   RESULTANT WIND DIRECTION  SW (220)
  HIGHEST WIND SPEED    20   HIGHEST WIND DIRECTION    SW (220)
  HIGHEST GUST SPEED    23   HIGHEST GUST DIRECTION    SW (230)
  AVERAGE WIND SPEED     8.3


SKY COVER
  POSSIBLE SUNSHINE  MM
  AVERAGE SKY COVER 0.0



RELATIVE HUMIDITY (PERCENT)
 HIGHEST    90           100 AM
 LOWEST     10           900 AM
 AVERAGE    50

..........................................................


THE CAMPO ASOS CA CLIMATE NORMALS FOR TOMORROW
                         NORMAL    RECORD    YEAR
 MAXIMUM TEMPERATURE (F)   95       109      1995
 MINIMUM TEMPERATURE (F)   54        43      1986


SUNRISE AND SUNSET
JULY 27 2017..........SUNRISE   557 AM PDT   SUNSET   747 PM PDT
JULY 28 2017..........SUNRISE   558 AM PDT   SUNSET   747 PM PDT


-  INDICATES NEGATIVE NUMBERS.
R  INDICATES RECORD WAS SET OR TIED.
MM INDICATES DATA IS MISSING.
T  INDICATES TRACE AMOUNT.




$$
