000
CDUS46 KSGX 191418
CLICZZ


CLIMATE REPORT
NATIONAL WEATHER SERVICE SAN DIEGO, CA
718 AM PDT SAT APR 19 2014


...................................

...THE CAMPO ASOS CA CLIMATE SUMMARY FOR APRIL 18 2014...

CLIMATE NORMAL PERIOD 1981 TO 2010
CLIMATE RECORD PERIOD 1948 TO 2014


WEATHER ITEM   OBSERVED TIME   RECORD YEAR NORMAL DEPARTURE LAST
                VALUE   (LST)  VALUE       VALUE  FROM      YEAR
                                                  NORMAL
..................................................................
TEMPERATURE (F)
 YESTERDAY
  MAXIMUM         72   1242 PM  91    1989  73     -1       66
  MINIMUM         48    918 PM  26    2002  38     10       29
                                      1976
  AVERAGE         60                        55      5       48

PRECIPITATION (IN)
  YESTERDAY        0.00          0.66 1971   0.02  -0.02     0.00
  MONTH TO DATE    0.28                      0.68  -0.40     0.01
  SINCE JUL 1      6.54                     15.16  -8.62     8.92
  SINCE JAN 1      2.35                      9.58  -7.23     4.45

SNOWFALL (IN)
  YESTERDAY        0.0
  MONTH TO DATE    0.0
  SINCE JAN 1      0.0
  SINCE JUL 1      0.0
  SNOW DEPTH       0

DEGREE DAYS
 HEATING
  YESTERDAY        5                        10     -5       17
  MONTH TO DATE  174                       200    -26      220
  SINCE MAR 1    546                       617    -71      592
  SINCE JUL 1   2416                      2668   -252     2736

 COOLING
  YESTERDAY        0                         0      0        0
  MONTH TO DATE    1                         0      1        0
  SINCE MAR 1      1                         0      1        0
  SINCE JAN 1      1                         0      1        0
..................................................................


WIND (MPH)
  RESULTANT WIND SPEED   3   RESULTANT WIND DIRECTION   S (200)
  HIGHEST WIND SPEED    17   HIGHEST WIND DIRECTION    SW (220)
  HIGHEST GUST SPEED    19   HIGHEST GUST DIRECTION    SW (210)
  AVERAGE WIND SPEED     4.9


SKY COVER
  POSSIBLE SUNSHINE  MM
  AVERAGE SKY COVER 0.0



RELATIVE HUMIDITY (PERCENT)
 HIGHEST    93          1200 AM
 LOWEST     22           200 PM
 AVERAGE    58

..........................................................


THE CAMPO ASOS CA CLIMATE NORMALS FOR TODAY
                         NORMAL    RECORD    YEAR
 MAXIMUM TEMPERATURE (F)   73        92      1989
 MINIMUM TEMPERATURE (F)   38        22      1968


SUNRISE AND SUNSET
APRIL 19 2014.........SUNRISE   612 AM PDT   SUNSET   719 PM PDT
APRIL 20 2014.........SUNRISE   611 AM PDT   SUNSET   719 PM PDT


-  INDICATES NEGATIVE NUMBERS.
R  INDICATES RECORD WAS SET OR TIED.
MM INDICATES DATA IS MISSING.
T  INDICATES TRACE AMOUNT.




$$
