000
CDUS46 KSGX 221535
CLICZZ


CLIMATE REPORT
NATIONAL WEATHER SERVICE SAN DIEGO, CA
735 AM PST WED FEB 22 2017


...................................

...THE CAMPO ASOS CA CLIMATE SUMMARY FOR FEBRUARY 21 2017...

CLIMATE NORMAL PERIOD 1981 TO 2010
CLIMATE RECORD PERIOD 1948 TO 2017


WEATHER ITEM   OBSERVED TIME   RECORD YEAR NORMAL DEPARTURE LAST
                VALUE   (LST)  VALUE       VALUE  FROM      YEAR
                                                  NORMAL
..................................................................
TEMPERATURE (F)
 YESTERDAY
  MAXIMUM         70    242 PM  80    1982  65      5       77
  MINIMUM         39    454 AM  18    1953  35      4       32
  AVERAGE         55                        50      5       55

PRECIPITATION (IN)
  YESTERDAY        0.00          0.94 1980   0.13  -0.13     0.00
  MONTH TO DATE    1.25                      2.40  -1.15     0.20
  SINCE OCT 1     13.14                      9.60   3.54     6.75
  SINCE JAN 1      7.91                      5.38   2.53     3.80

DEGREE DAYS
 HEATING
  YESTERDAY       10                        15     -5       10
  MONTH TO DATE  322                       331     -9      237
  SINCE DEC 1   1340                      1377    -37     1397
  SINCE JUL 1   1758                      1947   -189     1813

 COOLING
  YESTERDAY        0                         0      0        0
  MONTH TO DATE    0                         0      0        0
  SINCE DEC 1      0                         0      0        0
  SINCE JAN 1      0                         0      0        0
..................................................................


WIND (MPH)
  RESULTANT WIND SPEED   2   RESULTANT WIND DIRECTION  NW (300)
  HIGHEST WIND SPEED    15   HIGHEST WIND DIRECTION    NW (300)
  HIGHEST GUST SPEED    22   HIGHEST GUST DIRECTION    SW (240)
  AVERAGE WIND SPEED     5.3


SKY COVER
  POSSIBLE SUNSHINE  MM
  AVERAGE SKY COVER 0.0



RELATIVE HUMIDITY (PERCENT)
 HIGHEST   100          1200 AM
 LOWEST     22          1200 PM
 AVERAGE    61

..........................................................


THE CAMPO ASOS CA CLIMATE NORMALS FOR TODAY
                         NORMAL    RECORD    YEAR
 MAXIMUM TEMPERATURE (F)   65        80      1983
 MINIMUM TEMPERATURE (F)   35        19      1967


SUNRISE AND SUNSET
FEBRUARY 22 2017......SUNRISE   621 AM PST   SUNSET   538 PM PST
FEBRUARY 23 2017......SUNRISE   620 AM PST   SUNSET   539 PM PST


-  INDICATES NEGATIVE NUMBERS.
R  INDICATES RECORD WAS SET OR TIED.
MM INDICATES DATA IS MISSING.
T  INDICATES TRACE AMOUNT.




$$
