000
CDUS46 KSGX 080018
CLICZZ


CLIMATE REPORT
NATIONAL WEATHER SERVICE SAN DIEGO, CA
518 PM PDT TUE JUL 7 2015


...................................

...THE CAMPO ASOS CA CLIMATE SUMMARY FOR JULY 7 2015...
VALID TODAY AS OF 0500 PM LOCAL TIME.

CLIMATE NORMAL PERIOD 1981 TO 2010
CLIMATE RECORD PERIOD 1948 TO 2015


WEATHER ITEM   OBSERVED TIME   RECORD YEAR NORMAL DEPARTURE LAST
                VALUE   (LST)  VALUE       VALUE  FROM      YEAR
                                                  NORMAL
..................................................................
TEMPERATURE (F)
 TODAY
  MAXIMUM         87    222 PM 103    1976  93     -6       94
  MINIMUM         51    508 AM  35    1979  50      1       57
  AVERAGE         69                        72     -3       76

PRECIPITATION (IN)
  TODAY            0.00          0.02 1992   0.01  -0.01     0.00
  MONTH TO DATE    0.01                      0.04  -0.03     0.13
  SINCE OCT 1      9.61                     14.41  -4.80     5.14
  SINCE JAN 1      5.74                     10.19  -4.45     2.89

SNOWFALL (IN)
  TODAY            0.0
  MONTH TO DATE    0.0
  SINCE JUN 1      0.0
  SINCE JUL 1      0.0
  SNOW DEPTH       0

DEGREE DAYS
 HEATING
  TODAY            0                         0      0        0
  MONTH TO DATE    0                         4     -4        0
  SINCE JUN 1     50                        60    -10       28
  SINCE JUL 1      0                         4     -4        0

 COOLING
  TODAY            4                         7     -3       11
  MONTH TO DATE   47                        45      2       75
  SINCE JUN 1    235                       137     98      135
  SINCE JAN 1    252                       167     85      187
..................................................................


WIND (MPH)
  RESULTANT WIND SPEED   7   RESULTANT WIND DIRECTION  SW (220)
  HIGHEST WIND SPEED    21   HIGHEST WIND DIRECTION    SW (210)
  HIGHEST GUST SPEED    26   HIGHEST GUST DIRECTION    SW (210)
  AVERAGE WIND SPEED     8.1


SKY COVER
  POSSIBLE SUNSHINE  MM
  AVERAGE SKY COVER 0.0



RELATIVE HUMIDITY (PERCENT)
 HIGHEST    93          1200 AM
 LOWEST     26           200 PM
 AVERAGE    60

..........................................................


THE CAMPO ASOS CA CLIMATE NORMALS FOR TOMORROW
                         NORMAL    RECORD    YEAR
 MAXIMUM TEMPERATURE (F)   93       105      1985
 MINIMUM TEMPERATURE (F)   51        36      1977


SUNRISE AND SUNSET
JULY  7 2015..........SUNRISE   545 AM PDT   SUNSET   757 PM PDT
JULY  8 2015..........SUNRISE   545 AM PDT   SUNSET   757 PM PDT


-  INDICATES NEGATIVE NUMBERS.
R  INDICATES RECORD WAS SET OR TIED.
MM INDICATES DATA IS MISSING.
T  INDICATES TRACE AMOUNT.




$$
