000
CDUS46 KSGX 301419
CLICZZ


CLIMATE REPORT
NATIONAL WEATHER SERVICE SAN DIEGO, CA
719 AM PDT FRI SEP 30 2016


...................................

...THE CAMPO ASOS CA CLIMATE SUMMARY FOR SEPTEMBER 29 2016...

CLIMATE NORMAL PERIOD 1981 TO 2010
CLIMATE RECORD PERIOD 1948 TO 2016


WEATHER ITEM   OBSERVED TIME   RECORD YEAR NORMAL DEPARTURE LAST
                VALUE   (LST)  VALUE       VALUE  FROM      YEAR
                                                  NORMAL
..................................................................
TEMPERATURE (F)
 YESTERDAY
  MAXIMUM         87   1244 PM 101    1999  85      2       90
  MINIMUM         54    202 AM  34    1982  46      8       51
  AVERAGE         71                        65      6       71

PRECIPITATION (IN)
  YESTERDAY        0.01          0.25 1971   0.02  -0.01     0.00
  MONTH TO DATE    1.01                      0.33   0.68     0.59
  SINCE OCT 1     10.33                     15.72  -5.39    10.71
  SINCE JAN 1      7.38                     11.50  -4.12     6.84

DEGREE DAYS
 HEATING
  YESTERDAY        0                         2     -2        0
  MONTH TO DATE   37                        35      2        4
  SINCE SEP 1     37                        35      2        4
  SINCE JUL 1     37                        49    -12       14

 COOLING
  YESTERDAY        6                         3      3        6
  MONTH TO DATE   96                       159    -63      214
  SINCE SEP 1     96                       159    -63      214
  SINCE JAN 1    916                       809    107      904
..................................................................


WIND (MPH)
  RESULTANT WIND SPEED   2   RESULTANT WIND DIRECTION   E (90)
  HIGHEST WIND SPEED    25   HIGHEST WIND DIRECTION    SE (130)
  HIGHEST GUST SPEED    32   HIGHEST GUST DIRECTION    SE (130)
  AVERAGE WIND SPEED     6.7


SKY COVER
  POSSIBLE SUNSHINE  MM
  AVERAGE SKY COVER 0.0



RELATIVE HUMIDITY (PERCENT)
 HIGHEST    93           900 PM
 LOWEST     29          1200 PM
 AVERAGE    61

..........................................................


THE CAMPO ASOS CA CLIMATE NORMALS FOR TODAY
                         NORMAL    RECORD    YEAR
 MAXIMUM TEMPERATURE (F)   85        99      1999
 MINIMUM TEMPERATURE (F)   46        30      1954


SUNRISE AND SUNSET
SEPTEMBER 30 2016.....SUNRISE   640 AM PDT   SUNSET   631 PM PDT
OCTOBER  1 2016.......SUNRISE   640 AM PDT   SUNSET   630 PM PDT


-  INDICATES NEGATIVE NUMBERS.
R  INDICATES RECORD WAS SET OR TIED.
MM INDICATES DATA IS MISSING.
T  INDICATES TRACE AMOUNT.




$$
