000
CDUS46 KSGX 250020
CLICZZ


CLIMATE REPORT
NATIONAL WEATHER SERVICE SAN DIEGO, CA
419 PM PST TUE JAN 24 2017


...................................

...THE CAMPO ASOS CA CLIMATE SUMMARY FOR JANUARY 24 2017...
VALID TODAY AS OF 0400 PM LOCAL TIME.

CLIMATE NORMAL PERIOD 1981 TO 2010
CLIMATE RECORD PERIOD 1948 TO 2017


WEATHER ITEM   OBSERVED TIME   RECORD YEAR NORMAL DEPARTURE LAST
                VALUE   (LST)  VALUE       VALUE  FROM      YEAR
                                                  NORMAL
..................................................................
TEMPERATURE (F)
 TODAY
  MAXIMUM         44   1132 AM  77    1975  63    -19       58
  MINIMUM         36    730 AM  20    1991  35      1       29
  AVERAGE         40                        49     -9       44

PRECIPITATION (IN)
  TODAY            0.24          0.88 1969   0.09   0.15     0.00
  MONTH TO DATE    6.66                      2.31   4.35     2.93
  SINCE OCT 1     11.89                      6.53   5.36     5.88
  SINCE JAN 1      6.66                      2.31   4.35     2.93

DEGREE DAYS
 HEATING
  TODAY           25                        16      9       21
  MONTH TO DATE  433                       395     38      442
  SINCE DEC 1    898                       931    -33     1042
  SINCE JUL 1   1316                      1501   -185     1458

 COOLING
  TODAY            0                         0      0        0
  MONTH TO DATE    0                         0      0        0
  SINCE DEC 1      0                         0      0        0
  SINCE JAN 1      0                         0      0        0
..................................................................


WIND (MPH)
  RESULTANT WIND SPEED   5   RESULTANT WIND DIRECTION   W (250)
  HIGHEST WIND SPEED    18   HIGHEST WIND DIRECTION     W (260)
  HIGHEST GUST SPEED    23   HIGHEST GUST DIRECTION     W (260)
  AVERAGE WIND SPEED     6.5


SKY COVER
  POSSIBLE SUNSHINE  MM
  AVERAGE SKY COVER 0.0



RELATIVE HUMIDITY (PERCENT)
 HIGHEST   100          1200 AM
 LOWEST     82          1100 AM
 AVERAGE    91

..........................................................


THE CAMPO ASOS CA CLIMATE NORMALS FOR TOMORROW
                         NORMAL    RECORD    YEAR
 MAXIMUM TEMPERATURE (F)   63        82      1975
 MINIMUM TEMPERATURE (F)   35        19      1963


SUNRISE AND SUNSET
JANUARY 24 2017.......SUNRISE   645 AM PST   SUNSET   512 PM PST
JANUARY 25 2017.......SUNRISE   644 AM PST   SUNSET   513 PM PST


-  INDICATES NEGATIVE NUMBERS.
R  INDICATES RECORD WAS SET OR TIED.
MM INDICATES DATA IS MISSING.
T  INDICATES TRACE AMOUNT.




$$
