000
CDUS46 KSGX 081541
CLICZZ


CLIMATE REPORT
NATIONAL WEATHER SERVICE SAN DIEGO, CA
741 AM PST MON FEB 8 2016


...................................

...THE CAMPO ASOS CA CLIMATE SUMMARY FOR FEBRUARY 7 2016...

CLIMATE NORMAL PERIOD 1981 TO 2010
CLIMATE RECORD PERIOD 1948 TO 2016


WEATHER ITEM   OBSERVED TIME   RECORD YEAR NORMAL DEPARTURE LAST
                VALUE   (LST)  VALUE       VALUE  FROM      YEAR
                                                  NORMAL
..................................................................
TEMPERATURE (F)
 YESTERDAY
  MAXIMUM         71    201 PM  83    1963  63      8       72
  MINIMUM         52    104 AM  21    1974  35     17       31
  AVERAGE         62                        49     13       52

PRECIPITATION (IN)
  YESTERDAY        0.00          1.19 1992   0.10  -0.10     0.00
  MONTH TO DATE    0.20                      0.72  -0.52     0.00
  SINCE OCT 1      6.75                      7.92  -1.17     4.23
  SINCE JAN 1      3.80                      3.70   0.10     0.36

DEGREE DAYS
 HEATING
  YESTERDAY        3                        16    -13       13
  MONTH TO DATE  121                       112      9       70
  SINCE DEC 1   1281                      1158    123     1009
  SINCE JUL 1   1697                      1728    -31     1390

 COOLING
  YESTERDAY        0                         0      0        0
  MONTH TO DATE    0                         0      0        0
  SINCE DEC 1      0                         0      0        0
  SINCE JAN 1      0                         0      0        0
..................................................................


WIND (MPH)
  RESULTANT WIND SPEED  10   RESULTANT WIND DIRECTION  NE (50)
  HIGHEST WIND SPEED    24   HIGHEST WIND DIRECTION    NE (50)
  HIGHEST GUST SPEED    32   HIGHEST GUST DIRECTION     E (70)
  AVERAGE WIND SPEED    11.4


SKY COVER
  POSSIBLE SUNSHINE  MM
  AVERAGE SKY COVER 0.0



RELATIVE HUMIDITY (PERCENT)
 HIGHEST    23           800 AM
 LOWEST     12           100 PM
 AVERAGE    18

..........................................................


THE CAMPO ASOS CA CLIMATE NORMALS FOR TODAY
                         NORMAL    RECORD    YEAR
 MAXIMUM TEMPERATURE (F)   63        84      1996
 MINIMUM TEMPERATURE (F)   35        24      2002
                                             1986


SUNRISE AND SUNSET
FEBRUARY  8 2016......SUNRISE   635 AM PST   SUNSET   525 PM PST
FEBRUARY  9 2016......SUNRISE   635 AM PST   SUNSET   526 PM PST


-  INDICATES NEGATIVE NUMBERS.
R  INDICATES RECORD WAS SET OR TIED.
MM INDICATES DATA IS MISSING.
T  INDICATES TRACE AMOUNT.




$$
