478
CDUS43 KUNR 200836
CLID07


CLIMATE REPORT
NATIONAL WEATHER SERVICE RAPID CITY SD
135 AM MST SAT JAN 20 2018


...................................

...THE FAITH SD CLIMATE SUMMARY FOR JANUARY 19 2018...

CLIMATE NORMAL PERIOD 1981 TO 2010
CLIMATE RECORD PERIOD 9999 TO 9999


WEATHER ITEM   OBSERVED TIME   NORMAL DEPARTURE LAST
                VALUE   (LST)  VALUE  FROM      YEAR
                                      NORMAL
......................................................
TEMPERATURE (F)
 YESTERDAY
  MAXIMUM         45    400 AM  30     15       30
  MINIMUM         28    708 AM  11     17       14
  AVERAGE         37            20     17       22

PRECIPITATION (IN)
  YESTERDAY        0.00          0.00   0.00     0.00
  MONTH TO DATE    0.13          0.11   0.02     0.45
  SINCE DEC 1      0.74          0.51   0.23     0.89
  SINCE JAN 1      0.13          0.11   0.02     0.45

DEGREE DAYS
 HEATING
  YESTERDAY       28            45    -17       43
  MONTH TO DATE  955           855    100     1096
  SINCE DEC 1   2291          2215     76     2578
  SINCE JUL 1   3914          3998    -84     3829

 COOLING
  YESTERDAY        0             0      0        0
  MONTH TO DATE    0             0      0        0
  SINCE DEC 1      0             0      0        0
  SINCE JAN 1      0             0      0        0
......................................................


WIND (MPH)
  HIGHEST WIND SPEED    16   HIGHEST WIND DIRECTION     W (290)
  HIGHEST GUST SPEED    21   HIGHEST GUST DIRECTION    NW (310)
  AVERAGE WIND SPEED     8.7




RELATIVE HUMIDITY (PERCENT)
 HIGHEST    96           600 PM
 LOWEST     53           400 AM
 AVERAGE    75

..........................................................




SUNRISE AND SUNSET
JANUARY 20 2018.......SUNRISE   719 AM MST   SUNSET   439 PM MST
JANUARY 21 2018.......SUNRISE   719 AM MST   SUNSET   441 PM MST


-  INDICATES NEGATIVE NUMBERS.
R  INDICATES RECORD WAS SET OR TIED.
MM INDICATES DATA IS MISSING.
T  INDICATES TRACE AMOUNT.




$$
