000
CDUS43 KUNR 210832
CLID07


CLIMATE REPORT
NATIONAL WEATHER SERVICE RAPID CITY SD
131 AM MST SUN DEC 21 2014


...................................

...THE FAITH SD CLIMATE SUMMARY FOR DECEMBER 20 2014...

CLIMATE NORMAL PERIOD 1981 TO 2010
CLIMATE RECORD PERIOD 9999 TO 9999


WEATHER ITEM   OBSERVED TIME   NORMAL DEPARTURE LAST
                VALUE   (LST)  VALUE  FROM      YEAR
                                      NORMAL
......................................................
TEMPERATURE (F)
 YESTERDAY
  MAXIMUM         49    313 PM  30     19       12
  MINIMUM         25    243 AM  11     14      -11
  AVERAGE         37            20     17        1

PRECIPITATION (IN)
  YESTERDAY        0.01          0.01   0.00     0.00
  MONTH TO DATE    0.05          0.24  -0.19     0.51
  SINCE DEC 1      0.05          0.24  -0.19     0.51
  SINCE JAN 1     18.59         17.50   1.09    16.84

DEGREE DAYS
 HEATING
  YESTERDAY       28            45    -17       64
  MONTH TO DATE  695           868   -173     1022
  SINCE DEC 1    695           868   -173     1022
  SINCE JUL 1   2571          2651    -80     2772

 COOLING
  YESTERDAY        0             0      0        0
  MONTH TO DATE    0             0      0        0
  SINCE DEC 1      0             0      0        0
  SINCE JAN 1    445           635   -190      720
......................................................


WIND (MPH)
  HIGHEST WIND SPEED    16   HIGHEST WIND DIRECTION     W (280)
  HIGHEST GUST SPEED    19   HIGHEST GUST DIRECTION     W (280)
  AVERAGE WIND SPEED     7.2




RELATIVE HUMIDITY (PERCENT)
 HIGHEST    85           800 AM
 LOWEST     50           300 PM
 AVERAGE    68

..........................................................




SUNRISE AND SUNSET
DECEMBER 21 2014......SUNRISE   723 AM MST   SUNSET   409 PM MST
DECEMBER 22 2014......SUNRISE   724 AM MST   SUNSET   410 PM MST


-  INDICATES NEGATIVE NUMBERS.
R  INDICATES RECORD WAS SET OR TIED.
MM INDICATES DATA IS MISSING.
T  INDICATES TRACE AMOUNT.




$$
