570
CDUS43 KUNR 110832
CLID07


CLIMATE REPORT
NATIONAL WEATHER SERVICE RAPID CITY SD
132 AM MST SUN DEC 11 2016


...................................

...THE FAITH SD CLIMATE SUMMARY FOR DECEMBER 10 2016...

CLIMATE NORMAL PERIOD 1981 TO 2010
CLIMATE RECORD PERIOD 9999 TO 9999


WEATHER ITEM   OBSERVED TIME   NORMAL DEPARTURE LAST
                VALUE   (LST)  VALUE  FROM      YEAR
                                      NORMAL
......................................................
TEMPERATURE (F)
 YESTERDAY
  MAXIMUM          3   1159 PM  31    -28       52
  MINIMUM         -6   1238 AM  12    -18       26
  AVERAGE         -1            22    -23       39

PRECIPITATION (IN)
  YESTERDAY        0.11          0.01   0.10     0.00
  MONTH TO DATE    0.23          0.11   0.12     0.07
  SINCE DEC 1      0.23          0.11   0.12     0.07
  SINCE JAN 1     14.33         17.37  -3.04    15.46

DEGREE DAYS
 HEATING
  YESTERDAY       66            44     22       26
  MONTH TO DATE  523           424     99      288
  SINCE DEC 1    523           424     99      288
  SINCE JUL 1   1774          2207   -433     1674

 COOLING
  YESTERDAY        0             0      0        0
  MONTH TO DATE    0             0      0        0
  SINCE DEC 1      0             0      0        0
  SINCE JAN 1    734           635     99      691
......................................................


WIND (MPH)
  HIGHEST WIND SPEED    21   HIGHEST WIND DIRECTION    SE (130)
  HIGHEST GUST SPEED    23   HIGHEST GUST DIRECTION    SE (130)
  AVERAGE WIND SPEED    12.2




RELATIVE HUMIDITY (PERCENT)
 HIGHEST   100           500 PM
 LOWEST     82          1200 AM
 AVERAGE    91

..........................................................




SUNRISE AND SUNSET
DECEMBER 11 2016......SUNRISE   717 AM MST   SUNSET   406 PM MST
DECEMBER 12 2016......SUNRISE   718 AM MST   SUNSET   406 PM MST


-  INDICATES NEGATIVE NUMBERS.
R  INDICATES RECORD WAS SET OR TIED.
MM INDICATES DATA IS MISSING.
T  INDICATES TRACE AMOUNT.




$$
