000
CDUS43 KUNR 020831
CLID07


CLIMATE REPORT
NATIONAL WEATHER SERVICE RAPID CITY SD
231 AM MDT SAT AUG 2 2014


...................................

...THE FAITH SD CLIMATE SUMMARY FOR AUGUST 1 2014...

CLIMATE NORMAL PERIOD 1981 TO 2010
CLIMATE RECORD PERIOD 9999 TO 9999


WEATHER ITEM   OBSERVED TIME   NORMAL DEPARTURE LAST
                VALUE   (LST)  VALUE  FROM      YEAR
                                      NORMAL
......................................................
TEMPERATURE (F)
 YESTERDAY
  MAXIMUM         94    244 PM  87      7       85
  MINIMUM         58    329 AM  60     -2       56
  AVERAGE         76            74      2       71

PRECIPITATION (IN)
  YESTERDAY        0.00          0.07  -0.07     0.00
  MONTH TO DATE    0.00          0.07  -0.07     0.00
  SINCE JUN 1      6.36          5.96   0.40     2.83
  SINCE JAN 1     10.94         12.26  -1.32    10.47

DEGREE DAYS
 HEATING
  YESTERDAY        0             0      0        0
  MONTH TO DATE    0             0      0        0
  SINCE JUN 1    122           102     20       86
  SINCE JUL 1     17            12      5       13

 COOLING
  YESTERDAY       11             9      2        6
  MONTH TO DATE   11             9      2        6
  SINCE JUN 1    209           342   -133      351
  SINCE JAN 1    239           354   -115      364
......................................................


WIND (MPH)
  HIGHEST WIND SPEED    16   HIGHEST WIND DIRECTION    SW (240)
  HIGHEST GUST SPEED    21   HIGHEST GUST DIRECTION     S (190)
  AVERAGE WIND SPEED     9.2




RELATIVE HUMIDITY (PERCENT)
 HIGHEST    78          1200 AM
 LOWEST     19           200 PM
 AVERAGE    49

..........................................................




SUNRISE AND SUNSET
AUGUST  2 2014........SUNRISE   535 AM MDT   SUNSET   813 PM MDT
AUGUST  3 2014........SUNRISE   536 AM MDT   SUNSET   812 PM MDT


-  INDICATES NEGATIVE NUMBERS.
R  INDICATES RECORD WAS SET OR TIED.
MM INDICATES DATA IS MISSING.
T  INDICATES TRACE AMOUNT.




$$
