000
CDUS43 KUNR 160832
CLID07


CLIMATE REPORT
NATIONAL WEATHER SERVICE RAPID CITY SD
131 AM MST MON JAN 16 2017


...................................

...THE FAITH SD CLIMATE SUMMARY FOR JANUARY 15 2017...

CLIMATE NORMAL PERIOD 1981 TO 2010
CLIMATE RECORD PERIOD 9999 TO 9999


WEATHER ITEM   OBSERVED TIME   NORMAL DEPARTURE LAST
                VALUE   (LST)  VALUE  FROM      YEAR
                                      NORMAL
......................................................
TEMPERATURE (F)
 YESTERDAY
  MAXIMUM         27    152 PM  30     -3       28
  MINIMUM          7   1156 PM  11     -4       17
  AVERAGE         17            20     -3       23

PRECIPITATION (IN)
  YESTERDAY        0.00          0.00   0.00     0.07
  MONTH TO DATE    0.45          0.09   0.36     0.10
  SINCE DEC 1      0.89          0.49   0.40     0.63
  SINCE JAN 1      0.45          0.09   0.36     0.10

DEGREE DAYS
 HEATING
  YESTERDAY       48            45      3       42
  MONTH TO DATE  925           675    250      678
  SINCE DEC 1   2407          2035    372     1947
  SINCE JUL 1   3658          3818   -160     3333

 COOLING
  YESTERDAY        0             0      0        0
  MONTH TO DATE    0             0      0        0
  SINCE DEC 1      0             0      0        0
  SINCE JAN 1      0             0      0        0
......................................................


WIND (MPH)
  HIGHEST WIND SPEED    17   HIGHEST WIND DIRECTION     S (180)
  HIGHEST GUST SPEED    19   HIGHEST GUST DIRECTION     S (190)
  AVERAGE WIND SPEED     5.8




RELATIVE HUMIDITY (PERCENT)
 HIGHEST    92           800 AM
 LOWEST     60           300 PM
 AVERAGE    76

..........................................................




SUNRISE AND SUNSET
JANUARY 16 2017.......SUNRISE   722 AM MST   SUNSET   434 PM MST
JANUARY 17 2017.......SUNRISE   721 AM MST   SUNSET   436 PM MST


-  INDICATES NEGATIVE NUMBERS.
R  INDICATES RECORD WAS SET OR TIED.
MM INDICATES DATA IS MISSING.
T  INDICATES TRACE AMOUNT.




$$
