000
CDUS43 KUNR 300832
CLID07


CLIMATE REPORT
NATIONAL WEATHER SERVICE RAPID CITY SD
231 AM MDT TUE MAY 30 2017


...................................

...THE FAITH SD CLIMATE SUMMARY FOR MAY 29 2017...

CLIMATE NORMAL PERIOD 1981 TO 2010
CLIMATE RECORD PERIOD 9999 TO 9999


WEATHER ITEM   OBSERVED TIME   NORMAL DEPARTURE LAST
                VALUE   (LST)  VALUE  FROM      YEAR
                                      NORMAL
......................................................
TEMPERATURE (F)
 YESTERDAY
  MAXIMUM         68    334 PM  71     -3       77
  MINIMUM         41    445 AM  47     -6       48
  AVERAGE         55            59     -4       63

PRECIPITATION (IN)
  YESTERDAY        0.00          0.10  -0.10     0.00
  MONTH TO DATE    1.21          2.85  -1.64     0.45
  SINCE MAR 1      3.26          5.46  -2.20     5.30
  SINCE JAN 1      4.28          6.08  -1.80     6.81

DEGREE DAYS
 HEATING
  YESTERDAY       10             7      3        2
  MONTH TO DATE  263           306    -43      269
  SINCE MAR 1   1736          1917   -181     1606
  SINCE JUL 1   7087          7605   -518     6552

 COOLING
  YESTERDAY        0             1     -1        0
  MONTH TO DATE   12             3      9        2
  SINCE MAR 1     12             4      8        2
  SINCE JAN 1     12             4      8        2
......................................................


WIND (MPH)
  HIGHEST WIND SPEED    29   HIGHEST WIND DIRECTION    NW (310)
  HIGHEST GUST SPEED    36   HIGHEST GUST DIRECTION    NW (300)
  AVERAGE WIND SPEED    15.0




RELATIVE HUMIDITY (PERCENT)
 HIGHEST    82           500 AM
 LOWEST     26           400 PM
 AVERAGE    54

..........................................................




SUNRISE AND SUNSET
MAY 30 2017...........SUNRISE   506 AM MDT   SUNSET   826 PM MDT
MAY 31 2017...........SUNRISE   505 AM MDT   SUNSET   827 PM MDT


-  INDICATES NEGATIVE NUMBERS.
R  INDICATES RECORD WAS SET OR TIED.
MM INDICATES DATA IS MISSING.
T  INDICATES TRACE AMOUNT.




$$
