015
CDUS43 KUNR 190831
CLID07


CLIMATE REPORT
NATIONAL WEATHER SERVICE RAPID CITY SD
130 AM MST SUN NOV 19 2017


...................................

...THE FAITH SD CLIMATE SUMMARY FOR NOVEMBER 18 2017...

CLIMATE NORMAL PERIOD 1981 TO 2010
CLIMATE RECORD PERIOD 9999 TO 9999


WEATHER ITEM   OBSERVED TIME   NORMAL DEPARTURE LAST
                VALUE   (LST)  VALUE  FROM      YEAR
                                      NORMAL
......................................................
TEMPERATURE (F)
 YESTERDAY
  MAXIMUM         39   1234 PM  41     -2       31
  MINIMUM         23    720 AM  20      3       22
  AVERAGE         31            31      0       27

PRECIPITATION (IN)
  YESTERDAY        0.00          0.00   0.00     0.00
  MONTH TO DATE    0.17          0.48  -0.31     0.15
  SINCE SEP 1      1.32          3.39  -2.07     2.19
  SINCE JAN 1      9.79         17.21  -7.42    13.81

DEGREE DAYS
 HEATING
  YESTERDAY       34            34      0       38
  MONTH TO DATE  609           530     79      286
  SINCE SEP 1   1336          1296     40      818
  SINCE JUL 1   1348          1329     19      847

 COOLING
  YESTERDAY        0             0      0        0
  MONTH TO DATE    0             0      0        0
  SINCE SEP 1     92            60     32       48
  SINCE JAN 1    756           635    121      734
......................................................


WIND (MPH)
  HIGHEST WIND SPEED    25   HIGHEST WIND DIRECTION    NW (300)
  HIGHEST GUST SPEED    31   HIGHEST GUST DIRECTION    NW (310)
  AVERAGE WIND SPEED    11.6




RELATIVE HUMIDITY (PERCENT)
 HIGHEST    96          1200 AM
 LOWEST     59          1200 PM
 AVERAGE    78

..........................................................




SUNRISE AND SUNSET
NOVEMBER 19 2017......SUNRISE   652 AM MST   SUNSET   415 PM MST
NOVEMBER 20 2017......SUNRISE   653 AM MST   SUNSET   414 PM MST


-  INDICATES NEGATIVE NUMBERS.
R  INDICATES RECORD WAS SET OR TIED.
MM INDICATES DATA IS MISSING.
T  INDICATES TRACE AMOUNT.




$$
