000
CDUS43 KUNR 200831
CLID07


CLIMATE REPORT
NATIONAL WEATHER SERVICE RAPID CITY SD
231 AM MDT WED AUG 20 2014


...................................

...THE FAITH SD CLIMATE SUMMARY FOR AUGUST 19 2014...

CLIMATE NORMAL PERIOD 1981 TO 2010
CLIMATE RECORD PERIOD 9999 TO 9999


WEATHER ITEM   OBSERVED TIME   NORMAL DEPARTURE LAST
                VALUE   (LST)  VALUE  FROM      YEAR
                                      NORMAL
......................................................
TEMPERATURE (F)
 YESTERDAY
  MAXIMUM         88    321 PM  86      2       93
  MINIMUM         60    512 AM  58      2       59
  AVERAGE         74            72      2       76

PRECIPITATION (IN)
  YESTERDAY        0.00          0.04  -0.04     0.00
  MONTH TO DATE    1.93          1.07   0.86     1.89
  SINCE JUN 1      8.29          6.96   1.33     4.72
  SINCE JAN 1     12.87         13.26  -0.39    12.36

DEGREE DAYS
 HEATING
  YESTERDAY        0             1     -1        0
  MONTH TO DATE    0             3     -3        2
  SINCE JUN 1    122           105     17       88
  SINCE JUL 1     17            15      2       15

 COOLING
  YESTERDAY        9             7      2       11
  MONTH TO DATE  141           159    -18       76
  SINCE JUN 1    339           492   -153      421
  SINCE JAN 1    369           504   -135      434
......................................................


WIND (MPH)
  HIGHEST WIND SPEED    20   HIGHEST WIND DIRECTION    SE (140)
  HIGHEST GUST SPEED    26   HIGHEST GUST DIRECTION    SE (140)
  AVERAGE WIND SPEED    10.8




RELATIVE HUMIDITY (PERCENT)
 HIGHEST    84           100 AM
 LOWEST     31           300 PM
 AVERAGE    58

..........................................................




SUNRISE AND SUNSET
AUGUST 20 2014........SUNRISE   556 AM MDT   SUNSET   746 PM MDT
AUGUST 21 2014........SUNRISE   557 AM MDT   SUNSET   745 PM MDT


-  INDICATES NEGATIVE NUMBERS.
R  INDICATES RECORD WAS SET OR TIED.
MM INDICATES DATA IS MISSING.
T  INDICATES TRACE AMOUNT.




$$
