000
CDUS43 KUNR 260837
CLID07


CLIMATE REPORT
NATIONAL WEATHER SERVICE RAPID CITY SD
233 AM MDT SUN MAR 26 2017


...................................

...THE FAITH SD CLIMATE SUMMARY FOR MARCH 25 2017...

CLIMATE NORMAL PERIOD 1981 TO 2010
CLIMATE RECORD PERIOD 9999 TO 9999


WEATHER ITEM   OBSERVED TIME   NORMAL DEPARTURE LAST
                VALUE   (LST)  VALUE  FROM      YEAR
                                      NORMAL
......................................................
TEMPERATURE (F)
 YESTERDAY
  MAXIMUM         62    256 PM  47     15       47
  MINIMUM         31    604 AM  25      6       21
  AVERAGE         47            36     11       34

PRECIPITATION (IN)
  YESTERDAY        0.00          0.04  -0.04     0.08
  MONTH TO DATE    0.38          0.70  -0.32     0.59
  SINCE MAR 1      0.38          0.70  -0.32     0.59
  SINCE JAN 1      1.40          1.32   0.08     2.10

DEGREE DAYS
 HEATING
  YESTERDAY       18            29    -11       31
  MONTH TO DATE  783           838    -55      622
  SINCE MAR 1    783           838    -55      622
  SINCE JUL 1   6134          6526   -392     5568

 COOLING
  YESTERDAY        0             0      0        0
  MONTH TO DATE    0             0      0        0
  SINCE MAR 1      0             0      0        0
  SINCE JAN 1      0             0      0        0
......................................................


WIND (MPH)
  HIGHEST WIND SPEED    24   HIGHEST WIND DIRECTION    SE (150)
  HIGHEST GUST SPEED    30   HIGHEST GUST DIRECTION    SE (150)
  AVERAGE WIND SPEED    18.8




RELATIVE HUMIDITY (PERCENT)
 HIGHEST   100           300 AM
 LOWEST     27           300 PM
 AVERAGE    64

..........................................................




SUNRISE AND SUNSET
MARCH 26 2017.........SUNRISE   639 AM MDT   SUNSET   709 PM MDT
MARCH 27 2017.........SUNRISE   638 AM MDT   SUNSET   710 PM MDT


-  INDICATES NEGATIVE NUMBERS.
R  INDICATES RECORD WAS SET OR TIED.
MM INDICATES DATA IS MISSING.
T  INDICATES TRACE AMOUNT.




$$
