000
CDUS43 KUNR 280839
CLID07


CLIMATE REPORT
NATIONAL WEATHER SERVICE RAPID CITY SD
136 AM MST SAT FEB 28 2015


...................................

...THE FAITH SD CLIMATE SUMMARY FOR FEBRUARY 27 2015...

CLIMATE NORMAL PERIOD 1981 TO 2010
CLIMATE RECORD PERIOD 9999 TO 9999


WEATHER ITEM   OBSERVED TIME   NORMAL DEPARTURE LAST
                VALUE   (LST)  VALUE  FROM      YEAR
                                      NORMAL
......................................................
TEMPERATURE (F)
 YESTERDAY
  MAXIMUM         27    327 PM  37    -10       16
  MINIMUM         -6    641 AM  17    -23       -4
  AVERAGE         11            27    -16        6

PRECIPITATION (IN)
  YESTERDAY        0.00          0.01  -0.01     0.00
  MONTH TO DATE    0.26          0.41  -0.15     0.61
  SINCE DEC 1      0.71          1.01  -0.30     1.71
  SINCE JAN 1      0.43          0.61  -0.18     0.81

DEGREE DAYS
 HEATING
  YESTERDAY       54            38     16       59
  MONTH TO DATE 1141          1122     19     1392
  SINCE DEC 1   3574          3868   -294     4336
  SINCE JUL 1   5450          5651   -201     6086

 COOLING
  YESTERDAY        0             0      0        0
  MONTH TO DATE    0             0      0        0
  SINCE DEC 1      0             0      0        0
  SINCE JAN 1      0             0      0        0
......................................................


WIND (MPH)
  HIGHEST WIND SPEED    25   HIGHEST WIND DIRECTION     S (170)
  HIGHEST GUST SPEED    33   HIGHEST GUST DIRECTION     S (160)
  AVERAGE WIND SPEED    15.5




RELATIVE HUMIDITY (PERCENT)
 HIGHEST    82           300 AM
 LOWEST     32           200 PM
 AVERAGE    57

..........................................................




SUNRISE AND SUNSET
FEBRUARY 28 2015......SUNRISE   628 AM MST   SUNSET   534 PM MST
MARCH  1 2015.........SUNRISE   626 AM MST   SUNSET   535 PM MST


-  INDICATES NEGATIVE NUMBERS.
R  INDICATES RECORD WAS SET OR TIED.
MM INDICATES DATA IS MISSING.
T  INDICATES TRACE AMOUNT.




$$
