000
CDUS43 KUNR 240833
CLID07


CLIMATE REPORT
NATIONAL WEATHER SERVICE RAPID CITY SD
232 AM MDT MON JUL 24 2017


...................................

...THE FAITH SD CLIMATE SUMMARY FOR JULY 23 2017...

CLIMATE NORMAL PERIOD 1981 TO 2010
CLIMATE RECORD PERIOD 9999 TO 9999


WEATHER ITEM   OBSERVED TIME   NORMAL DEPARTURE LAST
                VALUE   (LST)  VALUE  FROM      YEAR
                                      NORMAL
......................................................
TEMPERATURE (F)
 YESTERDAY
  MAXIMUM         91    441 PM  87      4       91
  MINIMUM         58    506 AM  60     -2       63
  AVERAGE         75            73      2       77

PRECIPITATION (IN)
  YESTERDAY        0.00          0.07  -0.07     0.00
  MONTH TO DATE    0.50          2.34  -1.84     0.76
  SINCE JUN 1      2.98          5.43  -2.45     2.45
  SINCE JAN 1      7.26         11.73  -4.47     9.30

DEGREE DAYS
 HEATING
  YESTERDAY        0             0      0        0
  MONTH TO DATE    0             5     -5        3
  SINCE JUN 1     30            95    -65       18
  SINCE JUL 1      0             5     -5        3

 COOLING
  YESTERDAY       10             9      1       12
  MONTH TO DATE  301           176    125      218
  SINCE JUN 1    427           264    163      393
  SINCE JAN 1    439           276    163      395
......................................................


WIND (MPH)
  HIGHEST WIND SPEED    22   HIGHEST WIND DIRECTION    SE (140)
  HIGHEST GUST SPEED    29   HIGHEST GUST DIRECTION    SE (150)
  AVERAGE WIND SPEED     8.1




RELATIVE HUMIDITY (PERCENT)
 HIGHEST    67           300 AM
 LOWEST     23           300 PM
 AVERAGE    45

..........................................................




SUNRISE AND SUNSET
JULY 24 2017..........SUNRISE   525 AM MDT   SUNSET   824 PM MDT
JULY 25 2017..........SUNRISE   526 AM MDT   SUNSET   823 PM MDT


-  INDICATES NEGATIVE NUMBERS.
R  INDICATES RECORD WAS SET OR TIED.
MM INDICATES DATA IS MISSING.
T  INDICATES TRACE AMOUNT.




$$
