000
CDUS43 KUNR 020832
CLID07


CLIMATE REPORT
NATIONAL WEATHER SERVICE RAPID CITY SD
232 AM MDT WED SEP 2 2015


...................................

...THE FAITH SD CLIMATE SUMMARY FOR SEPTEMBER 1 2015...

CLIMATE NORMAL PERIOD 1981 TO 2010
CLIMATE RECORD PERIOD 9999 TO 9999


WEATHER ITEM   OBSERVED TIME   NORMAL DEPARTURE LAST
                VALUE   (LST)  VALUE  FROM      YEAR
                                      NORMAL
......................................................
TEMPERATURE (F)
 YESTERDAY
  MAXIMUM         89    315 PM  82      7       75
  MINIMUM         58    551 AM  54      4       48
  AVERAGE         74            68      6       62

PRECIPITATION (IN)
  YESTERDAY        0.00          0.06  -0.06     0.03
  MONTH TO DATE    0.00          0.06  -0.06     0.03
  SINCE SEP 1      0.00          0.06  -0.06     0.03
  SINCE JAN 1     12.97         13.88  -0.91    16.54

DEGREE DAYS
 HEATING
  YESTERDAY        0             2     -2        3
  MONTH TO DATE    0             2     -2        3
  SINCE SEP 1      0             2     -2        3
  SINCE JUL 1     29            35     -6       46

 COOLING
  YESTERDAY        9             5      4        0
  MONTH TO DATE    9             5      4        0
  SINCE SEP 1      9             5      4        0
  SINCE JAN 1    588           580      8      399
......................................................


WIND (MPH)
  HIGHEST WIND SPEED    18   HIGHEST WIND DIRECTION     S (160)
  HIGHEST GUST SPEED    23   HIGHEST GUST DIRECTION    SE (150)
  AVERAGE WIND SPEED     7.5




RELATIVE HUMIDITY (PERCENT)
 HIGHEST    90           500 AM
 LOWEST     29           400 PM
 AVERAGE    60

..........................................................




SUNRISE AND SUNSET
SEPTEMBER  2 2015.....SUNRISE   611 AM MDT   SUNSET   724 PM MDT
SEPTEMBER  3 2015.....SUNRISE   612 AM MDT   SUNSET   722 PM MDT


-  INDICATES NEGATIVE NUMBERS.
R  INDICATES RECORD WAS SET OR TIED.
MM INDICATES DATA IS MISSING.
T  INDICATES TRACE AMOUNT.




$$
