000
CDUS43 KUNR 240844
CLID07


CLIMATE REPORT
NATIONAL WEATHER SERVICE RAPID CITY SD
242 AM MDT THU JUL 24 2014


...................................

...THE FAITH SD CLIMATE SUMMARY FOR JULY 23 2014...

CLIMATE NORMAL PERIOD 1981 TO 2010
CLIMATE RECORD PERIOD 9999 TO 9999


WEATHER ITEM   OBSERVED TIME   NORMAL DEPARTURE LAST
                VALUE   (LST)  VALUE  FROM      YEAR
                                      NORMAL
......................................................
TEMPERATURE (F)
 YESTERDAY
  MAXIMUM         86    224 PM  87     -1       85
  MINIMUM         62    438 AM  60      2       59
  AVERAGE         74            73      1       72

PRECIPITATION (IN)
  YESTERDAY        0.00          0.07  -0.07     0.05
  MONTH TO DATE    0.43          2.34  -1.91     0.83
  SINCE JUN 1      6.36          5.43   0.93     2.09
  SINCE JAN 1     10.94         11.73  -0.79     9.73

DEGREE DAYS
 HEATING
  YESTERDAY        0             0      0        0
  MONTH TO DATE   17             5     12        3
  SINCE JUN 1    122            95     27       76
  SINCE JUL 1     17             5     12        3

 COOLING
  YESTERDAY        9             9      0        7
  MONTH TO DATE  129           176    -47      236
  SINCE JUN 1    151           264   -113      318
  SINCE JAN 1    181           276    -95      331
......................................................


WIND (MPH)
  HIGHEST WIND SPEED    25   HIGHEST WIND DIRECTION    SE (130)
  HIGHEST GUST SPEED    33   HIGHEST GUST DIRECTION    SE (130)
  AVERAGE WIND SPEED    17.7




RELATIVE HUMIDITY (PERCENT)
 HIGHEST    93           300 AM
 LOWEST     44           200 PM
 AVERAGE    69

..........................................................




SUNRISE AND SUNSET
JULY 24 2014..........SUNRISE   525 AM MDT   SUNSET   824 PM MDT
JULY 25 2014..........SUNRISE   526 AM MDT   SUNSET   823 PM MDT


-  INDICATES NEGATIVE NUMBERS.
R  INDICATES RECORD WAS SET OR TIED.
MM INDICATES DATA IS MISSING.
T  INDICATES TRACE AMOUNT.




$$
