000
CDUS43 KUNR 260834
CLID07


CLIMATE REPORT
NATIONAL WEATHER SERVICE RAPID CITY SD
234 AM MDT TUE JUL 26 2016


...................................

...THE FAITH SD CLIMATE SUMMARY FOR JULY 25 2016...

CLIMATE NORMAL PERIOD 1981 TO 2010
CLIMATE RECORD PERIOD 9999 TO 9999


WEATHER ITEM   OBSERVED TIME   NORMAL DEPARTURE LAST
                VALUE   (LST)  VALUE  FROM      YEAR
                                      NORMAL
......................................................
TEMPERATURE (F)
 YESTERDAY
  MAXIMUM         98    302 PM  87     11       91
  MINIMUM         61    504 AM  60      1       63
  AVERAGE         80            74      6       77

PRECIPITATION (IN)
  YESTERDAY        0.00          0.05  -0.05     0.25
  MONTH TO DATE    0.77          2.45  -1.68     0.51
  SINCE JUN 1      2.46          5.54  -3.08     3.15
  SINCE JAN 1      9.31         11.84  -2.53    10.39

DEGREE DAYS
 HEATING
  YESTERDAY        0             0      0        0
  MONTH TO DATE    3             5     -2        0
  SINCE JUN 1     18            95    -77       34
  SINCE JUL 1      3             5     -2        0

 COOLING
  YESTERDAY       15             9      6       12
  MONTH TO DATE  239           194     45      208
  SINCE JUN 1    414           282    132      303
  SINCE JAN 1    416           294    122      305
......................................................


WIND (MPH)
  HIGHEST WIND SPEED    28   HIGHEST WIND DIRECTION     W (280)
  HIGHEST GUST SPEED    38   HIGHEST GUST DIRECTION     W (290)
  AVERAGE WIND SPEED    15.8




RELATIVE HUMIDITY (PERCENT)
 HIGHEST    72           500 AM
 LOWEST     18           300 PM
 AVERAGE    45

..........................................................




SUNRISE AND SUNSET
JULY 26 2016..........SUNRISE   527 AM MDT   SUNSET   821 PM MDT
JULY 27 2016..........SUNRISE   528 AM MDT   SUNSET   820 PM MDT


-  INDICATES NEGATIVE NUMBERS.
R  INDICATES RECORD WAS SET OR TIED.
MM INDICATES DATA IS MISSING.
T  INDICATES TRACE AMOUNT.




$$
