000
CDUS42 KMLB 312025
CLIDAB


CLIMATE REPORT
NATIONAL WEATHER SERVICE MELBOURNE FL
424 PM EDT TUE MAY 31 2016


...................................

...THE DAYTONA BEACH CLIMATE SUMMARY FOR MAY 31 2016...
VALID TODAY AS OF 0400 PM LOCAL TIME.

CLIMATE NORMAL PERIOD 1981 TO 2010
CLIMATE RECORD PERIOD 1923 TO 2016


WEATHER ITEM   OBSERVED TIME   RECORD YEAR NORMAL DEPARTURE LAST
                VALUE   (LST)  VALUE       VALUE  FROM      YEAR
                                                  NORMAL
..................................................................
TEMPERATURE (F)
 TODAY
  MAXIMUM         91    154 PM  99    2004  87      4       85
  MINIMUM         69    602 AM  54    1935  69      0       71
  AVERAGE         80                        78      2       78

PRECIPITATION (IN)
  TODAY            T             1.69 2010   0.17  -0.17     0.00
  MONTH TO DATE    5.70                      3.13   2.57     2.62
  SINCE MAR 1      9.29                      9.55  -0.26     8.91
  SINCE JAN 1     20.00                     15.07   4.93    14.34

SNOWFALL (IN)
  TODAY            0.0
  MONTH TO DATE    0.0
  SINCE JUL 1      0.0

DEGREE DAYS
 HEATING
  TODAY            0                         0      0        0
  MONTH TO DATE    0                         0      0        0
  SINCE MAR 1     43                       127    -84       35
  SINCE JUL 1    508                       809   -301      682

 COOLING
  TODAY           15                        13      2       13
  MONTH TO DATE  340                       314     26      368
  SINCE MAR 1    724                       536    188      873
  SINCE JAN 1    774                       601    173      913
..................................................................


WIND (MPH)
  HIGHEST WIND SPEED    13   HIGHEST WIND DIRECTION    NE (60)
  HIGHEST GUST SPEED    16   HIGHEST GUST DIRECTION    NE (60)
  AVERAGE WIND SPEED     4.4


SKY COVER
  AVERAGE SKY COVER 0.4


WEATHER CONDITIONS
 THE FOLLOWING WEATHER WAS RECORDED TODAY.
  LIGHT RAIN


RELATIVE HUMIDITY (PERCENT)
 HIGHEST   100           400 AM
 LOWEST     49           200 PM
 AVERAGE    75

..........................................................


THE DAYTONA BEACH CLIMATE NORMALS FOR TOMORROW
                         NORMAL    RECORD    YEAR
 MAXIMUM TEMPERATURE (F)   87        98      1985
                                             1945
 MINIMUM TEMPERATURE (F)   70        54      1984


SUNRISE AND SUNSET
MAY 31 2016...........SUNRISE   626 AM EDT   SUNSET   819 PM EDT
JUNE  1 2016..........SUNRISE   625 AM EDT   SUNSET   819 PM EDT


-  INDICATES NEGATIVE NUMBERS.
R  INDICATES RECORD WAS SET OR TIED.
MM INDICATES DATA IS MISSING.
T  INDICATES TRACE AMOUNT.




$$
