000
CDUS42 KMLB 222017
CLIDAB


CLIMATE REPORT
NATIONAL WEATHER SERVICE MELBOURNE FL
416 PM EDT TUE AUG 22 2017


...................................

...THE DAYTONA BEACH CLIMATE SUMMARY FOR AUGUST 22 2017...
VALID TODAY AS OF 0400 PM LOCAL TIME.

CLIMATE NORMAL PERIOD 1981 TO 2010
CLIMATE RECORD PERIOD 1923 TO 2017


WEATHER ITEM   OBSERVED TIME   RECORD YEAR NORMAL DEPARTURE LAST
                VALUE   (LST)  VALUE       VALUE  FROM      YEAR
                                                  NORMAL
..................................................................
TEMPERATURE (F)
 TODAY
  MAXIMUM         91    256 PM  97    1980  89      2       96
  MINIMUM         75    622 AM  66    1940  73      2       74
  AVERAGE         83                        81      2       85

PRECIPITATION (IN)
  TODAY            0.00          2.43 1977   0.22  -0.22     0.00
  MONTH TO DATE    5.00                      4.39   0.61     1.12
  SINCE JUN 1     20.42                     16.05   4.37     5.40
  SINCE JAN 1     28.65                     31.12  -2.47    25.40

SNOWFALL (IN)
  TODAY            0.0
  MONTH TO DATE    0.0
  SINCE JUL 1      0.0

DEGREE DAYS
 HEATING
  TODAY            0                         0      0        0
  MONTH TO DATE    0                         0      0        0
  SINCE JUN 1      0                         0      0        0
  SINCE JUL 1      0                         0      0        0

 COOLING
  TODAY           18                        16      2       20
  MONTH TO DATE  414                       369     45      416
  SINCE JUN 1   1446                      1331    115     1518
  SINCE JAN 1   2263                      1932    331     2292
..................................................................


WIND (MPH)
  HIGHEST WIND SPEED    14   HIGHEST WIND DIRECTION    NE (60)
  HIGHEST GUST SPEED    18   HIGHEST GUST DIRECTION     E (70)
  AVERAGE WIND SPEED     3.9


SKY COVER
  AVERAGE SKY COVER 0.3


WEATHER CONDITIONS
 THE FOLLOWING WEATHER WAS RECORDED TODAY.
  FOG


RELATIVE HUMIDITY (PERCENT)
 HIGHEST   100           300 AM
 LOWEST     60           300 PM
 AVERAGE    80

..........................................................


THE DAYTONA BEACH CLIMATE NORMALS FOR TOMORROW
                         NORMAL    RECORD    YEAR
 MAXIMUM TEMPERATURE (F)   89        97      2014
 MINIMUM TEMPERATURE (F)   73        65      1984
                                             1940


SUNRISE AND SUNSET
AUGUST 22 2017........SUNRISE   657 AM EDT   SUNSET   757 PM EDT
AUGUST 23 2017........SUNRISE   657 AM EDT   SUNSET   756 PM EDT


-  INDICATES NEGATIVE NUMBERS.
R  INDICATES RECORD WAS SET OR TIED.
MM INDICATES DATA IS MISSING.
T  INDICATES TRACE AMOUNT.




$$
