000
CDUS42 KMLB 042116
CLIDAB


CLIMATE REPORT
NATIONAL WEATHER SERVICE MELBOURNE FL
416 PM EST SUN DEC 4 2016


...................................

...THE DAYTONA BEACH CLIMATE SUMMARY FOR DECEMBER 4 2016...
VALID TODAY AS OF 0400 PM LOCAL TIME.

CLIMATE NORMAL PERIOD 1981 TO 2010
CLIMATE RECORD PERIOD 1923 TO 2016


WEATHER ITEM   OBSERVED TIME   RECORD YEAR NORMAL DEPARTURE LAST
                VALUE   (LST)  VALUE       VALUE  FROM      YEAR
                                                  NORMAL
..................................................................
TEMPERATURE (F)
 TODAY
  MAXIMUM         79    346 PM  86    1978  73      6       78
  MINIMUM         58    655 AM  31    1939  53      5       67
  AVERAGE         69                        63      6       73

PRECIPITATION (IN)
  TODAY            0.00          1.61 2009   0.08  -0.08     0.04
  MONTH TO DATE    0.00                      0.30  -0.30     0.05
  SINCE DEC 1      0.00                      0.30  -0.30     0.05
  SINCE JAN 1     43.94                     47.29  -3.35    43.40

SNOWFALL (IN)
  TODAY            0.0
  MONTH TO DATE    0.0
  SINCE JUL 1      0.0

DEGREE DAYS
 HEATING
  TODAY            0                         4     -4        0
  MONTH TO DATE    8                        16     -8        0
  SINCE DEC 1      8                        16     -8        0
  SINCE JUL 1     45                        90    -45       12

 COOLING
  TODAY            4                         2      2        8
  MONTH TO DATE   11                         8      3       25
  SINCE DEC 1     11                         8      3       25
  SINCE JAN 1   3390                      2920    470     3573
..................................................................


WIND (MPH)
  HIGHEST WIND SPEED    21   HIGHEST WIND DIRECTION     S (160)
  HIGHEST GUST SPEED    27   HIGHEST GUST DIRECTION    SE (150)
  AVERAGE WIND SPEED     7.4


SKY COVER
  AVERAGE SKY COVER 0.4


WEATHER CONDITIONS
 THE FOLLOWING WEATHER WAS RECORDED TODAY.
  FOG


RELATIVE HUMIDITY (PERCENT)
 HIGHEST   100           700 AM
 LOWEST     54           100 PM
 AVERAGE    77

..........................................................


THE DAYTONA BEACH CLIMATE NORMALS FOR TOMORROW
                         NORMAL    RECORD    YEAR
 MAXIMUM TEMPERATURE (F)   72        83      2013
                                             1984
 MINIMUM TEMPERATURE (F)   53        35      1968


SUNRISE AND SUNSET
DECEMBER  4 2016......SUNRISE   703 AM EST   SUNSET   526 PM EST
DECEMBER  5 2016......SUNRISE   704 AM EST   SUNSET   526 PM EST


-  INDICATES NEGATIVE NUMBERS.
R  INDICATES RECORD WAS SET OR TIED.
MM INDICATES DATA IS MISSING.
T  INDICATES TRACE AMOUNT.




$$
