000
CDUS42 KMLB 242016
CLIDAB


CLIMATE REPORT
NATIONAL WEATHER SERVICE MELBOURNE FL
416 PM EDT SAT JUN 24 2017


...................................

...THE DAYTONA BEACH CLIMATE SUMMARY FOR JUNE 24 2017...
VALID TODAY AS OF 0400 PM LOCAL TIME.

CLIMATE NORMAL PERIOD 1981 TO 2010
CLIMATE RECORD PERIOD 1923 TO 2017


WEATHER ITEM   OBSERVED TIME   RECORD YEAR NORMAL DEPARTURE LAST
                VALUE   (LST)  VALUE       VALUE  FROM      YEAR
                                                  NORMAL
..................................................................
TEMPERATURE (F)
 TODAY
  MAXIMUM         94    141 PM 102    1944  89      5       94
  MINIMUM         76    547 AM  66    1995  72      4       75
  AVERAGE         85                        81      4       85

PRECIPITATION (IN)
  TODAY            0.00          2.64 1945   0.20  -0.20     0.27
  MONTH TO DATE    5.05                      4.67   0.38     3.17
  SINCE JUN 1      5.05                      4.67   0.38     3.17
  SINCE JAN 1     13.28                     19.74  -6.46    23.17

SNOWFALL (IN)
  TODAY            0.0
  MONTH TO DATE    0.0
  SINCE JUL 1      0.0

DEGREE DAYS
 HEATING
  TODAY            0                         0      0        0
  MONTH TO DATE    0                         0      0        0
  SINCE JUN 1      0                         0      0        0
  SINCE JUL 1    401                       809   -408      508

 COOLING
  TODAY           20                        16      4       20
  MONTH TO DATE  367                       352     15      394
  SINCE JUN 1    367                       352     15      394
  SINCE JAN 1   1184                       953    231     1168
..................................................................


WIND (MPH)
  HIGHEST WIND SPEED    13   HIGHEST WIND DIRECTION     W (250)
  HIGHEST GUST SPEED    24   HIGHEST GUST DIRECTION    SW (240)
  AVERAGE WIND SPEED     6.5


SKY COVER
  AVERAGE SKY COVER 0.5


WEATHER CONDITIONS
 THE FOLLOWING WEATHER WAS RECORDED TODAY.
  NO SIGNIFICANT WEATHER WAS OBSERVED.


RELATIVE HUMIDITY (PERCENT)
 HIGHEST    94           500 AM
 LOWEST     56          1200 PM
 AVERAGE    75

..........................................................


THE DAYTONA BEACH CLIMATE NORMALS FOR TOMORROW
                         NORMAL    RECORD    YEAR
 MAXIMUM TEMPERATURE (F)   89        99      1944
 MINIMUM TEMPERATURE (F)   72        62      1946


SUNRISE AND SUNSET
JUNE 24 2017..........SUNRISE   626 AM EDT   SUNSET   827 PM EDT
JUNE 25 2017..........SUNRISE   627 AM EDT   SUNSET   827 PM EDT


-  INDICATES NEGATIVE NUMBERS.
R  INDICATES RECORD WAS SET OR TIED.
MM INDICATES DATA IS MISSING.
T  INDICATES TRACE AMOUNT.




$$
