000
CDUS42 KMLB 280625
CLIDAB


CLIMATE REPORT
NATIONAL WEATHER SERVICE MELBOURNE FL
225 AM EDT TUE MAR 28 2017


...................................

...THE DAYTONA BEACH CLIMATE SUMMARY FOR MARCH 27 2017...

CLIMATE NORMAL PERIOD 1981 TO 2010
CLIMATE RECORD PERIOD 1923 TO 2017


WEATHER ITEM   OBSERVED TIME   RECORD YEAR NORMAL DEPARTURE LAST
                VALUE   (LST)  VALUE       VALUE  FROM      YEAR
                                                  NORMAL
..................................................................
TEMPERATURE (F)
 YESTERDAY
  MAXIMUM         79    218 PM  91    2011  76      3       86
                                      1994
  MINIMUM         58    649 AM  39    2013  56      2       71
                                      2006
                                      1955
  AVERAGE         69                        66      3       79

PRECIPITATION (IN)
  YESTERDAY        0.00          2.81 2003   0.13  -0.13     0.03
  MONTH TO DATE    1.07                      3.70  -2.63     1.26
  SINCE MAR 1      1.07                      3.70  -2.63     1.26
  SINCE JAN 1      5.08                      9.22  -4.14    11.97

SNOWFALL (IN)
  YESTERDAY        0.0
  MONTH TO DATE    0.0
  SINCE JUL 1      0.0

DEGREE DAYS
 HEATING
  YESTERDAY        0                         2     -2        0
  MONTH TO DATE   82                        88     -6       38
  SINCE MAR 1     82                        88     -6       38
  SINCE JUL 1    388                       770   -382      503

 COOLING
  YESTERDAY        4                         3      1       14
  MONTH TO DATE   84                        66     18      145
  SINCE MAR 1     84                        66     18      145
  SINCE JAN 1    204                       131     73      195
..................................................................


WIND (MPH)
  HIGHEST WIND SPEED    15   HIGHEST WIND DIRECTION     E (70)
  HIGHEST GUST SPEED    19   HIGHEST GUST DIRECTION    NE (50)
  AVERAGE WIND SPEED     3.8


SKY COVER
  AVERAGE SKY COVER 0.2


WEATHER CONDITIONS
 THE FOLLOWING WEATHER WAS RECORDED YESTERDAY.
  FOG


RELATIVE HUMIDITY (PERCENT)
 HIGHEST   100           300 AM
 LOWEST     48           100 PM
 AVERAGE    74

..........................................................


THE DAYTONA BEACH CLIMATE NORMALS FOR TODAY
                         NORMAL    RECORD    YEAR
 MAXIMUM TEMPERATURE (F)   76        92      1994
                                             1935
 MINIMUM TEMPERATURE (F)   56        38      2013


SUNRISE AND SUNSET
MARCH 28 2017.........SUNRISE   718 AM EDT   SUNSET   740 PM EDT
MARCH 29 2017.........SUNRISE   717 AM EDT   SUNSET   741 PM EDT


-  INDICATES NEGATIVE NUMBERS.
R  INDICATES RECORD WAS SET OR TIED.
MM INDICATES DATA IS MISSING.
T  INDICATES TRACE AMOUNT.




$$
