000
CDUS42 KMLB 030628
CLIDAB


CLIMATE REPORT
NATIONAL WEATHER SERVICE MELBOURNE FL
227 AM EDT FRI JUL 3 2015


...................................

...THE DAYTONA BEACH CLIMATE SUMMARY FOR JULY 2 2015...

CLIMATE NORMAL PERIOD 1981 TO 2010
CLIMATE RECORD PERIOD 1923 TO 2015


WEATHER ITEM   OBSERVED TIME   RECORD YEAR NORMAL DEPARTURE LAST
                VALUE   (LST)  VALUE       VALUE  FROM      YEAR
                                                  NORMAL
..................................................................
TEMPERATURE (F)
 YESTERDAY
  MAXIMUM         92    126 PM  99    1998  90      2       87
  MINIMUM         72   1159 PM  65    1981  73     -1       74
  AVERAGE         82                        81      1       81

PRECIPITATION (IN)
  YESTERDAY        0.31          3.48 1944   0.19   0.12     0.04
  MONTH TO DATE    0.31                      0.38  -0.07     0.14
  SINCE JUN 1      5.70                      6.21  -0.51     3.89
  SINCE JAN 1     20.04                     21.28  -1.24    23.64

SNOWFALL (IN)
  YESTERDAY        0.0
  MONTH TO DATE    0.0
  SINCE JUL 1      0.0

DEGREE DAYS
 HEATING
  YESTERDAY        0                         0      0        0
  MONTH TO DATE    0                         0      0        0
  SINCE JUN 1      0                         0      0        0
  SINCE JUL 1      0                         0      0        0

 COOLING
  YESTERDAY       17                        16      1       16
  MONTH TO DATE   35                        32      3       33
  SINCE JUN 1    532                       479     53      481
  SINCE JAN 1   1445                      1080    365     1147
..................................................................


WIND (MPH)
  HIGHEST WIND SPEED    26   HIGHEST WIND DIRECTION     W (290)
  HIGHEST GUST SPEED    35   HIGHEST GUST DIRECTION     W (290)
  AVERAGE WIND SPEED     5.4


SKY COVER
  AVERAGE SKY COVER 0.6


WEATHER CONDITIONS
 THE FOLLOWING WEATHER WAS RECORDED YESTERDAY.
  THUNDERSTORM
  RAIN
  LIGHT RAIN
  FOG


RELATIVE HUMIDITY (PERCENT)
 HIGHEST    93           600 PM
 LOWEST     49          1200 PM
 AVERAGE    71

..........................................................


THE DAYTONA BEACH CLIMATE NORMALS FOR TODAY
                         NORMAL    RECORD    YEAR
 MAXIMUM TEMPERATURE (F)   90        96      1998
                                             1978
                                             1927
 MINIMUM TEMPERATURE (F)   73        65      1962
                                             1937


SUNRISE AND SUNSET
JULY  3 2015..........SUNRISE   629 AM EDT   SUNSET   827 PM EDT
JULY  4 2015..........SUNRISE   630 AM EDT   SUNSET   827 PM EDT


-  INDICATES NEGATIVE NUMBERS.
R  INDICATES RECORD WAS SET OR TIED.
MM INDICATES DATA IS MISSING.
T  INDICATES TRACE AMOUNT.




$$
