000
CDUS42 KMLB 020635
CLIDAB


CLIMATE REPORT
NATIONAL WEATHER SERVICE MELBOURNE FL
235 AM EDT TUE SEP 2 2014


...................................

...THE DAYTONA BEACH CLIMATE SUMMARY FOR SEPTEMBER 1 2014...

CLIMATE NORMAL PERIOD 1981 TO 2010
CLIMATE RECORD PERIOD 1923 TO 2014


WEATHER ITEM   OBSERVED TIME   RECORD YEAR NORMAL DEPARTURE LAST
                VALUE   (LST)  VALUE       VALUE  FROM      YEAR
                                                  NORMAL
..................................................................
TEMPERATURE (F)
 YESTERDAY
  MAXIMUM         92    157 PM  94    2000  88      4       91
                                      1998
                                      1970
  MINIMUM         74    600 AM  66    1939  73      1       73
                                      1938
  AVERAGE         83                        81      2       82

PRECIPITATION (IN)
  YESTERDAY        0.00          3.88 1995   0.24  -0.24      T
  MONTH TO DATE    0.00                      0.24  -0.24      T
  SINCE SEP 1      0.00                      0.24  -0.24      T
  SINCE JAN 1     33.17                     33.37  -0.20    35.22

SNOWFALL (IN)
  YESTERDAY        0.0
  MONTH TO DATE    0.0
  SINCE JUL 1      0.0

DEGREE DAYS
 HEATING
  YESTERDAY        0                         0      0        0
  MONTH TO DATE    0                         0      0        0
  SINCE SEP 1      0                         0      0        0
  SINCE JUL 1      0                         0      0        0

 COOLING
  YESTERDAY       18                        16      2       17
  MONTH TO DATE   18                        16      2       17
  SINCE SEP 1     18                        16      2       17
  SINCE JAN 1   2210                      2090    120     2213
..................................................................


WIND (MPH)
  HIGHEST WIND SPEED    15   HIGHEST WIND DIRECTION     E (70)
  HIGHEST GUST SPEED    20   HIGHEST GUST DIRECTION     E (100)
  AVERAGE WIND SPEED     2.8


SKY COVER
  AVERAGE SKY COVER 0.3


WEATHER CONDITIONS
 THE FOLLOWING WEATHER WAS RECORDED YESTERDAY.
  NO SIGNIFICANT WEATHER WAS OBSERVED.


RELATIVE HUMIDITY (PERCENT)
 HIGHEST   100           300 AM
 LOWEST     49           200 PM
 AVERAGE    75

..........................................................


THE DAYTONA BEACH CLIMATE NORMALS FOR TODAY
                         NORMAL    RECORD    YEAR
 MAXIMUM TEMPERATURE (F)   88        96      1947
 MINIMUM TEMPERATURE (F)   73        64      1999


SUNRISE AND SUNSET
SEPTEMBER  2 2014.....SUNRISE   702 AM EDT   SUNSET   745 PM EDT
SEPTEMBER  3 2014.....SUNRISE   703 AM EDT   SUNSET   744 PM EDT


-  INDICATES NEGATIVE NUMBERS.
R  INDICATES RECORD WAS SET OR TIED.
MM INDICATES DATA IS MISSING.
T  INDICATES TRACE AMOUNT.




$$
