759
CDUS41 KRNK 240844
CLIDAN


CLIMATE REPORT
NATIONAL WEATHER SERVICE BLACKSBURG VA
440 AM EDT FRI MAR 24 2017


...................................

...THE DANVILLE VA CLIMATE SUMMARY FOR MARCH 23 2017...

CLIMATE NORMAL PERIOD 1981 TO 2010
CLIMATE RECORD PERIOD 1948 TO 2017


WEATHER ITEM   OBSERVED TIME   RECORD YEAR NORMAL DEPARTURE LAST
                VALUE   (LST)  VALUE       VALUE  FROM      YEAR
                                                  NORMAL
..................................................................
TEMPERATURE (F)
 YESTERDAY
  MAXIMUM         55    421 PM  86    1966  62     -7       79
  MINIMUM         26    617 AM  19    2004  40    -14       45
  AVERAGE         41                        51    -10       62

PRECIPITATION (IN)
  YESTERDAY        0.00          0.90 1981   0.14  -0.14     0.00
  MONTH TO DATE    1.39                      2.81  -1.42     0.97
  SINCE MAR 1      1.39                      2.81  -1.42     0.97
  SINCE JAN 1      6.16                      9.24  -3.08     7.82

SNOWFALL (IN)
  YESTERDAY        0.0                                       0.0
  MONTH TO DATE    T                                         0.0
  SINCE MAR 1      T                                         0.0
  SINCE JUL 1      8.8                                      11.1
  SNOW DEPTH       0

DEGREE DAYS
 HEATING
  YESTERDAY       24                        14     10        3
  MONTH TO DATE  446                       407     39      243
  SINCE MAR 1    446                       407     39      243
  SINCE JUL 1   2902                      3408   -506     2705

 COOLING
  YESTERDAY        0                         0      0        0
  MONTH TO DATE    1                         0      1       18
  SINCE MAR 1      1                         0      1       18
  SINCE JAN 1      6                         0      6       18
..................................................................


WIND (MPH)
  HIGHEST WIND SPEED    10   HIGHEST WIND DIRECTION    NE (50)
  HIGHEST GUST SPEED    13   HIGHEST GUST DIRECTION     S (160)
  AVERAGE WIND SPEED     3.2


SKY COVER
  AVERAGE SKY COVER 0.0


WEATHER CONDITIONS
 THE FOLLOWING WEATHER WAS RECORDED YESTERDAY.
  NO SIGNIFICANT WEATHER WAS OBSERVED.


RELATIVE HUMIDITY (PERCENT)
 HIGHEST    63           600 AM
 LOWEST     22           300 PM
 AVERAGE    43

..........................................................


THE DANVILLE VA CLIMATE NORMALS FOR TODAY
                         NORMAL    RECORD    YEAR
 MAXIMUM TEMPERATURE (F)   62        82      2007
                                             1966
 MINIMUM TEMPERATURE (F)   41        23      1986


SUNRISE AND SUNSET
MARCH 24 2017.........SUNRISE   715 AM EDT   SUNSET   733 PM EDT
MARCH 25 2017.........SUNRISE   713 AM EDT   SUNSET   734 PM EDT


-  INDICATES NEGATIVE NUMBERS.
R  INDICATES RECORD WAS SET OR TIED.
MM INDICATES DATA IS MISSING.
T  INDICATES TRACE AMOUNT.

$$

RAB
