000
CDUS41 KRNK 242121
CLIDAN


CLIMATE REPORT
NATIONAL WEATHER SERVICE BLACKSBURG VA
519 PM EDT THU APR 24 2014


...................................

...THE DANVILLE VA CLIMATE SUMMARY FOR APRIL 24 2014...
VALID TODAY AS OF 0500 PM LOCAL TIME.

CLIMATE NORMAL PERIOD 1981 TO 2010
CLIMATE RECORD PERIOD 1948 TO 2014


WEATHER ITEM   OBSERVED TIME   RECORD YEAR NORMAL DEPARTURE LAST
                VALUE   (LST)  VALUE       VALUE  FROM      YEAR
                                                  NORMAL
..................................................................
TEMPERATURE (F)
 TODAY
  MAXIMUM         71    337 PM  95    1960  73     -2       76
  MINIMUM         37    538 AM  29    2012  49    -12       45
  AVERAGE         54                        61     -7

PRECIPITATION (IN)
  TODAY            0.00          1.30 1983   0.12  -0.12     0.00
  MONTH TO DATE    3.26                      2.81   0.45     1.96
  SINCE MAR 1      6.46                      6.92  -0.46     4.51
  SINCE JAN 1     11.58                     13.35  -1.77    14.32

SNOWFALL (IN)
  TODAY            0.0
  MONTH TO DATE    0.0
  SINCE MAR 1      5.5
  SINCE JUL 1     13.4
  SNOW DEPTH       0

DEGREE DAYS
 HEATING
  TODAY           11                         5      6
  MONTH TO DATE  182                       202    -20
  SINCE MAR 1    827                       712    115
  SINCE JUL 1   3832                      3713    119

 COOLING
  TODAY            0                         1     -1
  MONTH TO DATE   13                        23    -10
  SINCE MAR 1     13                        26    -13
  SINCE JAN 1     13                        26    -13
..................................................................


WIND (MPH)
  HIGHEST WIND SPEED    12   HIGHEST WIND DIRECTION     W (250)
  HIGHEST GUST SPEED    16   HIGHEST GUST DIRECTION    SW (240)
  AVERAGE WIND SPEED     3.5


SKY COVER
  POSSIBLE SUNSHINE  MM
  AVERAGE SKY COVER 0.0


WEATHER CONDITIONS
 THE FOLLOWING WEATHER WAS RECORDED TODAY.
  NO SIGNIFICANT WEATHER WAS OBSERVED.


RELATIVE HUMIDITY (PERCENT)
 HIGHEST    85           600 AM
 LOWEST     22          1200 PM
 AVERAGE    54

..........................................................


THE DANVILLE VA CLIMATE NORMALS FOR TOMORROW
                         NORMAL    RECORD    YEAR
 MAXIMUM TEMPERATURE (F)   73        95      1960
 MINIMUM TEMPERATURE (F)   49        33      2012
                                             1949


SUNRISE AND SUNSET
APRIL 24 2014.........SUNRISE   632 AM EDT   SUNSET   759 PM EDT
APRIL 25 2014.........SUNRISE   631 AM EDT   SUNSET   800 PM EDT


-  INDICATES NEGATIVE NUMBERS.
R  INDICATES RECORD WAS SET OR TIED.
MM INDICATES DATA IS MISSING.
T  INDICATES TRACE AMOUNT.

REMARKS

DUE TO A POWER FAILURE CAUSING A MISSING LOW TEMPERATURE ON
JANUARY 22...THE SEASONAL TOTAL AND DEPARTURE FROM NORMAL FOR HDD
WILL BE CALCULATED WITHOUT DATA FROM THAT DATE.

$$

MBS
