000
CDUS41 KRNK 280723
CLIDAN


CLIMATE REPORT
NATIONAL WEATHER SERVICE BLACKSBURG VA
322 AM EDT SAT MAR 28 2015


...................................

...THE DANVILLE VA CLIMATE SUMMARY FOR MARCH 27 2015...

CLIMATE NORMAL PERIOD 1981 TO 2010
CLIMATE RECORD PERIOD 1948 TO 2015


WEATHER ITEM   OBSERVED TIME   RECORD YEAR NORMAL DEPARTURE LAST
                VALUE   (LST)  VALUE       VALUE  FROM      YEAR
                                                  NORMAL
..................................................................
TEMPERATURE (F)
 YESTERDAY
  MAXIMUM         63   1220 AM  86    1950  63      0       59
  MINIMUM         40   1103 PM  19    1955  41     -1       21
  AVERAGE         52                        52      0

PRECIPITATION (IN)
  YESTERDAY        0.47          0.66 1993   0.16   0.31     0.00
  MONTH TO DATE    2.12                      3.45  -1.33     3.01
  SINCE MAR 1      2.12                      3.45  -1.33     3.01
  SINCE JAN 1      5.91                      9.88  -3.97     8.13

SNOWFALL (IN)
  YESTERDAY        0.0
  MONTH TO DATE    T
  SINCE MAR 1      T
  SINCE JUL 1      9.8
  SNOW DEPTH       0

DEGREE DAYS
 HEATING
  YESTERDAY       13                        13      0
  MONTH TO DATE  396                       461    -65
  SINCE MAR 1    396                       461    -65
  SINCE JUL 1   3490                      3462     28

 COOLING
  YESTERDAY        0                         0      0
  MONTH TO DATE    0                         0      0
  SINCE MAR 1      0                         0      0
  SINCE JAN 1      0                         0      0
..................................................................


WIND (MPH)
  HIGHEST WIND SPEED    18   HIGHEST WIND DIRECTION     N (350)
  HIGHEST GUST SPEED    24   HIGHEST GUST DIRECTION     N (340)
  AVERAGE WIND SPEED     7.4


SKY COVER
  POSSIBLE SUNSHINE  MM
  AVERAGE SKY COVER 0.9


WEATHER CONDITIONS
 THE FOLLOWING WEATHER WAS RECORDED YESTERDAY.
  HEAVY RAIN
  RAIN
  LIGHT RAIN
  FOG


RELATIVE HUMIDITY (PERCENT)
 HIGHEST   100          1100 PM
 LOWEST     71           400 AM
 AVERAGE    86

..........................................................


THE DANVILLE VA CLIMATE NORMALS FOR TODAY
                         NORMAL    RECORD    YEAR
 MAXIMUM TEMPERATURE (F)   63        84      2007
                                             1989
 MINIMUM TEMPERATURE (F)   42        23      2001


SUNRISE AND SUNSET
MARCH 28 2015.........SUNRISE   710 AM EDT   SUNSET   736 PM EDT
MARCH 29 2015.........SUNRISE   708 AM EDT   SUNSET   737 PM EDT


-  INDICATES NEGATIVE NUMBERS.
R  INDICATES RECORD WAS SET OR TIED.
MM INDICATES DATA IS MISSING.
T  INDICATES TRACE AMOUNT.

REMARKS: DUE TO EQUIPMENT FAILURE RESULTING IN MISSING TEMPERATURE
DATA ON FEBRUARY 15...THE SEASONAL TOTAL AND DEPARTURE FROM NORMAL
FOR HDD WILL BE CALCULATED WITHOUT DATA FROM THIS DATE. ALSO...DUE
TO A TIPPING BUCKET FAILURE RESULTING IN MISSING PRECIPITATION DATA
ON MARCH 14 AND 19-20...ALL TOTALS AND DEPARTURES FROM NORMAL FOR
PRECIPITATION WILL BE CALCULATED WITHOUT DATA FROM THOSE DATES.

$$
