766
CDUS41 KRNK 110937
CLIDAN


CLIMATE REPORT
NATIONAL WEATHER SERVICE BLACKSBURG VA
436 AM EST THU FEB 11 2016


...................................

...THE DANVILLE VA CLIMATE SUMMARY FOR FEBRUARY 10 2016...

CLIMATE NORMAL PERIOD 1981 TO 2010
CLIMATE RECORD PERIOD 1948 TO 2016


WEATHER ITEM   OBSERVED TIME   RECORD YEAR NORMAL DEPARTURE LAST
                VALUE   (LST)  VALUE       VALUE  FROM      YEAR
                                                  NORMAL
..................................................................
TEMPERATURE (F)
 YESTERDAY
  MAXIMUM         38    205 PM  72    2009  49    -11       47
                                      1954
  MINIMUM         22    458 AM   6    1979  31     -9       35
  AVERAGE         30                        40    -10       41

PRECIPITATION (IN)
  YESTERDAY        0.00          0.75 1949   0.10  -0.10     0.34
  MONTH TO DATE    1.75                      1.12   0.63     1.09
  SINCE DEC 1      9.85                      7.81   2.04     5.27
  SINCE JAN 1      4.29                      4.54  -0.25     2.60

SNOWFALL (IN)
  YESTERDAY        0.0                                       0.0
  MONTH TO DATE    T                                         0.0
  SINCE DEC 1      9.2                                        T
  SINCE JUL 1      9.2                                        T
  SNOW DEPTH       0

DEGREE DAYS
 HEATING
  YESTERDAY       35                        25     10       24
  MONTH TO DATE  213                       257    -44      240
  SINCE DEC 1   1487                      1876   -389     1734
  SINCE JUL 1   2029                      2585   -556     2494

 COOLING
  YESTERDAY        0                         0      0        0
  MONTH TO DATE    0                         0      0        0
  SINCE DEC 1     11                         0     11        0
  SINCE JAN 1      0                         0      0        0
..................................................................


WIND (MPH)
  HIGHEST WIND SPEED    20   HIGHEST WIND DIRECTION     W (270)
  HIGHEST GUST SPEED    25   HIGHEST GUST DIRECTION     W (270)
  AVERAGE WIND SPEED     9.2


SKY COVER
  AVERAGE SKY COVER 0.4


WEATHER CONDITIONS
 THE FOLLOWING WEATHER WAS RECORDED YESTERDAY.
  NO SIGNIFICANT WEATHER WAS OBSERVED.


RELATIVE HUMIDITY (PERCENT)
 HIGHEST    71           500 AM
 LOWEST     35           200 PM
 AVERAGE    53

..........................................................


THE DANVILLE VA CLIMATE NORMALS FOR TODAY
                         NORMAL    RECORD    YEAR
 MAXIMUM TEMPERATURE (F)   49        71      2009
 MINIMUM TEMPERATURE (F)   31        10      1979


SUNRISE AND SUNSET
FEBRUARY 11 2016......SUNRISE   710 AM EST   SUNSET   553 PM EST
FEBRUARY 12 2016......SUNRISE   709 AM EST   SUNSET   554 PM EST


-  INDICATES NEGATIVE NUMBERS.
R  INDICATES RECORD WAS SET OR TIED.
MM INDICATES DATA IS MISSING.
T  INDICATES TRACE AMOUNT.

$$

RAB
