000
CDUS41 KRNK 060949
CLIDAN

CLIMATE REPORT
NATIONAL WEATHER SERVICE BLACKSBURG VA
437 AM EST FRI MAR 6 2015


...................................

...THE DANVILLE VA CLIMATE SUMMARY FOR MARCH 5 2015...

CLIMATE NORMAL PERIOD 1981 TO 2010
CLIMATE RECORD PERIOD 1948 TO 2015


WEATHER ITEM   OBSERVED TIME   RECORD YEAR NORMAL DEPARTURE LAST
                VALUE   (LST)  VALUE       VALUE  FROM      YEAR
                                                  NORMAL
..................................................................
TEMPERATURE (F)
 YESTERDAY
  MAXIMUM         56   1231 AM  81    1961  55      1       47
  MINIMUM         31   1159 PM  13    1960  35     -4       25
  AVERAGE         44                        45     -1

PRECIPITATION (IN)
  YESTERDAY        1.00          1.13 1965   0.10   0.90     0.00
  MONTH TO DATE    1.25                      0.50   0.75     0.45
  SINCE MAR 1      1.25                      0.50   0.75     0.45
  SINCE JAN 1      5.04                      6.93  -1.89     5.57

SNOWFALL (IN)
  YESTERDAY        T
  MONTH TO DATE    T
  SINCE MAR 1      T
  SINCE JUL 1      9.8
  SNOW DEPTH       0

DEGREE DAYS
 HEATING
  YESTERDAY       21                        20      1
  MONTH TO DATE  112                       102     10
  SINCE MAR 1    112                       102     10
  SINCE JUL 1   3206                      3103    103

 COOLING
  YESTERDAY        0                         0      0
  MONTH TO DATE    0                         0      0
  SINCE MAR 1      0                         0      0
  SINCE JAN 1      0                         0      0
..................................................................


WIND (MPH)
  HIGHEST WIND SPEED    24   HIGHEST WIND DIRECTION    NE (50)
  HIGHEST GUST SPEED    30   HIGHEST GUST DIRECTION    NE (50)
  AVERAGE WIND SPEED    11.7


SKY COVER
  POSSIBLE SUNSHINE  MM
  AVERAGE SKY COVER 1.0


WEATHER CONDITIONS
 THE FOLLOWING WEATHER WAS RECORDED YESTERDAY.
  HEAVY RAIN
  RAIN
  LIGHT RAIN
  LIGHT SNOW
  FOG


RELATIVE HUMIDITY (PERCENT)
 HIGHEST    96           400 AM
 LOWEST     72          1200 AM
 AVERAGE    84

..........................................................


THE DANVILLE VA CLIMATE NORMALS FOR TODAY
                         NORMAL    RECORD    YEAR
 MAXIMUM TEMPERATURE (F)   56        82      1976
 MINIMUM TEMPERATURE (F)   35         8      1960


SUNRISE AND SUNSET
MARCH  6 2015.........SUNRISE   641 AM EST   SUNSET   616 PM EST
MARCH  7 2015.........SUNRISE   640 AM EST   SUNSET   617 PM EST


-  INDICATES NEGATIVE NUMBERS.
R  INDICATES RECORD WAS SET OR TIED.
MM INDICATES DATA IS MISSING.
T  INDICATES TRACE AMOUNT.

REMARKS: DUE TO AN EQUIPMENT FAILURE CAUSING MISSING TEMPERATURE
DATA ON FEBRUARY 15...ALL TEMPERATURE DATA AND HDD WILL BE
CALCULATED WITHOUT DATA FROM THIS DATE.

$$
