000
CDUS41 KRNK 282226
CLIDAN


CLIMATE REPORT
NATIONAL WEATHER SERVICE BLACKSBURG VA
521 PM EST SUN DEC 28 2014


...................................

...THE DANVILLE VA CLIMATE SUMMARY FOR DECEMBER 28 2014...
VALID TODAY AS OF 0500 PM LOCAL TIME.

CLIMATE NORMAL PERIOD 1981 TO 2010
CLIMATE RECORD PERIOD 1948 TO 2014


WEATHER ITEM   OBSERVED TIME   RECORD YEAR NORMAL DEPARTURE LAST
                VALUE   (LST)  VALUE       VALUE  FROM      YEAR
                                                  NORMAL
..................................................................
TEMPERATURE (F)
 TODAY
  MAXIMUM         61    212 PM  72    1971  47     14       60
  MINIMUM         50    631 AM  13    1966  29     21       24
  AVERAGE         56                        38     18

PRECIPITATION (IN)
  TODAY            0.00          1.29 1958   0.09  -0.09     0.11
  MONTH TO DATE    1.96                      3.03  -1.07     3.24
  SINCE DEC 1      1.96                      3.03  -1.07     3.24
  SINCE JAN 1     42.44                     44.17  -1.73    49.79

SNOWFALL (IN)
  TODAY            0.0
  MONTH TO DATE    T
  SINCE DEC 1      T
  SINCE JUL 1      T
  SNOW DEPTH       0

DEGREE DAYS
 HEATING
  TODAY            9                        27    -18
  MONTH TO DATE  581                       692   -111
  SINCE DEC 1    581                       692   -111
  SINCE JUL 1   1341                      1401    -60

 COOLING
  TODAY            0                         0      0
  MONTH TO DATE    0                         0      0
  SINCE DEC 1      0                         0      0
  SINCE JAN 1   1419                      1439    -20
..................................................................


WIND (MPH)
  HIGHEST WIND SPEED    15   HIGHEST WIND DIRECTION    SW (240)
  HIGHEST GUST SPEED    MM   HIGHEST GUST DIRECTION    MM
  AVERAGE WIND SPEED     7.2


SKY COVER
  POSSIBLE SUNSHINE  MM
  AVERAGE SKY COVER 0.3


WEATHER CONDITIONS
 THE FOLLOWING WEATHER WAS RECORDED TODAY.
  NO SIGNIFICANT WEATHER WAS OBSERVED.


RELATIVE HUMIDITY (PERCENT)
 HIGHEST    75           500 PM
 LOWEST     59          1200 AM
 AVERAGE    67

..........................................................


THE DANVILLE VA CLIMATE NORMALS FOR TOMORROW
                         NORMAL    RECORD    YEAR
 MAXIMUM TEMPERATURE (F)   47        75      1984
 MINIMUM TEMPERATURE (F)   29        13      1977


SUNRISE AND SUNSET
DECEMBER 28 2014......SUNRISE   728 AM EST   SUNSET   509 PM EST
DECEMBER 29 2014......SUNRISE   729 AM EST   SUNSET   510 PM EST


-  INDICATES NEGATIVE NUMBERS.
R  INDICATES RECORD WAS SET OR TIED.
MM INDICATES DATA IS MISSING.
T  INDICATES TRACE AMOUNT.




$$
