000
CDUS41 KILN 280549
CLIDAY


CLIMATE REPORT
NATIONAL WEATHER SERVICE WILMINGTON OH
148 AM EDT WED JUN 28 2017


...................................

...THE DAYTON OH CLIMATE SUMMARY FOR JUNE 27 2017...

CLIMATE NORMAL PERIOD 1981 TO 2010
CLIMATE RECORD PERIOD 1869 TO 2017


WEATHER ITEM   OBSERVED TIME   RECORD YEAR NORMAL DEPARTURE LAST
                VALUE   (LST)  VALUE       VALUE  FROM      YEAR
                                                  NORMAL
..................................................................
TEMPERATURE (F)
 YESTERDAY
  MAXIMUM         73    452 PM 102    1944  83    -10       90
  MINIMUM         51    532 AM  48    1927  64    -13       72
                                      1926
  AVERAGE         62                        73    -11       81

PRECIPITATION (IN)
  YESTERDAY        0.00          3.23 1932   0.13  -0.13     0.00
  MONTH TO DATE    6.27                      3.76   2.51     3.60
  SINCE JUN 1      6.27                      3.76   2.51     3.60
  SINCE JAN 1     28.12                     20.80   7.32    19.82

SNOWFALL (IN)
  YESTERDAY        0.0           0.0         0.0    0.0      0.0
  MONTH TO DATE    0.0                       0.0    0.0      0.0
  SINCE JUN 1      0.0                       0.0    0.0      0.0
  SINCE JUL 1      8.5                      23.3  -14.8     12.7
  SNOW DEPTH       0

DEGREE DAYS
 HEATING
  YESTERDAY        3                         0      3        0
  MONTH TO DATE   14                        22     -8        4
  SINCE JUN 1     14                        22     -8        4
  SINCE JUL 1   4569                      5642  -1073     4681

 COOLING
  YESTERDAY        0                         8     -8       16
  MONTH TO DATE  166                       163      3      231
  SINCE JUN 1    166                       163      3      231
  SINCE JAN 1    258                       233     25      310
..................................................................


WIND (MPH)
  RESULTANT WIND SPEED   7   RESULTANT WIND DIRECTION   W (290)
  HIGHEST WIND SPEED    16   HIGHEST WIND DIRECTION    NW (310)
  HIGHEST GUST SPEED    21   HIGHEST GUST DIRECTION    NW (330)
  AVERAGE WIND SPEED     7.3



WEATHER CONDITIONS
 THE FOLLOWING WEATHER WAS RECORDED YESTERDAY.
  NO SIGNIFICANT WEATHER WAS OBSERVED.


RELATIVE HUMIDITY (PERCENT)
 HIGHEST    89           300 AM
 LOWEST     35           500 PM
 AVERAGE    62

..........................................................


THE DAYTON OH CLIMATE NORMALS FOR TODAY
                         NORMAL    RECORD    YEAR
 MAXIMUM TEMPERATURE (F)   83       102      2012
                                             1944
 MINIMUM TEMPERATURE (F)   64        52      1987
                                             1985
                                             1954


SUNRISE AND SUNSET
JUNE 28 2017..........SUNRISE   611 AM EDT   SUNSET   909 PM EDT
JUNE 29 2017..........SUNRISE   611 AM EDT   SUNSET   909 PM EDT


-  INDICATES NEGATIVE NUMBERS.
R  INDICATES RECORD WAS SET OR TIED.
MM INDICATES DATA IS MISSING.
T  INDICATES TRACE AMOUNT.




$$
