530
CDUS41 KILN 040629
CLIDAY


CLIMATE REPORT
NATIONAL WEATHER SERVICE WILMINGTON OH
226 AM EDT WED MAY 4 2016


...................................

...THE DAYTON OH CLIMATE SUMMARY FOR MAY 3 2016...

CLIMATE NORMAL PERIOD 1981 TO 2010
CLIMATE RECORD PERIOD 1869 TO 2016


WEATHER ITEM   OBSERVED TIME   RECORD YEAR NORMAL DEPARTURE LAST
                VALUE   (LST)  VALUE       VALUE  FROM      YEAR
                                                  NORMAL
..................................................................
TEMPERATURE (F)
 YESTERDAY
  MAXIMUM         59    335 PM  90    1899  68     -9       78
  MINIMUM         48   1102 PM  32    2005  47      1       52
  AVERAGE         54                        58     -4       65

PRECIPITATION (IN)
  YESTERDAY        T             1.38 1958   0.15  -0.15     0.00
  MONTH TO DATE    0.70                      0.44   0.26     0.00
  SINCE MAR 1      9.15                      7.87   1.28     9.17
  SINCE JAN 1     13.97                     12.82   1.15    13.53

SNOWFALL (IN)
  YESTERDAY        0.0           0.0         0.0    0.0      0.0
  MONTH TO DATE    0.0                       0.0    0.0      0.0
  SINCE MAR 1      2.1                       4.0   -1.9      5.7
  SINCE JUL 1     12.7                      23.3  -10.6     27.7
  SNOW DEPTH       0

DEGREE DAYS
 HEATING
  YESTERDAY       11                         8      3        0
  MONTH TO DATE   20                        25     -5        8
  SINCE MAR 1    968                      1201   -233     1139
  SINCE JUL 1   4509                      5476   -967     5702

 COOLING
  YESTERDAY        0                         1     -1        0
  MONTH TO DATE    3                         3      0        0
  SINCE MAR 1      7                        13     -6        4
  SINCE JAN 1      7                        13     -6        4
..................................................................


WIND (MPH)
  RESULTANT WIND SPEED   4   RESULTANT WIND DIRECTION   N (0)
  HIGHEST WIND SPEED    13   HIGHEST WIND DIRECTION     W (280)
  HIGHEST GUST SPEED    15   HIGHEST GUST DIRECTION     W (280)
  AVERAGE WIND SPEED     6.2



WEATHER CONDITIONS
 THE FOLLOWING WEATHER WAS RECORDED YESTERDAY.
  LIGHT RAIN


RELATIVE HUMIDITY (PERCENT)
 HIGHEST    86           300 AM
 LOWEST     62           300 PM
 AVERAGE    74

..........................................................


THE DAYTON OH CLIMATE NORMALS FOR TODAY
                         NORMAL    RECORD    YEAR
 MAXIMUM TEMPERATURE (F)   68        88      1949
                                             1902
                                             1895
 MINIMUM TEMPERATURE (F)   48        28      1903


SUNRISE AND SUNSET
MAY  4 2016...........SUNRISE   633 AM EDT   SUNSET   835 PM EDT
MAY  5 2016...........SUNRISE   632 AM EDT   SUNSET   836 PM EDT


-  INDICATES NEGATIVE NUMBERS.
R  INDICATES RECORD WAS SET OR TIED.
MM INDICATES DATA IS MISSING.
T  INDICATES TRACE AMOUNT.




$$
