000
CDUS41 KILN 290608
CLIDAY


CLIMATE REPORT
NATIONAL WEATHER SERVICE WILMINGTON OH
107 AM EST THU JAN 29 2015


...................................

...THE DAYTON OH CLIMATE SUMMARY FOR JANUARY 28 2015...

CLIMATE NORMAL PERIOD 1981 TO 2010
CLIMATE RECORD PERIOD 1869 TO 2015


WEATHER ITEM   OBSERVED TIME   RECORD YEAR NORMAL DEPARTURE LAST
                VALUE   (LST)  VALUE       VALUE  FROM      YEAR
                                                  NORMAL
..................................................................
TEMPERATURE (F)
 YESTERDAY
  MAXIMUM         30    528 PM  66    1914  35     -5        5
  MINIMUM          7    759 AM -13    2014  20    -13      -13
                                      1963
  AVERAGE         19                        28     -9       -4

PRECIPITATION (IN)
  YESTERDAY        0.00          0.61 1916   0.08  -0.08     0.00
  MONTH TO DATE    2.85                      2.47   0.38     2.79
  SINCE DEC 1      5.64                      5.59   0.05     7.37
  SINCE JAN 1      2.85                      2.47   0.38     2.79

SNOWFALL (IN)
  YESTERDAY        0.0           3.8  2009   0.2   -0.2      0.0
  MONTH TO DATE    7.5                       7.1    0.4     21.2
  SINCE DEC 1      7.6                      11.6   -4.0     33.8
  SINCE JUL 1     11.7                      12.6   -0.9     35.8
  SNOW DEPTH       3

DEGREE DAYS
 HEATING
  YESTERDAY       46                        37      9       69
  MONTH TO DATE 1087                      1053     34     1214
  SINCE DEC 1   2000                      2101   -101     2209
  SINCE JUL 1   3216                      3212      4     3333

 COOLING
  YESTERDAY        0                         0      0        0
  MONTH TO DATE    0                         0      0        0
  SINCE DEC 1      0                         0      0        0
  SINCE JAN 1      0                         0      0        0
..................................................................


WIND (MPH)
  RESULTANT WIND SPEED   5   RESULTANT WIND DIRECTION  SE (150)
  HIGHEST WIND SPEED    17   HIGHEST WIND DIRECTION    SE (150)
  HIGHEST GUST SPEED    22   HIGHEST GUST DIRECTION    SE (150)
  AVERAGE WIND SPEED     6.8



WEATHER CONDITIONS
 THE FOLLOWING WEATHER WAS RECORDED YESTERDAY.
  FOG
  HAZE


RELATIVE HUMIDITY (PERCENT)
 HIGHEST    92           200 AM
 LOWEST     58           200 PM
 AVERAGE    75

..........................................................


THE DAYTON OH CLIMATE NORMALS FOR TODAY
                         NORMAL    RECORD    YEAR
 MAXIMUM TEMPERATURE (F)   35        66      1914
 MINIMUM TEMPERATURE (F)   21       -10      1977


SUNRISE AND SUNSET
JANUARY 29 2015.......SUNRISE   748 AM EST   SUNSET   552 PM EST
JANUARY 30 2015.......SUNRISE   747 AM EST   SUNSET   553 PM EST


-  INDICATES NEGATIVE NUMBERS.
R  INDICATES RECORD WAS SET OR TIED.
MM INDICATES DATA IS MISSING.
T  INDICATES TRACE AMOUNT.




$$
