000
CDUS41 KILN 242150
CLIDAY


CLIMATE REPORT
NATIONAL WEATHER SERVICE WILMINGTON OH
449 PM EST TUE JAN 24 2017


...................................

...THE DAYTON OH CLIMATE SUMMARY FOR JANUARY 24 2017...
VALID TODAY AS OF 0400 PM LOCAL TIME.

CLIMATE NORMAL PERIOD 1981 TO 2010
CLIMATE RECORD PERIOD 1869 TO 2017


WEATHER ITEM   OBSERVED TIME   RECORD YEAR NORMAL DEPARTURE LAST
                VALUE   (LST)  VALUE       VALUE  FROM      YEAR
                                                  NORMAL
..................................................................
TEMPERATURE (F)
 TODAY
  MAXIMUM         42    230 PM  71    1943  35      7       34
  MINIMUM         39    934 AM -19    1963  20     19       15
  AVERAGE         41                        28     13       25

PRECIPITATION (IN)
  TODAY            T             1.72 1937   0.08  -0.08     0.00
  MONTH TO DATE    3.36                      2.15   1.21     1.48
  SINCE DEC 1      6.35                      5.27   1.08     5.87
  SINCE JAN 1      3.36                      2.15   1.21     1.48

SNOWFALL (IN)
  TODAY            0.0           4.9  1941   0.2   -0.2      0.0
  MONTH TO DATE    1.2                       6.1   -4.9      4.8
  SINCE DEC 1      5.3                      10.6   -5.3      5.0
  SINCE JUL 1      5.3                      11.6   -6.3      5.0
  SNOW DEPTH       0

DEGREE DAYS
 HEATING
  TODAY           24                        37    -13       40
  MONTH TO DATE  712                       905   -193      953
  SINCE DEC 1   1780                      1953   -173     1606
  SINCE JUL 1   2553                      3064   -511     2442

 COOLING
  TODAY            0                         0      0        0
  MONTH TO DATE    0                         0      0        0
  SINCE DEC 1      0                         0      0        0
  SINCE JAN 1      0                         0      0        0
..................................................................


WIND (MPH)
  RESULTANT WIND SPEED  12   RESULTANT WIND DIRECTION  NW (300)
  HIGHEST WIND SPEED    18   HIGHEST WIND DIRECTION    NW (300)
  HIGHEST GUST SPEED    23   HIGHEST GUST DIRECTION    NW (300)
  AVERAGE WIND SPEED    12.8


SKY COVER
  POSSIBLE SUNSHINE  MM
  AVERAGE SKY COVER 1.0


WEATHER CONDITIONS
 THE FOLLOWING WEATHER WAS RECORDED TODAY.
  LIGHT RAIN
  FOG


RELATIVE HUMIDITY (PERCENT)
 HIGHEST   100          1200 AM
 LOWEST     79           300 PM
 AVERAGE    90

..........................................................


THE DAYTON OH CLIMATE NORMALS FOR TOMORROW
                         NORMAL    RECORD    YEAR
 MAXIMUM TEMPERATURE (F)   35        71      1950
 MINIMUM TEMPERATURE (F)   20       -12      1897


SUNRISE AND SUNSET
JANUARY 24 2017.......SUNRISE   751 AM EST   SUNSET   547 PM EST
JANUARY 25 2017.......SUNRISE   751 AM EST   SUNSET   548 PM EST


-  INDICATES NEGATIVE NUMBERS.
R  INDICATES RECORD WAS SET OR TIED.
MM INDICATES DATA IS MISSING.
T  INDICATES TRACE AMOUNT.




$$
