000
CDUS43 KDVN 222223
CLIDBQ


CLIMATE REPORT
NATIONAL WEATHER SERVICE QUAD CITIES IA IL
423 PM CST MON DEC 22 2014


...................................

...THE DUBUQUE IA CLIMATE SUMMARY FOR DECEMBER 22 2014...
VALID TODAY AS OF 0400 PM LOCAL TIME.

CLIMATE NORMAL PERIOD 1981 TO 2010
CLIMATE RECORD PERIOD 1873 TO 2014


WEATHER ITEM   OBSERVED TIME   RECORD YEAR NORMAL DEPARTURE LAST
                VALUE   (LST)  VALUE       VALUE  FROM      YEAR
                                                  NORMAL
..................................................................
TEMPERATURE (F)
 TODAY
  MAXIMUM         37   1136 AM  56    1877  28      9       26
                                      1875
  MINIMUM         33    734 AM -19    1983  13     20       13
  AVERAGE         35                        21     14       20

PRECIPITATION (IN)
  TODAY            0.09          0.95 1979   0.05   0.04     0.48
  MONTH TO DATE    0.56                      1.42  -0.86     0.96
  SINCE DEC 1      0.56                      1.42  -0.86     0.96
  SINCE JAN 1     37.08                     35.87   1.21    37.77

SNOWFALL (IN)
  TODAY            0.0          MM      MM   0.4   -0.4      6.1
  MONTH TO DATE    T                         8.4   -8.4     12.7
  SINCE DEC 1      T                         8.4   -8.4     12.7
  SINCE JUL 1      3.5                      11.2   -7.7     16.6
  SNOW DEPTH       0

DEGREE DAYS
 HEATING
  TODAY           30                        44    -14       45
  MONTH TO DATE  790                       904   -114     1033
  SINCE DEC 1    790                       904   -114     1033
  SINCE JUL 1   2572                      2404    168     2632

 COOLING
  TODAY            0                         0      0        0
  MONTH TO DATE    0                         0      0        0
  SINCE DEC 1      0                         0      0        0
  SINCE JAN 1    526                       643   -117      640
..................................................................


WIND (MPH)
  HIGHEST WIND SPEED    21   HIGHEST WIND DIRECTION     E (110)
  HIGHEST GUST SPEED    26   HIGHEST GUST DIRECTION    SE (120)
  AVERAGE WIND SPEED    14.6


SKY COVER
  POSSIBLE SUNSHINE  MM
  AVERAGE SKY COVER 1.0


WEATHER CONDITIONS
 THE FOLLOWING WEATHER WAS RECORDED TODAY.
  LIGHT SNOW
  FOG
  HAZE


RELATIVE HUMIDITY (PERCENT)
 HIGHEST    92           100 PM
 LOWEST     82          1200 PM
 AVERAGE    87

..........................................................


THE DUBUQUE IA CLIMATE NORMALS FOR TOMORROW
                         NORMAL    RECORD    YEAR
 MAXIMUM TEMPERATURE (F)   28        58      1888
                                             1877
 MINIMUM TEMPERATURE (F)   13       -23      1989


SUNRISE AND SUNSET
DECEMBER 22 2014......SUNRISE   729 AM CST   SUNSET   434 PM CST
DECEMBER 23 2014......SUNRISE   730 AM CST   SUNSET   434 PM CST


-  INDICATES NEGATIVE NUMBERS.
R  INDICATES RECORD WAS SET OR TIED.
MM INDICATES DATA IS MISSING.
T  INDICATES TRACE AMOUNT.




$$
