000
CDUS43 KDVN 192123
CLIDBQ


CLIMATE REPORT
NATIONAL WEATHER SERVICE QUAD CITIES IA IL
423 PM CDT THU OCT 19 2017


...................................

...THE DUBUQUE IA CLIMATE SUMMARY FOR OCTOBER 19 2017...
VALID TODAY AS OF 0400 PM LOCAL TIME.

CLIMATE NORMAL PERIOD 1981 TO 2010
CLIMATE RECORD PERIOD 1873 TO 2017


WEATHER ITEM   OBSERVED TIME   RECORD YEAR NORMAL DEPARTURE LAST
                VALUE   (LST)  VALUE       VALUE  FROM      YEAR
                                                  NORMAL
..................................................................
TEMPERATURE (F)
 TODAY
  MAXIMUM         70    227 PM  83    1953  59     11       69
  MINIMUM         42    641 AM  18    1972  39      3       45
  AVERAGE         56                        49      7       57

PRECIPITATION (IN)
  TODAY            0.00          1.71 1937   0.09  -0.09     0.00
  MONTH TO DATE    6.04                      1.63   4.41     1.42
  SINCE SEP 1      7.06                      5.09   1.97     6.59
  SINCE JAN 1     34.48                     31.07   3.41    35.75

SNOWFALL (IN)
  TODAY            0.0          MM      MM   0.0    0.0      0.0
  MONTH TO DATE    0.0                       0.0    0.0      0.0
  SINCE SEP 1      0.0                       0.0    0.0      0.0
  SINCE JUL 1      0.0                       0.0    0.0      0.0
  SNOW DEPTH       0

DEGREE DAYS
 HEATING
  TODAY            9                        16     -7        8
  MONTH TO DATE  134                       250   -116      129
  SINCE SEP 1    223                       401   -178      180
  SINCE JUL 1    249                       428   -179      187

 COOLING
  TODAY            0                         0      0        0
  MONTH TO DATE    9                         4      5       14
  SINCE SEP 1    111                        65     46      101
  SINCE JAN 1    566                       641    -75      781
..................................................................


WIND (MPH)
  HIGHEST WIND SPEED    12   HIGHEST WIND DIRECTION     S (180)
  HIGHEST GUST SPEED    15   HIGHEST GUST DIRECTION     S (180)
  AVERAGE WIND SPEED     6.3


SKY COVER
  POSSIBLE SUNSHINE  MM
  AVERAGE SKY COVER 0.0


WEATHER CONDITIONS
 THE FOLLOWING WEATHER WAS RECORDED TODAY.
  NO SIGNIFICANT WEATHER WAS OBSERVED.


RELATIVE HUMIDITY (PERCENT)
 HIGHEST    86          1200 AM
 LOWEST     26          1100 AM
 AVERAGE    56

..........................................................


THE DUBUQUE IA CLIMATE NORMALS FOR TOMORROW
                         NORMAL    RECORD    YEAR
 MAXIMUM TEMPERATURE (F)   58        82      1953
 MINIMUM TEMPERATURE (F)   39        22      1972
                                             1952
                                             1930


SUNRISE AND SUNSET
OCTOBER 19 2017.......SUNRISE   721 AM CDT   SUNSET   614 PM CDT
OCTOBER 20 2017.......SUNRISE   722 AM CDT   SUNSET   612 PM CDT


-  INDICATES NEGATIVE NUMBERS.
R  INDICATES RECORD WAS SET OR TIED.
MM INDICATES DATA IS MISSING.
T  INDICATES TRACE AMOUNT.




$$
