000
CDUS43 KDVN 282122
CLIDBQ


CLIMATE REPORT
NATIONAL WEATHER SERVICE QUAD CITIES IA IL
420 PM CDT FRI APR 28 2017


...................................

...THE DUBUQUE IA CLIMATE SUMMARY FOR APRIL 28 2017...
VALID TODAY AS OF 0400 PM LOCAL TIME.

CLIMATE NORMAL PERIOD 1981 TO 2010
CLIMATE RECORD PERIOD 1873 TO 2017


WEATHER ITEM   OBSERVED TIME   RECORD YEAR NORMAL DEPARTURE LAST
                VALUE   (LST)  VALUE       VALUE  FROM      YEAR
                                                  NORMAL
..................................................................
TEMPERATURE (F)
 TODAY
  MAXIMUM         44    259 PM  87    1915  63    -19       46
  MINIMUM         30R   437 AM  30    2008  42    -12       40
  AVERAGE         37                        53    -16       43

PRECIPITATION (IN)
  TODAY            0.01          2.60 1896   0.13  -0.12     0.11
  MONTH TO DATE    4.39                      3.38   1.01     1.83
  SINCE MAR 1      6.52                      5.79   0.73     4.85
  SINCE JAN 1     10.33                      8.40   1.93     5.93

SNOWFALL (IN)
  TODAY            0.0          MM      MM   0.1   -0.1      0.0
  MONTH TO DATE    T                         2.0   -2.0      0.5
  SINCE MAR 1      4.5                       8.3   -3.8      3.3
  SINCE JUL 1     27.1                      41.9  -14.8     34.8
  SNOW DEPTH       0

DEGREE DAYS
 HEATING
  TODAY           28                        12     16       22
  MONTH TO DATE  383                       486   -103      476
  SINCE MAR 1   1272                      1404   -132     1221
  SINCE JUL 1   5753                      6797  -1044     5698

 COOLING
  TODAY            0                         0      0        0
  MONTH TO DATE    5                         0      5        3
  SINCE MAR 1      5                         0      5        3
  SINCE JAN 1      5                         0      5        3
..................................................................


WIND (MPH)
  HIGHEST WIND SPEED    17   HIGHEST WIND DIRECTION    NE (40)
  HIGHEST GUST SPEED    20   HIGHEST GUST DIRECTION    NE (30)
  AVERAGE WIND SPEED     7.0


SKY COVER
  POSSIBLE SUNSHINE  MM
  AVERAGE SKY COVER 0.5


WEATHER CONDITIONS
 THE FOLLOWING WEATHER WAS RECORDED TODAY.
  LIGHT RAIN
  FOG


RELATIVE HUMIDITY (PERCENT)
 HIGHEST    92          1200 AM
 LOWEST     65          1000 AM
 AVERAGE    79

..........................................................


THE DUBUQUE IA CLIMATE NORMALS FOR TOMORROW
                         NORMAL    RECORD    YEAR
 MAXIMUM TEMPERATURE (F)   64        89      1952
 MINIMUM TEMPERATURE (F)   43        23      1958


SUNRISE AND SUNSET
APRIL 28 2017.........SUNRISE   602 AM CDT   SUNSET   759 PM CDT
APRIL 29 2017.........SUNRISE   600 AM CDT   SUNSET   801 PM CDT


-  INDICATES NEGATIVE NUMBERS.
R  INDICATES RECORD WAS SET OR TIED.
MM INDICATES DATA IS MISSING.
T  INDICATES TRACE AMOUNT.




$$
