000
CDUS43 KDVN 150904
CLIDBQ


CLIMATE REPORT
NATIONAL WEATHER SERVICE QUAD CITIES IA IL
403 AM CDT MON SEP 15 2014


...................................

...THE DUBUQUE IA CLIMATE SUMMARY FOR SEPTEMBER 14 2014...

CLIMATE NORMAL PERIOD 1981 TO 2010
CLIMATE RECORD PERIOD 1873 TO 2014


WEATHER ITEM   OBSERVED TIME   RECORD YEAR NORMAL DEPARTURE LAST
                VALUE   (LST)  VALUE       VALUE  FROM      YEAR
                                                  NORMAL
..................................................................
TEMPERATURE (F)
 YESTERDAY
  MAXIMUM         64    422 PM  97    1939  73     -9       71
  MINIMUM         39    227 AM  34    1974  52    -13       41
  AVERAGE         52                        63    -11       56

PRECIPITATION (IN)
  YESTERDAY        0.00          8.85 1967   0.12  -0.12     0.00
  MONTH TO DATE    2.00                      1.65   0.35     0.09
  SINCE SEP 1      2.00                      1.65   0.35     0.09
  SINCE JAN 1     32.15                     27.63   4.52    30.78

SNOWFALL (IN)
  YESTERDAY        0.0          MM      MM   0.0    0.0      0.0
  MONTH TO DATE    0.0                       0.0    0.0      0.0
  SINCE SEP 1      0.0                       0.0    0.0      0.0
  SINCE JUL 1      0.0                       0.0    0.0      0.0
  SNOW DEPTH       0

DEGREE DAYS
 HEATING
  YESTERDAY       13                         4      9        9
  MONTH TO DATE   79                        39     40       23
  SINCE SEP 1     79                        39     40       23
  SINCE JUL 1    108                        66     42       55

 COOLING
  YESTERDAY        0                         2     -2        0
  MONTH TO DATE   28                        41    -13       78
  SINCE SEP 1     28                        41    -13       78
  SINCE JAN 1    510                       617   -107      614
..................................................................


WIND (MPH)
  HIGHEST WIND SPEED    17   HIGHEST WIND DIRECTION     W (250)
  HIGHEST GUST SPEED    23   HIGHEST GUST DIRECTION    SW (220)
  AVERAGE WIND SPEED     7.5


SKY COVER
  POSSIBLE SUNSHINE  MM
  AVERAGE SKY COVER 0.2


WEATHER CONDITIONS
 THE FOLLOWING WEATHER WAS RECORDED YESTERDAY.
  NO SIGNIFICANT WEATHER WAS OBSERVED.


RELATIVE HUMIDITY (PERCENT)
 HIGHEST    93           800 AM
 LOWEST     55          1100 AM
 AVERAGE    74

..........................................................


THE DUBUQUE IA CLIMATE NORMALS FOR TODAY
                         NORMAL    RECORD    YEAR
 MAXIMUM TEMPERATURE (F)   73        97      1939
 MINIMUM TEMPERATURE (F)   52        32      2007


SUNRISE AND SUNSET
SEPTEMBER 15 2014.....SUNRISE   643 AM CDT   SUNSET   712 PM CDT
SEPTEMBER 16 2014.....SUNRISE   644 AM CDT   SUNSET   711 PM CDT


-  INDICATES NEGATIVE NUMBERS.
R  INDICATES RECORD WAS SET OR TIED.
MM INDICATES DATA IS MISSING.
T  INDICATES TRACE AMOUNT.




$$
