000
CDUS43 KDVN 232124
CLIDBQ


CLIMATE REPORT
NATIONAL WEATHER SERVICE QUAD CITIES IA IL
421 PM CDT SAT MAY 23 2015


...................................

...THE DUBUQUE IA CLIMATE SUMMARY FOR MAY 23 2015...
VALID TODAY AS OF 0400 PM LOCAL TIME.

CLIMATE NORMAL PERIOD 1981 TO 2010
CLIMATE RECORD PERIOD 1873 TO 2015


WEATHER ITEM   OBSERVED TIME   RECORD YEAR NORMAL DEPARTURE LAST
                VALUE   (LST)  VALUE       VALUE  FROM      YEAR
                                                  NORMAL
..................................................................
TEMPERATURE (F)
 TODAY
  MAXIMUM         76    218 PM  91    1921  71      5       73
  MINIMUM         54    610 AM  31    1963  51      3       48
  AVERAGE         65                        61      4       61

PRECIPITATION (IN)
  TODAY            0.00          1.70 1902   0.14  -0.14     0.00
  MONTH TO DATE    3.08                      3.09  -0.01     2.22
  SINCE MAR 1      5.78                      9.16  -3.38     9.35
  SINCE JAN 1      8.07                     11.77  -3.70    11.83

SNOWFALL (IN)
  TODAY            0.0          MM      MM   0.0    0.0      0.0
  MONTH TO DATE    0.0                       0.1   -0.1       T
  SINCE MAR 1      4.1                       8.4   -4.3     11.6
  SINCE JUL 1     33.7                      42.0   -8.3     63.3
  SNOW DEPTH       0

DEGREE DAYS
 HEATING
  TODAY            0                         6     -6        4
  MONTH TO DATE  161                       190    -29      222
  SINCE MAR 1   1516                      1618   -102     1946
  SINCE JUL 1   7364                      7011    353     8322

 COOLING
  TODAY            0                         2     -2        0
  MONTH TO DATE   19                        16      3       18
  SINCE MAR 1     19                        21     -2       18
  SINCE JAN 1     19                        21     -2       18
..................................................................


WIND (MPH)
  HIGHEST WIND SPEED    16   HIGHEST WIND DIRECTION    SW (220)
  HIGHEST GUST SPEED    21   HIGHEST GUST DIRECTION    SW (210)
  AVERAGE WIND SPEED     8.9


SKY COVER
  POSSIBLE SUNSHINE  MM
  AVERAGE SKY COVER 0.1


WEATHER CONDITIONS
 THE FOLLOWING WEATHER WAS RECORDED TODAY.
  NO SIGNIFICANT WEATHER WAS OBSERVED.


RELATIVE HUMIDITY (PERCENT)
 HIGHEST    59           400 AM
 LOWEST     35           300 PM
 AVERAGE    47

..........................................................


THE DUBUQUE IA CLIMATE NORMALS FOR TOMORROW
                         NORMAL    RECORD    YEAR
 MAXIMUM TEMPERATURE (F)   72        92      1880
 MINIMUM TEMPERATURE (F)   51        35      1925


SUNRISE AND SUNSET
MAY 23 2015...........SUNRISE   534 AM CDT   SUNSET   825 PM CDT
MAY 24 2015...........SUNRISE   533 AM CDT   SUNSET   826 PM CDT


-  INDICATES NEGATIVE NUMBERS.
R  INDICATES RECORD WAS SET OR TIED.
MM INDICATES DATA IS MISSING.
T  INDICATES TRACE AMOUNT.




$$
