000
CDUS43 KDVN 300920
CLIDBQ


CLIMATE REPORT
NATIONAL WEATHER SERVICE QUAD CITIES IA IL
419 AM CDT SAT AUG 30 2014


...................................

...THE DUBUQUE IA CLIMATE SUMMARY FOR AUGUST 29 2014...

CLIMATE NORMAL PERIOD 1981 TO 2010
CLIMATE RECORD PERIOD 1873 TO 2014


WEATHER ITEM   OBSERVED TIME   RECORD YEAR NORMAL DEPARTURE LAST
                VALUE   (LST)  VALUE       VALUE  FROM      YEAR
                                                  NORMAL
..................................................................
TEMPERATURE (F)
 YESTERDAY
  MAXIMUM         85    336 PM  99    1984  78      7       85
  MINIMUM         66    138 AM  43    1986  58      8       68
                                      1934
  AVERAGE         76                        68      8       77

PRECIPITATION (IN)
  YESTERDAY        0.07          1.36 1993   0.13  -0.06     0.00
  MONTH TO DATE    3.08                      4.12  -1.04     2.72
  SINCE JUN 1     17.73                     12.83   4.90     8.85
  SINCE JAN 1     30.11                     25.70   4.41    30.43

SNOWFALL (IN)
  YESTERDAY        0.0          MM      MM   0.0    0.0      0.0
  MONTH TO DATE    0.0                       0.0    0.0      0.0
  SINCE JUN 1      0.0                       0.0    0.0      0.0
  SINCE JUL 1      0.0                       0.0    0.0      0.0
  SNOW DEPTH       0

DEGREE DAYS
 HEATING
  YESTERDAY        0                         1     -1        0
  MONTH TO DATE    2                        14    -12       10
  SINCE JUN 1     39                        62    -23       71
  SINCE JUL 1     29                        22      7       32

 COOLING
  YESTERDAY       11                         4      7       12
  MONTH TO DATE  158                       168    -10      158
  SINCE JUN 1    414                       531   -117      465
  SINCE JAN 1    468                       568   -100      510
..................................................................


WIND (MPH)
  HIGHEST WIND SPEED    18   HIGHEST WIND DIRECTION     S (180)
  HIGHEST GUST SPEED    23   HIGHEST GUST DIRECTION     S (180)
  AVERAGE WIND SPEED    11.5


SKY COVER
  POSSIBLE SUNSHINE  MM
  AVERAGE SKY COVER 0.5


WEATHER CONDITIONS
 THE FOLLOWING WEATHER WAS RECORDED YESTERDAY.
  THUNDERSTORM
  LIGHT RAIN
  FOG


RELATIVE HUMIDITY (PERCENT)
 HIGHEST   100           200 AM
 LOWEST     61           300 PM
 AVERAGE    81

..........................................................


THE DUBUQUE IA CLIMATE NORMALS FOR TODAY
                         NORMAL    RECORD    YEAR
 MAXIMUM TEMPERATURE (F)   78        94      1941
                                             1937
                                             1889
 MINIMUM TEMPERATURE (F)   58        40      1915


SUNRISE AND SUNSET
AUGUST 30 2014........SUNRISE   626 AM CDT   SUNSET   740 PM CDT
AUGUST 31 2014........SUNRISE   627 AM CDT   SUNSET   738 PM CDT


-  INDICATES NEGATIVE NUMBERS.
R  INDICATES RECORD WAS SET OR TIED.
MM INDICATES DATA IS MISSING.
T  INDICATES TRACE AMOUNT.




$$
