000
CDUS43 KDVN 232223
CLIDBQ


CLIMATE REPORT
NATIONAL WEATHER SERVICE QUAD CITIES IA IL
422 PM CST FRI FEB 23 2018


...................................

...THE DUBUQUE IA CLIMATE SUMMARY FOR FEBRUARY 23 2018...
VALID TODAY AS OF 0400 PM LOCAL TIME.

CLIMATE NORMAL PERIOD 1981 TO 2010
CLIMATE RECORD PERIOD 1873 TO 2018


WEATHER ITEM   OBSERVED TIME   RECORD YEAR NORMAL DEPARTURE LAST
                VALUE   (LST)  VALUE       VALUE  FROM      YEAR
                                                  NORMAL
..................................................................
TEMPERATURE (F)
 TODAY
  MAXIMUM         35   1144 AM  60    1933  34      1       48
                                      1930
  MINIMUM         31    359 PM -16    1889  19     12       34
  AVERAGE         33                        26      7       41

PRECIPITATION (IN)
  TODAY            0.12          0.90 1977   0.06   0.06     0.25
  MONTH TO DATE    2.51                      1.14   1.37     1.50
  SINCE DEC 1      4.41                      4.15   0.26     5.05
  SINCE JAN 1      3.70                      2.31   1.39     3.51

SNOWFALL (IN)
  TODAY            0.0          MM      MM   0.3   -0.3      0.0
  MONTH TO DATE   12.8                       7.7    5.1       T
  SINCE DEC 1     22.0                      29.5   -7.5     21.2
  SINCE JUL 1     22.0                      32.3  -10.3     21.2
  SNOW DEPTH       T

DEGREE DAYS
 HEATING
  TODAY           32                        39     -7       24
  MONTH TO DATE 1072                       969    103      709
  SINCE DEC 1   3799                      3706     93     3334
  SINCE JUL 1   5164                      5206    -42     4326

 COOLING
  TODAY            0                         0      0        0
  MONTH TO DATE    0                         0      0        0
  SINCE DEC 1      0                         0      0        0
  SINCE JAN 1      0                         0      0        0
..................................................................


WIND (MPH)
  HIGHEST WIND SPEED    21   HIGHEST WIND DIRECTION     W (250)
  HIGHEST GUST SPEED    27   HIGHEST GUST DIRECTION     W (250)
  AVERAGE WIND SPEED    13.5


SKY COVER
  POSSIBLE SUNSHINE  MM
  AVERAGE SKY COVER 1.0


WEATHER CONDITIONS
 THE FOLLOWING WEATHER WAS RECORDED TODAY.
  LIGHT RAIN
  FOG
  FOG W/VISIBILITY <= 1/4 MILE


RELATIVE HUMIDITY (PERCENT)
 HIGHEST   100           400 AM
 LOWEST     72           200 PM
 AVERAGE    86

..........................................................


THE DUBUQUE IA CLIMATE NORMALS FOR TOMORROW
                         NORMAL    RECORD    YEAR
 MAXIMUM TEMPERATURE (F)   35        65      1930
 MINIMUM TEMPERATURE (F)   19       -16      1993


SUNRISE AND SUNSET
FEBRUARY 23 2018......SUNRISE   648 AM CST   SUNSET   545 PM CST
FEBRUARY 24 2018......SUNRISE   646 AM CST   SUNSET   547 PM CST


-  INDICATES NEGATIVE NUMBERS.
R  INDICATES RECORD WAS SET OR TIED.
MM INDICATES DATA IS MISSING.
T  INDICATES TRACE AMOUNT.




$$
