000
CDUS43 KDVN 062231
CLIDBQ


CLIMATE REPORT
NATIONAL WEATHER SERVICE QUAD CITIES IA IL
431 PM CST FRI MAR 6 2015


...................................

...THE DUBUQUE IA CLIMATE SUMMARY FOR MARCH 6 2015...
VALID TODAY AS OF 0400 PM LOCAL TIME.

CLIMATE NORMAL PERIOD 1981 TO 2010
CLIMATE RECORD PERIOD 1873 TO 2015


WEATHER ITEM   OBSERVED TIME   RECORD YEAR NORMAL DEPARTURE LAST
                VALUE   (LST)  VALUE       VALUE  FROM      YEAR
                                                  NORMAL
..................................................................
TEMPERATURE (F)
 TODAY
  MAXIMUM         31    359 PM  69    2000  39     -8       24
  MINIMUM         -6   1254 AM -11    1890  23    -29        8
  AVERAGE         13                        31    -18       16

PRECIPITATION (IN)
  TODAY            0.00          0.87 1973   0.07  -0.07     0.00
  MONTH TO DATE    0.18                      0.40  -0.22     0.52
  SINCE MAR 1      0.18                      0.40  -0.22     0.52
  SINCE JAN 1      2.47                      3.01  -0.54     3.00

SNOWFALL (IN)
  TODAY            0.0          MM      MM   0.3   -0.3      0.0
  MONTH TO DATE    1.1                       1.5   -0.4      8.2
  SINCE MAR 1      1.1                       1.5   -0.4      8.2
  SINCE JUL 1     30.7                      35.1   -4.4     59.9
  SNOW DEPTH       5

DEGREE DAYS
 HEATING
  TODAY           52                        34     18       49
  MONTH TO DATE  277                       210     67      336
  SINCE MAR 1    277                       210     67      336
  SINCE JUL 1   6125                      5603    522     6712

 COOLING
  TODAY            0                         0      0        0
  MONTH TO DATE    0                         0      0        0
  SINCE MAR 1      0                         0      0        0
  SINCE JAN 1      0                         0      0        0
..................................................................


WIND (MPH)
  HIGHEST WIND SPEED    22   HIGHEST WIND DIRECTION     S (200)
  HIGHEST GUST SPEED    24   HIGHEST GUST DIRECTION     S (200)
  AVERAGE WIND SPEED    14.4


SKY COVER
  POSSIBLE SUNSHINE  MM
  AVERAGE SKY COVER 0.2


WEATHER CONDITIONS
 THE FOLLOWING WEATHER WAS RECORDED TODAY.
  NO SIGNIFICANT WEATHER WAS OBSERVED.


RELATIVE HUMIDITY (PERCENT)
 HIGHEST    82          1200 AM
 LOWEST     63           400 PM
 AVERAGE    73

..........................................................


THE DUBUQUE IA CLIMATE NORMALS FOR TOMORROW
                         NORMAL    RECORD    YEAR
 MAXIMUM TEMPERATURE (F)   40        77      2000
 MINIMUM TEMPERATURE (F)   23        -4      1899


SUNRISE AND SUNSET
MARCH  6 2015.........SUNRISE   630 AM CST   SUNSET   558 PM CST
MARCH  7 2015.........SUNRISE   629 AM CST   SUNSET   600 PM CST


-  INDICATES NEGATIVE NUMBERS.
R  INDICATES RECORD WAS SET OR TIED.
MM INDICATES DATA IS MISSING.
T  INDICATES TRACE AMOUNT.




$$
