000
CDUS43 KDVN 250912
CLIDBQ


CLIMATE REPORT
NATIONAL WEATHER SERVICE QUAD CITIES IA IL
411 AM CDT SAT MAR 25 2017


...................................

...THE DUBUQUE IA CLIMATE SUMMARY FOR MARCH 24 2017...

CLIMATE NORMAL PERIOD 1981 TO 2010
CLIMATE RECORD PERIOD 1873 TO 2017


WEATHER ITEM   OBSERVED TIME   RECORD YEAR NORMAL DEPARTURE LAST
                VALUE   (LST)  VALUE       VALUE  FROM      YEAR
                                                  NORMAL
..................................................................
TEMPERATURE (F)
 YESTERDAY
  MAXIMUM         73   1228 PM  80    1939  48     25       33
  MINIMUM         39   1159 PM  -3    1974  30      9       27
  AVERAGE         56                        39     17       30

PRECIPITATION (IN)
  YESTERDAY        0.14          1.16 2004   0.08   0.06     0.17
  MONTH TO DATE    0.92                      1.75  -0.83     2.67
  SINCE MAR 1      0.92                      1.75  -0.83     2.67
  SINCE JAN 1      4.73                      4.36   0.37     3.75

SNOWFALL (IN)
  YESTERDAY        0.0          MM      MM   0.1   -0.1      0.1
  MONTH TO DATE    4.5                       5.2   -0.7      2.8
  SINCE MAR 1      4.5                       5.2   -0.7      2.8
  SINCE JUL 1     27.1                      38.8  -11.7     34.3
  SNOW DEPTH       0

DEGREE DAYS
 HEATING
  YESTERDAY        9                        26    -17       35
  MONTH TO DATE  726                       747    -21      599
  SINCE MAR 1    726                       747    -21      599
  SINCE JUL 1   5207                      6140   -933     5076

 COOLING
  YESTERDAY        0                         0      0        0
  MONTH TO DATE    0                         0      0        0
  SINCE MAR 1      0                         0      0        0
  SINCE JAN 1      0                         0      0        0
..................................................................


WIND (MPH)
  HIGHEST WIND SPEED    24   HIGHEST WIND DIRECTION     W (250)
  HIGHEST GUST SPEED    30   HIGHEST GUST DIRECTION    SW (220)
  AVERAGE WIND SPEED    13.5


SKY COVER
  POSSIBLE SUNSHINE  MM
  AVERAGE SKY COVER 0.5


WEATHER CONDITIONS
 THE FOLLOWING WEATHER WAS RECORDED YESTERDAY.
  RAIN
  LIGHT RAIN
  FOG


RELATIVE HUMIDITY (PERCENT)
 HIGHEST   100          1100 PM
 LOWEST     44           100 PM
 AVERAGE    72

..........................................................


THE DUBUQUE IA CLIMATE NORMALS FOR TODAY
                         NORMAL    RECORD    YEAR
 MAXIMUM TEMPERATURE (F)   49        80      1907
 MINIMUM TEMPERATURE (F)   30         4      1960


SUNRISE AND SUNSET
MARCH 25 2017.........SUNRISE   657 AM CDT   SUNSET   721 PM CDT
MARCH 26 2017.........SUNRISE   655 AM CDT   SUNSET   722 PM CDT


-  INDICATES NEGATIVE NUMBERS.
R  INDICATES RECORD WAS SET OR TIED.
MM INDICATES DATA IS MISSING.
T  INDICATES TRACE AMOUNT.




$$
