000
CDUS43 KDVN 272130
CLIDBQ


CLIMATE REPORT
NATIONAL WEATHER SERVICE QUAD CITIES IA IL
429 PM CDT SAT AUG 27 2016


...................................

...THE DUBUQUE IA CLIMATE SUMMARY FOR AUGUST 27 2016...
VALID TODAY AS OF 0400 PM LOCAL TIME.

CLIMATE NORMAL PERIOD 1981 TO 2010
CLIMATE RECORD PERIOD 1873 TO 2016


WEATHER ITEM   OBSERVED TIME   RECORD YEAR NORMAL DEPARTURE LAST
                VALUE   (LST)  VALUE       VALUE  FROM      YEAR
                                                  NORMAL
..................................................................
TEMPERATURE (F)
 TODAY
  MAXIMUM         76    259 PM  94    1895  79     -3       73
                                      1886
  MINIMUM         63    604 AM  43    1915  59      4       54
  AVERAGE         70                        69      1       64

PRECIPITATION (IN)
  TODAY            0.54          1.77 2009   0.13   0.41     0.00
  MONTH TO DATE    3.75                      3.85  -0.10     1.31
  SINCE JUN 1     18.21                     12.56   5.65    10.85
  SINCE JAN 1     29.16                     25.43   3.73    21.62

SNOWFALL (IN)
  TODAY            0.0          MM      MM   0.0    0.0      0.0
  MONTH TO DATE    0.0                       0.0    0.0      0.0
  SINCE JUN 1      0.0                       0.0    0.0       T
  SINCE JUL 1      0.0                       0.0    0.0      0.0
  SNOW DEPTH       0

DEGREE DAYS
 HEATING
  TODAY            0                         1     -1        1
  MONTH TO DATE    2                        12    -10       17
  SINCE JUN 1     20                        60    -40       53
  SINCE JUL 1      7                        20    -13       30

 COOLING
  TODAY            5                         5      0        0
  MONTH TO DATE  197                       160     37      138
  SINCE JUN 1    596                       523     73      450
  SINCE JAN 1    647                       560     87      486
..................................................................


WIND (MPH)
  HIGHEST WIND SPEED    14   HIGHEST WIND DIRECTION    NE (30)
  HIGHEST GUST SPEED    16   HIGHEST GUST DIRECTION    NE (30)
  AVERAGE WIND SPEED     6.4


SKY COVER
  POSSIBLE SUNSHINE  MM
  AVERAGE SKY COVER 0.5


WEATHER CONDITIONS
 THE FOLLOWING WEATHER WAS RECORDED TODAY.
  HEAVY RAIN
  RAIN
  LIGHT RAIN
  FOG
  FOG W/VISIBILITY <= 1/4 MILE


RELATIVE HUMIDITY (PERCENT)
 HIGHEST   100           600 AM
 LOWEST     82           200 PM
 AVERAGE    91

..........................................................


THE DUBUQUE IA CLIMATE NORMALS FOR TOMORROW
                         NORMAL    RECORD    YEAR
 MAXIMUM TEMPERATURE (F)   78        97      1984
 MINIMUM TEMPERATURE (F)   59        40      1986


SUNRISE AND SUNSET
AUGUST 27 2016........SUNRISE   623 AM CDT   SUNSET   744 PM CDT
AUGUST 28 2016........SUNRISE   624 AM CDT   SUNSET   743 PM CDT


-  INDICATES NEGATIVE NUMBERS.
R  INDICATES RECORD WAS SET OR TIED.
MM INDICATES DATA IS MISSING.
T  INDICATES TRACE AMOUNT.




$$
