000
CDUS43 KDVN 300945
CLIDBQ


CLIMATE REPORT
NATIONAL WEATHER SERVICE QUAD CITIES IA IL
445 AM CDT TUE SEP 30 2014


...................................

...THE DUBUQUE IA CLIMATE SUMMARY FOR SEPTEMBER 29 2014...

CLIMATE NORMAL PERIOD 1981 TO 2010
CLIMATE RECORD PERIOD 1873 TO 2014


WEATHER ITEM   OBSERVED TIME   RECORD YEAR NORMAL DEPARTURE LAST
                VALUE   (LST)  VALUE       VALUE  FROM      YEAR
                                                  NORMAL
..................................................................
TEMPERATURE (F)
 YESTERDAY
  MAXIMUM         82    238 PM  93    1953  67     15       68
  MINIMUM         52   1159 PM  28    1984  46      6       41
  AVERAGE         67                        56     11       55

PRECIPITATION (IN)
  YESTERDAY        0.00          2.18 1878   0.09  -0.09     0.00
  MONTH TO DATE    2.14                      3.36  -1.22     2.37
  SINCE SEP 1      2.14                      3.36  -1.22     2.37
  SINCE JAN 1     32.29                     29.34   2.95    33.06

SNOWFALL (IN)
  YESTERDAY        0.0          MM      MM   0.0    0.0      0.0
  MONTH TO DATE    0.0                       0.0    0.0      0.0
  SINCE SEP 1      0.0                       0.0    0.0      0.0
  SINCE JUL 1      0.0                       0.0    0.0      0.0
  SNOW DEPTH       0

DEGREE DAYS
 HEATING
  YESTERDAY        0                         9     -9       10
  MONTH TO DATE  158                       142     16      100
  SINCE SEP 1    158                       142     16      100
  SINCE JUL 1    187                       169     18      132

 COOLING
  YESTERDAY        2                         1      1        0
  MONTH TO DATE   44                        61    -17       96
  SINCE SEP 1     44                        61    -17       96
  SINCE JAN 1    526                       637   -111      632
..................................................................


WIND (MPH)
  HIGHEST WIND SPEED    23   HIGHEST WIND DIRECTION    NE (30)
  HIGHEST GUST SPEED    29   HIGHEST GUST DIRECTION     N (20)
  AVERAGE WIND SPEED     8.3


SKY COVER
  POSSIBLE SUNSHINE  MM
  AVERAGE SKY COVER  MM


WEATHER CONDITIONS
 THE FOLLOWING WEATHER WAS RECORDED YESTERDAY.
  FOG
  HAZE


RELATIVE HUMIDITY (PERCENT)
 HIGHEST    MM
 LOWEST     MM
 AVERAGE    MM

..........................................................


THE DUBUQUE IA CLIMATE NORMALS FOR TODAY
                         NORMAL    RECORD    YEAR
 MAXIMUM TEMPERATURE (F)   67        89      1897
 MINIMUM TEMPERATURE (F)   45        24      1899


SUNRISE AND SUNSET
SEPTEMBER 30 2014.....SUNRISE   659 AM CDT   SUNSET   646 PM CDT
OCTOBER  1 2014.......SUNRISE   700 AM CDT   SUNSET   644 PM CDT


-  INDICATES NEGATIVE NUMBERS.
R  INDICATES RECORD WAS SET OR TIED.
MM INDICATES DATA IS MISSING.
T  INDICATES TRACE AMOUNT.




$$
