000
CDUS41 KLWX 240524
CLIDCA


CLIMATE REPORT
NATIONAL WEATHER SERVICE BALTIMORE MD/WASHINGTON DC
124 AM EDT TUE MAY 24 2016


...................................

...THE WASHINGTON NATIONAL DC CLIMATE SUMMARY FOR MAY 23 2016...

CLIMATE NORMAL PERIOD 1981 TO 2010
CLIMATE RECORD PERIOD 1871 TO 2016


WEATHER ITEM   OBSERVED TIME   RECORD YEAR NORMAL DEPARTURE LAST
                VALUE   (LST)  VALUE       VALUE  FROM      YEAR
                                                  NORMAL
..................................................................
TEMPERATURE (F)
 YESTERDAY
  MAXIMUM         75    216 PM  97    1925  77     -2       75
  MINIMUM         57    517 AM  45    1961  59     -2       54
                                      1929
                                      1924
  AVERAGE         66                        68     -2       65

PRECIPITATION (IN)
  YESTERDAY        0.18          2.34 1913   0.14   0.04     0.00
  MONTH TO DATE    5.22                      2.94   2.28     1.91
  SINCE MAR 1      8.43                      9.48  -1.05     9.36
  SINCE JAN 1     14.90                     14.91  -0.01    14.77

SNOWFALL (IN)
  YESTERDAY        0.0          MM      MM   0.0    0.0
  MONTH TO DATE    T                         0.0    0.0
  SINCE JUL 1     22.2                      15.4    6.8
  SNOW DEPTH       0

DEGREE DAYS
 HEATING
  YESTERDAY        0                         2     -2        0
  MONTH TO DATE  119                        70     49       16
  SINCE MAR 1    739                       908   -169      800
  SINCE JUL 1   3340                      4016   -676     3924

 COOLING
  YESTERDAY        1                         5     -4        0
  MONTH TO DATE    7                        63    -56      162
  SINCE MAR 1     43                        89    -46      182
  SINCE JAN 1     43                        89    -46      182
..................................................................


WIND (MPH)
  HIGHEST WIND SPEED    24   HIGHEST WIND DIRECTION    NE (40)
  HIGHEST GUST SPEED    28   HIGHEST GUST DIRECTION    NE (30)
  AVERAGE WIND SPEED     6.9


SKY COVER
  POSSIBLE SUNSHINE  MM
  AVERAGE SKY COVER 0.8


WEATHER CONDITIONS
 THE FOLLOWING WEATHER WAS RECORDED YESTERDAY.
  THUNDERSTORM
  LIGHT RAIN
  FOG


RELATIVE HUMIDITY (PERCENT)
 HIGHEST    93           300 AM
 LOWEST     53          1200 PM
 AVERAGE    73

..........................................................


THE WASHINGTON NATIONAL DC CLIMATE NORMALS FOR TODAY
                         NORMAL    RECORD    YEAR
 MAXIMUM TEMPERATURE (F)   78        92      1964
                                             1884
 MINIMUM TEMPERATURE (F)   59        41      1905


SUNRISE AND SUNSET
MAY 24 2016...........SUNRISE   549 AM EDT   SUNSET   822 PM EDT
MAY 25 2016...........SUNRISE   548 AM EDT   SUNSET   823 PM EDT


-  INDICATES NEGATIVE NUMBERS.
R  INDICATES RECORD WAS SET OR TIED.
MM INDICATES DATA IS MISSING.
T  INDICATES TRACE AMOUNT.




$$
