000
CDUS41 KLWX 242129
CLIDCA


CLIMATE REPORT
NATIONAL WEATHER SERVICE BALTIMORE MD/WASHINGTON DC
529 PM EDT FRI MAR 24 2017


...................................

...THE WASHINGTON NATIONAL DC CLIMATE SUMMARY FOR MARCH 24 2017...
VALID TODAY AS OF 0500 PM LOCAL TIME.

CLIMATE NORMAL PERIOD 1981 TO 2010
CLIMATE RECORD PERIOD 1871 TO 2017


WEATHER ITEM   OBSERVED TIME   RECORD YEAR NORMAL DEPARTURE
                VALUE   (LST)  VALUE       VALUE  FROM
                                                  NORMAL
...............................................................
TEMPERATURE (F)
 TODAY
  MAXIMUM         61    359 PM  85    1907  59      2
  MINIMUM         36    435 AM  17    1885  40     -4
  AVERAGE         49                        49      0

PRECIPITATION (IN)
  TODAY            0.13          1.45 1905   0.12   0.01
  MONTH TO DATE    2.20                      2.62  -0.42
  SINCE MAR 1      2.20                      2.62  -0.42
  SINCE JAN 1      5.63                      8.05  -2.42

SNOWFALL (IN)
  TODAY            0.0           1.9  1990   0.0    0.0
  MONTH TO DATE    2.0                       1.2    0.8
  SINCE JUL 1      3.4                      15.3  -11.9
  SNOW DEPTH       0

DEGREE DAYS
 HEATING
  TODAY           16                                0
  MONTH TO DATE  497                               31
  SINCE MAR 1    497                               31
  SINCE JUL 1   2873                             -701

 COOLING
  TODAY            0                                0
  MONTH TO DATE    3                                3
  SINCE MAR 1      3                                3
  SINCE JAN 1      4                                4
...............................................................


WIND (MPH)
  HIGHEST WIND SPEED    22   HIGHEST WIND DIRECTION     S (200)
  HIGHEST GUST SPEED    26   HIGHEST GUST DIRECTION    SW (210)
  AVERAGE WIND SPEED    13.7




RELATIVE HUMIDITY (PERCENT)
 HIGHEST    76
 LOWEST     39
 AVERAGE    58

..........................................................


THE WASHINGTON NATIONAL DC CLIMATE NORMALS FOR TOMORROW
                         NORMAL    RECORD    YEAR
 MAXIMUM TEMPERATURE (F)   59        84      1939
 MINIMUM TEMPERATURE (F)   40        19      1940
                                             1896


SUNRISE AND SUNSET
MARCH 24 2017.........SUNRISE   705 AM EDT   SUNSET   724 PM EDT
MARCH 25 2017.........SUNRISE   703 AM EDT   SUNSET   725 PM EDT


-  INDICATES NEGATIVE NUMBERS.
R  INDICATES RECORD WAS SET OR TIED.
MM INDICATES DATA IS MISSING.
T  INDICATES TRACE AMOUNT.




$$
