000
CDUS41 KALY 260625
CLIDDH


CLIMATE REPORT
NATIONAL WEATHER SERVICE ALBANY NY
124 AM EST SUN FEB 26 2017


...................................

...THE BENNINGTON VT CLIMATE SUMMARY FOR FEBRUARY 25 2017...

CLIMATE NORMAL PERIOD 1981 TO 2010
CLIMATE RECORD PERIOD 9999 TO 9999


WEATHER ITEM   OBSERVED TIME   NORMAL DEPARTURE LAST
                VALUE   (LST)  VALUE  FROM      YEAR
                                      NORMAL
......................................................
TEMPERATURE (F)
 YESTERDAY
  MAXIMUM         69   1255 PM  37     32       59
  MINIMUM         35   1143 PM  17     18       31
  AVERAGE         52            27     25       45

PRECIPITATION (IN)
  YESTERDAY        0.65          0.09   0.56     0.96
  MONTH TO DATE    1.92          1.96  -0.04     3.78
  SINCE DEC 1      5.72          7.50  -1.78     8.64
  SINCE JAN 1      3.63          4.71  -1.08     4.89

DEGREE DAYS
 HEATING
  YESTERDAY       13            38    -25       20
  MONTH TO DATE  855          1009   -154      900
  SINCE DEC 1   3079          3527   -448     2862
  SINCE JUL 1   4449          5140   -691     4205

 COOLING
  YESTERDAY        0             0      0        0
  MONTH TO DATE    0             0      0        0
  SINCE DEC 1      0             0      0        0
  SINCE JAN 1      0             0      0        0
......................................................


WIND (MPH)
  HIGHEST WIND SPEED    30   HIGHEST WIND DIRECTION    SE (150)
  HIGHEST GUST SPEED    43   HIGHEST GUST DIRECTION     S (170)
  AVERAGE WIND SPEED    11.9


SKY COVER
  AVERAGE SKY COVER 0.6



RELATIVE HUMIDITY (PERCENT)
 HIGHEST    92           800 PM
 LOWEST     47           100 PM
 AVERAGE    70

..........................................................


THE BENNINGTON VT CLIMATE NORMALS FOR TODAY
                         NORMAL
 MAXIMUM TEMPERATURE (F)   38
 MINIMUM TEMPERATURE (F)   18


SUNRISE AND SUNSET
FEBRUARY 26 2017......SUNRISE   633 AM EST   SUNSET   539 PM EST
FEBRUARY 27 2017......SUNRISE   632 AM EST   SUNSET   540 PM EST


-  INDICATES NEGATIVE NUMBERS.
R  INDICATES RECORD WAS SET OR TIED.
MM INDICATES DATA IS MISSING.
T  INDICATES TRACE AMOUNT.




$$
