000
CDUS41 KALY 252050
CLIDDH


CLIMATE REPORT
NATIONAL WEATHER SERVICE ALBANY NY
449 PM EDT MON MAY 25 2015


...................................

...THE BENNINGTON VT CLIMATE SUMMARY FOR MAY 25 2015...
VALID TODAY AS OF 0400 PM LOCAL TIME.

CLIMATE NORMAL PERIOD 1981 TO 2010
CLIMATE RECORD PERIOD 9999 TO 9999


WEATHER ITEM   OBSERVED TIME   NORMAL DEPARTURE LAST
                VALUE   (LST)  VALUE  FROM      YEAR
                                      NORMAL
......................................................
TEMPERATURE (F)
 TODAY
  MAXIMUM         84    312 PM  69     15       76
  MINIMUM         50    320 AM  46      4       46
  AVERAGE         67            58      9       61

PRECIPITATION (IN)
  TODAY            T             0.14  -0.14     0.00
  MONTH TO DATE    0.27          2.81  -2.54     1.70
  SINCE MAR 1      3.45          9.23  -5.78     6.31
  SINCE JAN 1      6.86         14.22  -7.36    12.17

DEGREE DAYS
 HEATING
  TODAY            0             8     -8        4
  MONTH TO DATE  155           274   -119      218
  SINCE MAR 1   1935          1846     89     1963
  SINCE JUL 1   7437          7097    340     7211

 COOLING
  TODAY            2             0      2        0
  MONTH TO DATE   35             0     35        9
  SINCE MAR 1     35             3     32       13
  SINCE JAN 1     35             3     32       13
......................................................


WIND (MPH)
  HIGHEST WIND SPEED     9   HIGHEST WIND DIRECTION     S (200)
  HIGHEST GUST SPEED    18   HIGHEST GUST DIRECTION     S (200)
  AVERAGE WIND SPEED     1.7


SKY COVER
  AVERAGE SKY COVER 0.5



RELATIVE HUMIDITY (PERCENT)
 HIGHEST    84
 LOWEST     40
 AVERAGE    62

..........................................................


THE BENNINGTON VT CLIMATE NORMALS FOR TOMORROW
                         NORMAL
 MAXIMUM TEMPERATURE (F)   70
 MINIMUM TEMPERATURE (F)   46


SUNRISE AND SUNSET
MAY 25 2015...........SUNRISE   521 AM EDT   SUNSET   819 PM EDT
MAY 26 2015...........SUNRISE   521 AM EDT   SUNSET   820 PM EDT


-  INDICATES NEGATIVE NUMBERS.
R  INDICATES RECORD WAS SET OR TIED.
MM INDICATES DATA IS MISSING.
T  INDICATES TRACE AMOUNT.




$$
