000
CDUS43 KILX 170630
CLIDEC


CLIMATE REPORT
NATIONAL WEATHER SERVICE LINCOLN IL
1230 AM CST FRI NOV 17 2017


...................................

...THE DECATUR IL AIRPORT CLIMATE SUMMARY FOR NOVEMBER 16 2017...

CLIMATE NORMAL PERIOD 1981 TO 2010
CLIMATE RECORD PERIOD 9999 TO 9999


WEATHER ITEM   OBSERVED TIME   RECORD YEAR NORMAL DEPARTURE LAST
                VALUE   (LST)  VALUE       VALUE  FROM      YEAR
                                                  NORMAL
..................................................................
TEMPERATURE (F)
 YESTERDAY
  MAXIMUM         42    207 PM  MM      MM  52    -10       66
  MINIMUM         29    725 AM  MM      MM  34     -5       42
  AVERAGE         36                        43     -7       54

PRECIPITATION (IN)
  YESTERDAY        0.00         MM      MM   0.12  -0.12     0.00
  MONTH TO DATE    0.14                      1.79  -1.65     0.97
  SINCE SEP 1      5.92                      7.96  -2.04     6.05
  SINCE JAN 1     32.09                     34.27  -2.18    28.97

DEGREE DAYS
 HEATING
  YESTERDAY       29                        22      7       11
  MONTH TO DATE  340                       302     38      208
  SINCE SEP 1    636                       714    -78      389
  SINCE JUL 1    637                       720    -83      394

 COOLING
  YESTERDAY        0                         0      0        0
  MONTH TO DATE    0                         0      0       13
  SINCE SEP 1    214                       130     84      299
  SINCE JAN 1   1120                      1048     72     1434
..................................................................


WIND (MPH)
  HIGHEST WIND SPEED    18   HIGHEST WIND DIRECTION    NW (320)
  HIGHEST GUST SPEED    25   HIGHEST GUST DIRECTION    NW (300)
  AVERAGE WIND SPEED     8.6


SKY COVER
  POSSIBLE SUNSHINE  MM
  AVERAGE SKY COVER 0.4


WEATHER CONDITIONS
 THE FOLLOWING WEATHER WAS RECORDED YESTERDAY.
  HAZE


RELATIVE HUMIDITY (PERCENT)
 HIGHEST    92           800 PM
 LOWEST     65           100 PM
 AVERAGE    79

..........................................................


THE DECATUR IL AIRPORT CLIMATE NORMALS FOR TODAY
                         NORMAL    RECORD    YEAR
 MAXIMUM TEMPERATURE (F)   51        MM        MM
 MINIMUM TEMPERATURE (F)   34        MM        MM


SUNRISE AND SUNSET
NOVEMBER 17 2017......SUNRISE   643 AM CST   SUNSET   438 PM CST
NOVEMBER 18 2017......SUNRISE   644 AM CST   SUNSET   437 PM CST


-  INDICATES NEGATIVE NUMBERS.
R  INDICATES RECORD WAS SET OR TIED.
MM INDICATES DATA IS MISSING.
T  INDICATES TRACE AMOUNT.




$$
