000
CDUS43 KILX 310642
CLIDEC


CLIMATE REPORT
NATIONAL WEATHER SERVICE LINCOLN IL
142 AM CDT MON AUG 31 2015


...................................

...THE DECATUR IL AIRPORT CLIMATE SUMMARY FOR AUGUST 30 2015...

CLIMATE NORMAL PERIOD 1981 TO 2010
CLIMATE RECORD PERIOD 9999 TO 9999


WEATHER ITEM   OBSERVED TIME   RECORD YEAR NORMAL DEPARTURE LAST
                VALUE   (LST)  VALUE       VALUE  FROM      YEAR
                                                  NORMAL
..................................................................
TEMPERATURE (F)
 YESTERDAY
  MAXIMUM         87    346 PM  MM      MM  83      4       84
  MINIMUM         68    533 AM  MM      MM  61      7       72
  AVERAGE         78                        72      6       78

PRECIPITATION (IN)
  YESTERDAY        T            MM      MM   0.14  -0.14      T
  MONTH TO DATE    2.29                      3.51  -1.22     4.93
  SINCE JUN 1     12.21                     11.72   0.49    14.27
  SINCE JAN 1     22.91                     26.17  -3.26    23.93

DEGREE DAYS
 HEATING
  YESTERDAY        0                         0      0        0
  MONTH TO DATE    1                         0      1        0
  SINCE JUN 1      9                        18     -9        3
  SINCE JUL 1      2                         1      1        2

 COOLING
  YESTERDAY       13                         7      6       13
  MONTH TO DATE  243                       262    -19      285
  SINCE JUN 1    802                       824    -22      744
  SINCE JAN 1    946                       911     35      889
..................................................................


WIND (MPH)
  HIGHEST WIND SPEED    12   HIGHEST WIND DIRECTION     S (190)
  HIGHEST GUST SPEED    24   HIGHEST GUST DIRECTION    SW (220)
  AVERAGE WIND SPEED     4.7


SKY COVER
  POSSIBLE SUNSHINE  MM
  AVERAGE SKY COVER 0.5


WEATHER CONDITIONS
 THE FOLLOWING WEATHER WAS RECORDED YESTERDAY.
  NO SIGNIFICANT WEATHER WAS OBSERVED.


RELATIVE HUMIDITY (PERCENT)
 HIGHEST    90           400 AM
 LOWEST     48           200 PM
 AVERAGE    69

..........................................................


THE DECATUR IL AIRPORT CLIMATE NORMALS FOR TODAY
                         NORMAL    RECORD    YEAR
 MAXIMUM TEMPERATURE (F)   83        MM        MM
 MINIMUM TEMPERATURE (F)   61        MM        MM


SUNRISE AND SUNSET
AUGUST 31 2015........SUNRISE   622 AM CDT   SUNSET   729 PM CDT
SEPTEMBER  1 2015.....SUNRISE   623 AM CDT   SUNSET   727 PM CDT


-  INDICATES NEGATIVE NUMBERS.
R  INDICATES RECORD WAS SET OR TIED.
MM INDICATES DATA IS MISSING.
T  INDICATES TRACE AMOUNT.




$$
