969
CDUS43 KILX 210646
CLIDEC


CLIMATE REPORT
NATIONAL WEATHER SERVICE LINCOLN IL
144 AM CDT THU SEP 21 2017


...................................

...THE DECATUR IL AIRPORT CLIMATE SUMMARY FOR SEPTEMBER 20 2017...

CLIMATE NORMAL PERIOD 1981 TO 2010
CLIMATE RECORD PERIOD 9999 TO 9999


WEATHER ITEM   OBSERVED TIME   RECORD YEAR NORMAL DEPARTURE LAST
                VALUE   (LST)  VALUE       VALUE  FROM      YEAR
                                                  NORMAL
..................................................................
TEMPERATURE (F)
 YESTERDAY
  MAXIMUM         92    326 PM  MM      MM  77     15       91
  MINIMUM         65    103 AM  MM      MM  52     13       66
  AVERAGE         79                        65     14       79

PRECIPITATION (IN)
  YESTERDAY        0.00         MM      MM   0.08  -0.08     0.00
  MONTH TO DATE    0.88                      2.18  -1.30     2.36
  SINCE SEP 1      0.88                      2.18  -1.30     2.36
  SINCE JAN 1     27.05                     28.49  -1.44    25.28

DEGREE DAYS
 HEATING
  YESTERDAY        0                         3     -3        0
  MONTH TO DATE   31                        21     10        0
  SINCE SEP 1     31                        21     10        0
  SINCE JUL 1     32                        27      5        5

 COOLING
  YESTERDAY       14                         2     12       14
  MONTH TO DATE   81                        91    -10      168
  SINCE SEP 1     81                        91    -10      168
  SINCE JAN 1    987                      1009    -22     1303
..................................................................


WIND (MPH)
  HIGHEST WIND SPEED    20   HIGHEST WIND DIRECTION     S (200)
  HIGHEST GUST SPEED    23   HIGHEST GUST DIRECTION     S (200)
  AVERAGE WIND SPEED     9.1


SKY COVER
  POSSIBLE SUNSHINE  MM
  AVERAGE SKY COVER 0.0


WEATHER CONDITIONS
 THE FOLLOWING WEATHER WAS RECORDED YESTERDAY.
  NO SIGNIFICANT WEATHER WAS OBSERVED.


RELATIVE HUMIDITY (PERCENT)
 HIGHEST   100           100 AM
 LOWEST     44           100 PM
 AVERAGE    72

..........................................................


THE DECATUR IL AIRPORT CLIMATE NORMALS FOR TODAY
                         NORMAL    RECORD    YEAR
 MAXIMUM TEMPERATURE (F)   77        MM        MM
 MINIMUM TEMPERATURE (F)   52        MM        MM


SUNRISE AND SUNSET
SEPTEMBER 21 2017.....SUNRISE   642 AM CDT   SUNSET   654 PM CDT
SEPTEMBER 22 2017.....SUNRISE   643 AM CDT   SUNSET   652 PM CDT


-  INDICATES NEGATIVE NUMBERS.
R  INDICATES RECORD WAS SET OR TIED.
MM INDICATES DATA IS MISSING.
T  INDICATES TRACE AMOUNT.




$$
