000
CDUS43 KILX 212131
CLIDEC


CLIMATE REPORT
NATIONAL WEATHER SERVICE LINCOLN IL
430 PM CDT SUN SEP 21 2014


...................................

...THE DECATUR IL AIRPORT CLIMATE SUMMARY FOR SEPTEMBER 21 2014...
VALID TODAY AS OF 0400 PM LOCAL TIME.

CLIMATE NORMAL PERIOD 1981 TO 2010
CLIMATE RECORD PERIOD 9999 TO 9999


WEATHER ITEM   OBSERVED TIME   RECORD YEAR NORMAL DEPARTURE LAST
                VALUE   (LST)  VALUE       VALUE  FROM      YEAR
                                                  NORMAL
..................................................................
TEMPERATURE (F)
 TODAY
  MAXIMUM         73    157 PM  MM      MM  77     -4       73
  MINIMUM         59    616 AM  MM      MM  52      7       53
  AVERAGE         66                        64      2       63

PRECIPITATION (IN)
  TODAY            0.00         MM      MM   0.07  -0.07     0.00
  MONTH TO DATE    3.92                      2.25   1.67     0.52
  SINCE SEP 1      3.92                      2.25   1.67     0.52
  SINCE JAN 1     27.85                     28.56  -0.71    26.89

DEGREE DAYS
 HEATING
  TODAY            0                         3     -3        2
  MONTH TO DATE   71                        24     47       21
  SINCE SEP 1     71                        24     47       21
  SINCE JUL 1     73                        30     43       31

 COOLING
  TODAY            1                         2     -1        0
  MONTH TO DATE   75                        93    -18      159
  SINCE SEP 1     75                        93    -18      159
  SINCE JAN 1    979                      1011    -32     1031
..................................................................


WIND (MPH)
  HIGHEST WIND SPEED    25   HIGHEST WIND DIRECTION     W (290)
  HIGHEST GUST SPEED    36   HIGHEST GUST DIRECTION    NW (300)
  AVERAGE WIND SPEED    13.4


SKY COVER
  POSSIBLE SUNSHINE  MM
  AVERAGE SKY COVER 0.2


WEATHER CONDITIONS
 THE FOLLOWING WEATHER WAS RECORDED TODAY.
  FOG


RELATIVE HUMIDITY (PERCENT)
 HIGHEST    97           300 AM
 LOWEST     44          1200 PM
 AVERAGE    71

..........................................................


THE DECATUR IL AIRPORT CLIMATE NORMALS FOR TOMORROW
                         NORMAL    RECORD    YEAR
 MAXIMUM TEMPERATURE (F)   76        MM        MM
 MINIMUM TEMPERATURE (F)   51        MM        MM


SUNRISE AND SUNSET
SEPTEMBER 21 2014.....SUNRISE   642 AM CDT   SUNSET   654 PM CDT
SEPTEMBER 22 2014.....SUNRISE   643 AM CDT   SUNSET   653 PM CDT


-  INDICATES NEGATIVE NUMBERS.
R  INDICATES RECORD WAS SET OR TIED.
MM INDICATES DATA IS MISSING.
T  INDICATES TRACE AMOUNT.




$$
