000
CDUS43 KILX 030658
CLIDEC


CLIMATE REPORT
NATIONAL WEATHER SERVICE LINCOLN IL
1258 AM CST SAT DEC 3 2016


...................................

...THE DECATUR IL AIRPORT CLIMATE SUMMARY FOR DECEMBER 2 2016...

CLIMATE NORMAL PERIOD 1981 TO 2010
CLIMATE RECORD PERIOD 9999 TO 9999


WEATHER ITEM   OBSERVED TIME   RECORD YEAR NORMAL DEPARTURE LAST
                VALUE   (LST)  VALUE       VALUE  FROM      YEAR
                                                  NORMAL
..................................................................
TEMPERATURE (F)
 YESTERDAY
  MAXIMUM         42    210 PM  MM      MM  43     -1       37
  MINIMUM         36    643 AM  MM      MM  27      9       31
  AVERAGE         39                        35      4       34

PRECIPITATION (IN)
  YESTERDAY        0.00         MM      MM   0.09  -0.09     0.06
  MONTH TO DATE    0.00                      0.17  -0.17     0.10
  SINCE DEC 1      0.00                      0.17  -0.17     0.10
  SINCE JAN 1     31.64                     36.08  -4.44    31.01

DEGREE DAYS
 HEATING
  YESTERDAY       26                        30     -4       31
  MONTH TO DATE   52                        59     -7       54
  SINCE DEC 1     52                        59     -7       54
  SINCE JUL 1    748                      1140   -392      836

 COOLING
  YESTERDAY        0                         0      0        0
  MONTH TO DATE    0                         0      0        0
  SINCE DEC 1      0                         0      0        0
  SINCE JAN 1   1434                      1048    386     1184
..................................................................


WIND (MPH)
  HIGHEST WIND SPEED    14   HIGHEST WIND DIRECTION     W (290)
  HIGHEST GUST SPEED    17   HIGHEST GUST DIRECTION     W (290)
  AVERAGE WIND SPEED     6.9


SKY COVER
  POSSIBLE SUNSHINE  MM
  AVERAGE SKY COVER 1.0


WEATHER CONDITIONS
 THE FOLLOWING WEATHER WAS RECORDED YESTERDAY.
  NO SIGNIFICANT WEATHER WAS OBSERVED.


RELATIVE HUMIDITY (PERCENT)
 HIGHEST    76           600 AM
 LOWEST     64          1100 AM
 AVERAGE    70

..........................................................


THE DECATUR IL AIRPORT CLIMATE NORMALS FOR TODAY
                         NORMAL    RECORD    YEAR
 MAXIMUM TEMPERATURE (F)   43        MM        MM
 MINIMUM TEMPERATURE (F)   27        MM        MM


SUNRISE AND SUNSET
DECEMBER  3 2016......SUNRISE   700 AM CST   SUNSET   431 PM CST
DECEMBER  4 2016......SUNRISE   701 AM CST   SUNSET   431 PM CST


-  INDICATES NEGATIVE NUMBERS.
R  INDICATES RECORD WAS SET OR TIED.
MM INDICATES DATA IS MISSING.
T  INDICATES TRACE AMOUNT.




$$
