000
CDUS43 KILX 010640
CLIDEC


CLIMATE REPORT
NATIONAL WEATHER SERVICE LINCOLN IL
140 AM CDT WED OCT 1 2014


...................................

...THE DECATUR IL AIRPORT CLIMATE SUMMARY FOR SEPTEMBER 30 2014...

CLIMATE NORMAL PERIOD 1981 TO 2010
CLIMATE RECORD PERIOD 9999 TO 9999


WEATHER ITEM   OBSERVED TIME   RECORD YEAR NORMAL DEPARTURE LAST
                VALUE   (LST)  VALUE       VALUE  FROM      YEAR
                                                  NORMAL
..................................................................
TEMPERATURE (F)
 YESTERDAY
  MAXIMUM         75    232 PM  MM      MM  73      2       76
  MINIMUM         52   1159 PM  MM      MM  48      4       42
  AVERAGE         64                        60      4       59

PRECIPITATION (IN)
  YESTERDAY        0.00         MM      MM   0.07  -0.07     0.00
  MONTH TO DATE    3.92                      2.89   1.03     0.59
  SINCE SEP 1      3.92                      2.89   1.03     0.59
  SINCE JAN 1     27.85                     29.20  -1.35    26.96

DEGREE DAYS
 HEATING
  YESTERDAY        1                         6     -5        6
  MONTH TO DATE   87                        67     20       43
  SINCE SEP 1     87                        67     20       43
  SINCE JUL 1     89                        73     16       53

 COOLING
  YESTERDAY        0                         2     -2        0
  MONTH TO DATE   93                       111    -18      167
  SINCE SEP 1     93                       111    -18      167
  SINCE JAN 1    997                      1029    -32     1039
..................................................................


WIND (MPH)
  HIGHEST WIND SPEED    14   HIGHEST WIND DIRECTION    NE (50)
  HIGHEST GUST SPEED    18   HIGHEST GUST DIRECTION    NE (30)
  AVERAGE WIND SPEED     8.2


SKY COVER
  POSSIBLE SUNSHINE  MM
  AVERAGE SKY COVER 0.4


WEATHER CONDITIONS
 THE FOLLOWING WEATHER WAS RECORDED YESTERDAY.
  FOG


RELATIVE HUMIDITY (PERCENT)
 HIGHEST   100           500 AM
 LOWEST     57           200 PM
 AVERAGE    79

..........................................................


THE DECATUR IL AIRPORT CLIMATE NORMALS FOR TODAY
                         NORMAL    RECORD    YEAR
 MAXIMUM TEMPERATURE (F)   72        MM        MM
 MINIMUM TEMPERATURE (F)   47        MM        MM


SUNRISE AND SUNSET
OCTOBER  1 2014.......SUNRISE   652 AM CDT   SUNSET   638 PM CDT
OCTOBER  2 2014.......SUNRISE   653 AM CDT   SUNSET   636 PM CDT


-  INDICATES NEGATIVE NUMBERS.
R  INDICATES RECORD WAS SET OR TIED.
MM INDICATES DATA IS MISSING.
T  INDICATES TRACE AMOUNT.




$$
