281
CDUS43 KILX 062135
CLIDEC


CLIMATE REPORT
NATIONAL WEATHER SERVICE LINCOLN IL
434 PM CDT FRI MAY 6 2016


...................................

...THE DECATUR IL AIRPORT CLIMATE SUMMARY FOR MAY 6 2016...
VALID TODAY AS OF 0400 PM LOCAL TIME.

CLIMATE NORMAL PERIOD 1981 TO 2010
CLIMATE RECORD PERIOD 9999 TO 9999


WEATHER ITEM   OBSERVED TIME   RECORD YEAR NORMAL DEPARTURE LAST
                VALUE   (LST)  VALUE       VALUE  FROM      YEAR
                                                  NORMAL
..................................................................
TEMPERATURE (F)
 TODAY
  MAXIMUM         78    259 PM  MM      MM  71      7       86
  MINIMUM         43    343 AM  MM      MM  48     -5       57
  AVERAGE         61                        60      1       72

PRECIPITATION (IN)
  TODAY            0.00         MM      MM   0.15  -0.15     0.00
  MONTH TO DATE    0.14                      0.96  -0.82     0.13
  SINCE MAR 1      6.66                      7.40  -0.74     3.76
  SINCE JAN 1      7.85                     11.12  -3.27     5.01

DEGREE DAYS
 HEATING
  TODAY            4                         6     -2        0
  MONTH TO DATE   52                        40     12       17
  SINCE MAR 1    907                      1146   -239     1107
  SINCE JUL 1   4399                      5403  -1004     5753

 COOLING
  TODAY            0                         1     -1        7
  MONTH TO DATE    0                         6     -6       31
  SINCE MAR 1      7                        20    -13       34
  SINCE JAN 1      7                        20    -13       34
..................................................................


WIND (MPH)
  HIGHEST WIND SPEED    15   HIGHEST WIND DIRECTION     W (250)
  HIGHEST GUST SPEED    19   HIGHEST GUST DIRECTION     W (250)
  AVERAGE WIND SPEED     5.4


SKY COVER
  POSSIBLE SUNSHINE  MM
  AVERAGE SKY COVER 0.1


WEATHER CONDITIONS
 THE FOLLOWING WEATHER WAS RECORDED TODAY.
  NO SIGNIFICANT WEATHER WAS OBSERVED.


RELATIVE HUMIDITY (PERCENT)
 HIGHEST    89           300 AM
 LOWEST     30           300 PM
 AVERAGE    60

..........................................................


THE DECATUR IL AIRPORT CLIMATE NORMALS FOR TOMORROW
                         NORMAL    RECORD    YEAR
 MAXIMUM TEMPERATURE (F)   72        MM        MM
 MINIMUM TEMPERATURE (F)   49        MM        MM


SUNRISE AND SUNSET
MAY  6 2016...........SUNRISE   549 AM CDT   SUNSET   755 PM CDT
MAY  7 2016...........SUNRISE   548 AM CDT   SUNSET   756 PM CDT


-  INDICATES NEGATIVE NUMBERS.
R  INDICATES RECORD WAS SET OR TIED.
MM INDICATES DATA IS MISSING.
T  INDICATES TRACE AMOUNT.




$$
