000
CDUS43 KILX 240659
CLIDEC


CLIMATE REPORT
NATIONAL WEATHER SERVICE LINCOLN IL
145 AM CDT THU APR 24 2014


...................................

...THE DECATUR IL AIRPORT CLIMATE SUMMARY FOR APRIL 23 2014...

CLIMATE NORMAL PERIOD 1981 TO 2010
CLIMATE RECORD PERIOD 9999 TO 9999


WEATHER ITEM   OBSERVED TIME   RECORD YEAR NORMAL DEPARTURE LAST
                VALUE   (LST)  VALUE       VALUE  FROM      YEAR
                                                  NORMAL
..................................................................
TEMPERATURE (F)
 YESTERDAY
  MAXIMUM         63    328 PM  MM      MM  67     -4       60
  MINIMUM         31    448 AM  MM      MM  44    -13       39
  AVERAGE         47                        56     -9       50

PRECIPITATION (IN)
  YESTERDAY        0.00         MM      MM   0.14  -0.14     0.44
  MONTH TO DATE    2.84                      2.58   0.26     6.12
  SINCE MAR 1      4.33                      5.22  -0.89     6.56
  SINCE JAN 1      5.45                      8.94  -3.49    11.20

DEGREE DAYS
 HEATING
  YESTERDAY       18                        10      8       15
  MONTH TO DATE  294                       319    -25      329
  SINCE MAR 1   1180                      1046    134     1236
  SINCE JUL 1   5992                      5303    689     5206

 COOLING
  YESTERDAY        0                         1     -1        0
  MONTH TO DATE    1                         1      0        4
  SINCE MAR 1      1                         2     -1        4
  SINCE JAN 1      1                         2     -1        4
..................................................................


WIND (MPH)
  HIGHEST WIND SPEED    20   HIGHEST WIND DIRECTION     E (70)
  HIGHEST GUST SPEED    23   HIGHEST GUST DIRECTION     E (70)
  AVERAGE WIND SPEED     8.3


SKY COVER
  POSSIBLE SUNSHINE  MM
  AVERAGE SKY COVER 0.2


WEATHER CONDITIONS
 THE FOLLOWING WEATHER WAS RECORDED YESTERDAY.
  NO SIGNIFICANT WEATHER WAS OBSERVED.


RELATIVE HUMIDITY (PERCENT)
 HIGHEST    82           300 AM
 LOWEST     25           200 PM
 AVERAGE    54

..........................................................


THE DECATUR IL AIRPORT CLIMATE NORMALS FOR TODAY
                         NORMAL    RECORD    YEAR
 MAXIMUM TEMPERATURE (F)   67        MM        MM
 MINIMUM TEMPERATURE (F)   45        MM        MM


SUNRISE AND SUNSET
APRIL 24 2014.........SUNRISE   605 AM CDT   SUNSET   743 PM CDT
APRIL 25 2014.........SUNRISE   604 AM CDT   SUNSET   744 PM CDT


-  INDICATES NEGATIVE NUMBERS.
R  INDICATES RECORD WAS SET OR TIED.
MM INDICATES DATA IS MISSING.
T  INDICATES TRACE AMOUNT.




$$
