000
CDUS43 KILX 250635
CLIDEC


CLIMATE REPORT
NATIONAL WEATHER SERVICE LINCOLN IL
134 AM CDT THU AUG 25 2016


...................................

...THE DECATUR IL AIRPORT CLIMATE SUMMARY FOR AUGUST 24 2016...

CLIMATE NORMAL PERIOD 1981 TO 2010
CLIMATE RECORD PERIOD 9999 TO 9999


WEATHER ITEM   OBSERVED TIME   RECORD YEAR NORMAL DEPARTURE LAST
                VALUE   (LST)  VALUE       VALUE  FROM      YEAR
                                                  NORMAL
..................................................................
TEMPERATURE (F)
 YESTERDAY
  MAXIMUM         89    259 PM  MM      MM  84      5       78
  MINIMUM         71    111 AM  MM      MM  62      9       58
  AVERAGE         80                        73      7       68

PRECIPITATION (IN)
  YESTERDAY        0.05         MM      MM   0.14  -0.09     0.00
  MONTH TO DATE    3.50                      2.66   0.84     2.28
  SINCE JUN 1     10.43                     10.87  -0.44    12.20
  SINCE JAN 1     21.29                     25.32  -4.03    22.90

DEGREE DAYS
 HEATING
  YESTERDAY        0                         0      0        0
  MONTH TO DATE    0                         0      0        0
  SINCE JUN 1      5                        18    -13        8
  SINCE JUL 1      5                         1      4        1

 COOLING
  YESTERDAY       15                         8      7        3
  MONTH TO DATE  271                       216     55      215
  SINCE JUN 1    954                       778    176      774
  SINCE JAN 1   1044                       865    179      918
..................................................................


WIND (MPH)
  HIGHEST WIND SPEED    24   HIGHEST WIND DIRECTION    SW (240)
  HIGHEST GUST SPEED    31   HIGHEST GUST DIRECTION    SW (230)
  AVERAGE WIND SPEED    12.2


SKY COVER
  POSSIBLE SUNSHINE  MM
  AVERAGE SKY COVER 0.5


WEATHER CONDITIONS
 THE FOLLOWING WEATHER WAS RECORDED YESTERDAY.
  THUNDERSTORM
  RAIN
  LIGHT RAIN
  FOG


RELATIVE HUMIDITY (PERCENT)
 HIGHEST    94           900 PM
 LOWEST     59           300 PM
 AVERAGE    77

..........................................................


THE DECATUR IL AIRPORT CLIMATE NORMALS FOR TODAY
                         NORMAL    RECORD    YEAR
 MAXIMUM TEMPERATURE (F)   84        MM        MM
 MINIMUM TEMPERATURE (F)   62        MM        MM


SUNRISE AND SUNSET
AUGUST 25 2016........SUNRISE   617 AM CDT   SUNSET   737 PM CDT
AUGUST 26 2016........SUNRISE   618 AM CDT   SUNSET   735 PM CDT


-  INDICATES NEGATIVE NUMBERS.
R  INDICATES RECORD WAS SET OR TIED.
MM INDICATES DATA IS MISSING.
T  INDICATES TRACE AMOUNT.




$$
