315
CDUS45 KBOU 060757
CLIDEN


CLIMATE REPORT
NATIONAL WEATHER SERVICE DENVER/BOULDER CO
1257 AM MST TUE DEC 6 2016


...................................

...THE DENVER CO CLIMATE SUMMARY FOR DECEMBER 5 2016...

CLIMATE NORMAL PERIOD 1981 TO 2010
CLIMATE RECORD PERIOD 1872 TO 2016


WEATHER ITEM   OBSERVED TIME   RECORD YEAR NORMAL DEPARTURE LAST
                VALUE   (LST)  VALUE       VALUE  FROM      YEAR
                                                  NORMAL
..................................................................
TEMPERATURE (F)
 YESTERDAY
  MAXIMUM         54   1245 PM  79    1939  44     10       45
  MINIMUM         17   1159 PM -15    2013  18     -1       22
                                      1972
  AVERAGE         36                        31      5       34

PRECIPITATION (IN)
  YESTERDAY        0.00          1.32 1913   0.01  -0.01     0.00
  MONTH TO DATE    0.01                      0.06  -0.05     0.00
  SINCE DEC 1      0.01                      0.06  -0.05     0.00
  SINCE JAN 1     11.08                     14.01  -2.93    17.60

SNOWFALL (IN)
  YESTERDAY        0.0
  MONTH TO DATE      T
  SINCE DEC 1        T
  SINCE JUL 1      1.7
  SNOW DEPTH       0


DEGREE DAYS
 HEATING
  YESTERDAY       29                        34     -5       31
  MONTH TO DATE  176                       168      8      149
  SINCE DEC 1    176                       168      8      149
  SINCE JUL 1   1072                      1550   -478     1239

 COOLING
  YESTERDAY        0                         0      0        0
  MONTH TO DATE    0                         0      0        0
  SINCE DEC 1      0                         0      0        0
  SINCE JAN 1    878                       769    109      877
..................................................................


WIND (MPH)
  HIGHEST WIND SPEED    37   HIGHEST WIND DIRECTION     W (260)
  HIGHEST GUST SPEED    46   HIGHEST GUST DIRECTION     W (260)
  AVERAGE WIND SPEED    14.6


SKY COVER **
  POSSIBLE SUNSHINE  MM
  AVERAGE SKY COVER 0.4


WEATHER CONDITIONS
 THE FOLLOWING WEATHER WAS RECORDED YESTERDAY.
  NO SIGNIFICANT WEATHER WAS OBSERVED.


RELATIVE HUMIDITY (PERCENT)
 HIGHEST    53           200 AM
 LOWEST     16           100 PM
 AVERAGE    35

..........................................................


THE DENVER CO CLIMATE NORMALS FOR TODAY
                         NORMAL    RECORD    YEAR
 MAXIMUM TEMPERATURE (F)   44        73      1939
 MINIMUM TEMPERATURE (F)   18       -17      1972


SUNRISE AND SUNSET
DECEMBER  6 2016......SUNRISE   707 AM MST   SUNSET   433 PM MST
DECEMBER  7 2016......SUNRISE   708 AM MST   SUNSET   433 PM MST


-  INDICATES NEGATIVE NUMBERS.
R  INDICATES RECORD WAS SET OR TIED.
MM INDICATES DATA IS MISSING.
T  INDICATES TRACE AMOUNT.

&&

** SUNSHINE DATA WILL NO LONGER BE AVAILABLE EFFECTIVE OCTOBER 1ST 2009.




$$
