000
CDUS45 KBOU 182327
CLIDEN


CLIMATE REPORT
NATIONAL WEATHER SERVICE DENVER CO
427 PM MST THU DEC 18 2014


...................................

...THE DENVER CO CLIMATE SUMMARY FOR DECEMBER 18 2014...
VALID TODAY AS OF 0400 PM LOCAL TIME.

CLIMATE NORMAL PERIOD 1981 TO 2010
CLIMATE RECORD PERIOD 1872 TO 2014


WEATHER ITEM   OBSERVED TIME   RECORD YEAR NORMAL DEPARTURE LAST
                VALUE   (LST)  VALUE       VALUE  FROM      YEAR
                                                  NORMAL
..................................................................
TEMPERATURE (F)
 TODAY
  MAXIMUM         44    337 PM  68    2013  42      2       68
  MINIMUM         22    717 AM -12    1909  17      5       40
  AVERAGE         33                        29      4       54

PRECIPITATION (IN)
  TODAY            0.00          0.60 1973   0.01  -0.01     0.00
  MONTH TO DATE    0.08                      0.21  -0.13     0.14
  SINCE DEC 1      0.08                      0.21  -0.13     0.14
  SINCE JAN 1     18.26                     14.16   4.10    17.49

DEGREE DAYS
 HEATING
  TODAY           32                        36     -4       11
  MONTH TO DATE  489                       627   -138      694
  SINCE DEC 1    489                       627   -138      694
  SINCE JUL 1   1743                      2009   -266     2017

 COOLING
  TODAY            0                         0      0        0
  MONTH TO DATE    0                         0      0        0
  SINCE DEC 1      0                         0      0        0
  SINCE JAN 1    701                       769    -68      999
..................................................................


WIND (MPH)
  HIGHEST WIND SPEED    12   HIGHEST WIND DIRECTION    NE (30)
  HIGHEST GUST SPEED    13   HIGHEST GUST DIRECTION     N (20)
  AVERAGE WIND SPEED     2.8


SKY COVER **
  POSSIBLE SUNSHINE  MM
  AVERAGE SKY COVER 0.6


WEATHER CONDITIONS
 THE FOLLOWING WEATHER WAS RECORDED TODAY.
  FOG
  HAZE


RELATIVE HUMIDITY (PERCENT)
 HIGHEST   100           700 AM
 LOWEST     53           200 PM
 AVERAGE    77

..........................................................


THE DENVER CO CLIMATE NORMALS FOR TOMORROW
                         NORMAL    RECORD    YEAR
 MAXIMUM TEMPERATURE (F)   42        67      1917
 MINIMUM TEMPERATURE (F)   17       -10      1989


SUNRISE AND SUNSET
DECEMBER 18 2014......SUNRISE   715 AM MST   SUNSET   436 PM MST
DECEMBER 19 2014......SUNRISE   715 AM MST   SUNSET   436 PM MST


-  INDICATES NEGATIVE NUMBERS.
R  INDICATES RECORD WAS SET OR TIED.
MM INDICATES DATA IS MISSING.
T  INDICATES TRACE AMOUNT.




$$
