000
CDUS45 KBOU 251230
CLIDEN


CLIMATE REPORT
NATIONAL WEATHER SERVICE DENVER CO
630 AM MDT SAT OCT 25 2014


...................................

...THE DENVER CO CLIMATE SUMMARY FOR OCTOBER 25 2014...
VALID AS OF 0600 AM LOCAL TIME.

CLIMATE NORMAL PERIOD 1981 TO 2010
CLIMATE RECORD PERIOD 1872 TO 2014


WEATHER ITEM   OBSERVED TIME   RECORD YEAR NORMAL DEPARTURE LAST
                VALUE   (LST)  VALUE       VALUE  FROM      YEAR
                                                  NORMAL
..................................................................
TEMPERATURE (F)
 TODAY
  MAXIMUM         57    144 AM  80    2007  62     -5       68
                                      1959
  MINIMUM         45    311 AM   1    1873  33     12       34
  AVERAGE         51                        48      3       51

PRECIPITATION (IN)
  TODAY            0.00          0.81 1997   0.03  -0.03     0.00
  MONTH TO DATE    0.52                      0.87  -0.35     0.70
  SINCE SEP 1      2.31                      1.83   0.48     6.31
  SINCE JAN 1     17.42                     13.19   4.23    17.06

..................................................................


WIND (MPH)
  HIGHEST WIND SPEED    16   HIGHEST WIND DIRECTION    SW (220)
  HIGHEST GUST SPEED    19   HIGHEST GUST DIRECTION    SW (220)
  AVERAGE WIND SPEED     9.2




RELATIVE HUMIDITY (PERCENT)
 HIGHEST    33           500 AM
 LOWEST     27           200 AM
 AVERAGE    30

..........................................................


THE DENVER CO CLIMATE NORMALS FOR TOMORROW
                         NORMAL    RECORD    YEAR
 MAXIMUM TEMPERATURE (F)   61        83      1977
 MINIMUM TEMPERATURE (F)   33         3      1997


SUNRISE AND SUNSET
OCTOBER 25 2014.......SUNRISE   720 AM MDT   SUNSET   607 PM MDT
OCTOBER 26 2014.......SUNRISE   721 AM MDT   SUNSET   605 PM MDT


-  INDICATES NEGATIVE NUMBERS.
R  INDICATES RECORD WAS SET OR TIED.
MM INDICATES DATA IS MISSING.
T  INDICATES TRACE AMOUNT.




$$
