000
CDUS45 KBOU 232237
CLIDEN


CLIMATE REPORT
NATIONAL WEATHER SERVICE DENVER CO
437 PM MDT SAT MAY 23 2015


...................................

...THE DENVER CO CLIMATE SUMMARY FOR MAY 23 2015...
VALID TODAY AS OF 0400 PM LOCAL TIME.

CLIMATE NORMAL PERIOD 1981 TO 2010
CLIMATE RECORD PERIOD 1872 TO 2015


WEATHER ITEM   OBSERVED TIME   RECORD YEAR NORMAL DEPARTURE LAST
                VALUE   (LST)  VALUE       VALUE  FROM      YEAR
                                                  NORMAL
..................................................................
TEMPERATURE (F)
 TODAY
  MAXIMUM         64    103 PM  93    1989  74    -10       72
  MINIMUM         45    245 AM  31    2002  45      0       46
  AVERAGE         55                        60     -5       59

PRECIPITATION (IN)
  TODAY            0.04          1.50 1952   0.07  -0.03     0.04
  MONTH TO DATE    3.54                      1.54   2.00     3.41
  SINCE MAR 1      6.98                      4.17   2.81     5.48
  SINCE JAN 1      8.61                      4.95   3.66     6.61

DEGREE DAYS
 HEATING
  TODAY           10                         6      4        6
  MONTH TO DATE  314                       223     91      231
  SINCE MAR 1   1406                      1515   -109     1442
  SINCE JUL 1   5519                      5954   -435     5961

 COOLING
  TODAY            0                         1     -1        0
  MONTH TO DATE    0                         8     -8        6
  SINCE MAR 1      0                         9     -9        6
  SINCE JAN 1      0                         9     -9        6
..................................................................


WIND (MPH)
  HIGHEST WIND SPEED    20   HIGHEST WIND DIRECTION    SE (150)
  HIGHEST GUST SPEED    26   HIGHEST GUST DIRECTION    SE (150)
  AVERAGE WIND SPEED     6.0


SKY COVER **
  POSSIBLE SUNSHINE  MM
  AVERAGE SKY COVER 0.9


WEATHER CONDITIONS
 THE FOLLOWING WEATHER WAS RECORDED TODAY.
  THUNDERSTORM
  LIGHT RAIN
  FOG
  FOG W/VISIBILITY <= 1/4 MILE


RELATIVE HUMIDITY (PERCENT)
 HIGHEST   100           500 AM
 LOWEST     66           300 PM
 AVERAGE    83

..........................................................


THE DENVER CO CLIMATE NORMALS FOR TOMORROW
                         NORMAL    RECORD    YEAR
 MAXIMUM TEMPERATURE (F)   75        87      2005
                                             1984
                                             1967
 MINIMUM TEMPERATURE (F)   45        32      2002


SUNRISE AND SUNSET
MAY 23 2015...........SUNRISE   538 AM MST   SUNSET   813 PM MST
MAY 24 2015...........SUNRISE   537 AM MST   SUNSET   814 PM MST


-  INDICATES NEGATIVE NUMBERS.
R  INDICATES RECORD WAS SET OR TIED.
MM INDICATES DATA IS MISSING.
T  INDICATES TRACE AMOUNT.




$$
