000
CDUS45 KBOU 292226
CLIDEN


CLIMATE REPORT
NATIONAL WEATHER SERVICE DENVER/BOULDER CO
425 PM MDT SUN MAY 29 2016


...................................

...THE DENVER CO CLIMATE SUMMARY FOR MAY 29 2016...
VALID TODAY AS OF 0400 PM LOCAL TIME.

CLIMATE NORMAL PERIOD 1981 TO 2010
CLIMATE RECORD PERIOD 1872 TO 2016


WEATHER ITEM   OBSERVED TIME   RECORD YEAR NORMAL DEPARTURE LAST
                VALUE   (LST)  VALUE       VALUE  FROM      YEAR
                                                  NORMAL
..................................................................
TEMPERATURE (F)
 TODAY
  MAXIMUM         76    216 PM  94    2003  76      0       67
  MINIMUM         44    333 AM  32    1883  47     -3       47
  AVERAGE         60                        62     -2       57

PRECIPITATION (IN)
  TODAY            0.00          1.33 1964   0.08  -0.08      T
  MONTH TO DATE    2.32                      1.96   0.36     3.74
  SINCE MAR 1      6.06                      4.59   1.47     7.18
  SINCE JAN 1      7.04                      5.37   1.67     8.81

DEGREE DAYS
 HEATING
  TODAY            5                         5      0        8
  MONTH TO DATE  315                       255     60      358
  SINCE MAR 1   1557                      1547     10     1450
  SINCE JUL 1   5545                      5986   -441     5563

 COOLING
  TODAY            0                         1     -1        0
  MONTH TO DATE    3                        14    -11        0
  SINCE MAR 1      3                        15    -12        0
  SINCE JAN 1      3                        15    -12        0
..................................................................


WIND (MPH)
  HIGHEST WIND SPEED    17   HIGHEST WIND DIRECTION    SW (220)
  HIGHEST GUST SPEED    19   HIGHEST GUST DIRECTION     E (110)
  AVERAGE WIND SPEED     7.3


SKY COVER **
  POSSIBLE SUNSHINE  MM
  AVERAGE SKY COVER 0.4


WEATHER CONDITIONS
 THE FOLLOWING WEATHER WAS RECORDED TODAY.
  NO SIGNIFICANT WEATHER WAS OBSERVED.


RELATIVE HUMIDITY (PERCENT)
 HIGHEST    83           300 AM
 LOWEST     27          1100 AM
 AVERAGE    55

..........................................................


THE DENVER CO CLIMATE NORMALS FOR TOMORROW
                         NORMAL    RECORD    YEAR
 MAXIMUM TEMPERATURE (F)   77        91      2002
                                             1994
 MINIMUM TEMPERATURE (F)   47        32      1883


SUNRISE AND SUNSET
MAY 29 2016...........SUNRISE   533 AM MDT   SUNSET   819 PM MDT
MAY 30 2016...........SUNRISE   532 AM MDT   SUNSET   820 PM MDT


-  INDICATES NEGATIVE NUMBERS.
R  INDICATES RECORD WAS SET OR TIED.
MM INDICATES DATA IS MISSING.
T  INDICATES TRACE AMOUNT.




$$
