000
CDUS45 KBOU 251234
CLIDEN


CLIMATE REPORT
NATIONAL WEATHER SERVICE DENVER/BOULDER CO
634 AM MDT TUE JUL 25 2017


...................................

...THE DENVER CO CLIMATE SUMMARY FOR JULY 25 2017...
VALID AS OF 0600 AM LOCAL TIME.

CLIMATE NORMAL PERIOD 1981 TO 2010
CLIMATE RECORD PERIOD 1872 TO 2017


WEATHER ITEM   OBSERVED TIME   RECORD YEAR NORMAL DEPARTURE LAST
                VALUE   (LST)  VALUE       VALUE  FROM      YEAR
                                                  NORMAL
..................................................................
TEMPERATURE (F)
 TODAY
  MAXIMUM         74   1222 AM  99    1963  90    -16       97
                                      1931
  MINIMUM         68    302 AM  51    1973  60      8       59
                                      1915
  AVERAGE         71                        75     -4       78

PRECIPITATION (IN)
  TODAY            0.00          2.69 1998   0.08  -0.08     0.00
  MONTH TO DATE    0.27                      1.69  -1.42     1.06
  SINCE JUN 1      0.60                      3.67  -3.07     2.68
  SINCE JAN 1      6.91                      9.20  -2.29     9.78

..................................................................


WIND (MPH)
  HIGHEST WIND SPEED    16   HIGHEST WIND DIRECTION     S (180)
  HIGHEST GUST SPEED    20   HIGHEST GUST DIRECTION     S (180)
  AVERAGE WIND SPEED    10.7




RELATIVE HUMIDITY (PERCENT)
 HIGHEST    53           200 AM
 LOWEST     38          1200 AM
 AVERAGE    46

..........................................................


THE DENVER CO CLIMATE NORMALS FOR TOMORROW
                         NORMAL    RECORD    YEAR
 MAXIMUM TEMPERATURE (F)   90       100      1910
 MINIMUM TEMPERATURE (F)   60        51      1971
                                             1874
                                             1873


SUNRISE AND SUNSET
JULY 25 2017..........SUNRISE   552 AM MDT   SUNSET   819 PM MDT
JULY 26 2017..........SUNRISE   553 AM MDT   SUNSET   818 PM MDT


-  INDICATES NEGATIVE NUMBERS.
R  INDICATES RECORD WAS SET OR TIED.
MM INDICATES DATA IS MISSING.
T  INDICATES TRACE AMOUNT.




$$
