872
CDUS45 KBOU 270744
CLIDEN


CLIMATE REPORT
NATIONAL WEATHER SERVICE DENVER/BOULDER CO
144 AM MDT SAT MAY 27 2017


...................................

...THE DENVER CO CLIMATE SUMMARY FOR MAY 26 2017...

CLIMATE NORMAL PERIOD 1981 TO 2010
CLIMATE RECORD PERIOD 1872 TO 2017


WEATHER ITEM   OBSERVED TIME   RECORD YEAR NORMAL DEPARTURE LAST
                VALUE   (LST)  VALUE       VALUE  FROM      YEAR
                                                  NORMAL
..................................................................
TEMPERATURE (F)
 YESTERDAY
  MAXIMUM         74    359 PM  95    1942  75     -1       67
  MINIMUM         45    503 AM  32    1950  46     -1       44
  AVERAGE         60                        61     -1       56

PRECIPITATION (IN)
  YESTERDAY        0.05          1.15 2016   0.07  -0.02     1.15
  MONTH TO DATE    3.32                      1.74   1.58     2.09
  SINCE MAR 1      5.20                      4.37   0.83     5.83
  SINCE JAN 1      5.97                      5.15   0.82     6.81

SNOWFALL (IN)
  YESTERDAY        0.0
  MONTH TO DATE      T
  SINCE MAR 1      2.5
  SINCE JUL 1     21.8
  SNOW DEPTH       0


DEGREE DAYS
 HEATING
  YESTERDAY        5                         5      0        9
  MONTH TO DATE  246                       240      6      290
  SINCE MAR 1   1247                      1532   -285     1532
  SINCE JUL 1   5049                      5971   -922     5520

 COOLING
  YESTERDAY        0                         1     -1        0
  MONTH TO DATE    6                        11     -5        3
  SINCE MAR 1      6                        12     -6        3
  SINCE JAN 1      6                        12     -6        3
..................................................................


WIND (MPH)
  HIGHEST WIND SPEED    33   HIGHEST WIND DIRECTION     N (350)
  HIGHEST GUST SPEED    42   HIGHEST GUST DIRECTION     N (340)
  AVERAGE WIND SPEED    10.9


SKY COVER **
  POSSIBLE SUNSHINE  MM
  AVERAGE SKY COVER 0.6


WEATHER CONDITIONS
 THE FOLLOWING WEATHER WAS RECORDED YESTERDAY.
  THUNDERSTORM
  HEAVY RAIN
  RAIN
  LIGHT RAIN
  FOG


RELATIVE HUMIDITY (PERCENT)
 HIGHEST    93           400 AM
 LOWEST     38           400 PM
 AVERAGE    66

..........................................................


THE DENVER CO CLIMATE NORMALS FOR TODAY
                         NORMAL    RECORD    YEAR
 MAXIMUM TEMPERATURE (F)   76        93      2006
 MINIMUM TEMPERATURE (F)   46        34      1950


SUNRISE AND SUNSET
MAY 27 2017...........SUNRISE   534 AM MDT   SUNSET   817 PM MDT
MAY 28 2017...........SUNRISE   534 AM MDT   SUNSET   818 PM MDT


-  INDICATES NEGATIVE NUMBERS.
R  INDICATES RECORD WAS SET OR TIED.
MM INDICATES DATA IS MISSING.
T  INDICATES TRACE AMOUNT.

&&

** SUNSHINE DATA WILL NO LONGER BE AVAILABLE EFFECTIVE OCTOBER 1ST 2009.




$$
