000
CDUS45 KBOU 282328
CLIDEN


CLIMATE REPORT
NATIONAL WEATHER SERVICE DENVER CO
528 PM MDT MON JUL 28 2014


...................................

...THE DENVER CO CLIMATE SUMMARY FOR JULY 28 2014...
VALID TODAY AS OF 0500 PM LOCAL TIME.

CLIMATE NORMAL PERIOD 1981 TO 2010
CLIMATE RECORD PERIOD 1872 TO 2014


WEATHER ITEM   OBSERVED TIME   RECORD YEAR NORMAL DEPARTURE LAST
                VALUE   (LST)  VALUE       VALUE  FROM      YEAR
                                                  NORMAL
..................................................................
TEMPERATURE (F)
 TODAY
  MAXIMUM         86   1246 PM  98    1876  90     -4       73
  MINIMUM         60    521 AM  49    1892  60      0       60
  AVERAGE         73                        75     -2       67

PRECIPITATION (IN)
  TODAY            0.00          1.56 1999   0.07  -0.07     0.02
  MONTH TO DATE    0.92                      1.92  -1.00     1.96
  SINCE JUN 1      2.74                      3.90  -1.16     2.71
  SINCE JAN 1      9.45                      9.43   0.02     7.95

DEGREE DAYS
 HEATING
  TODAY            0                         0      0        0
  MONTH TO DATE    0                         1     -1        0
  SINCE JUN 1     30                        63    -33       29
  SINCE JUL 1      0                         1     -1        0

 COOLING
  TODAY            8                        10     -2        2
  MONTH TO DATE  295                       259     36      276
  SINCE JUN 1    401                       392      9      497
  SINCE JAN 1    422                       414      8      539
..................................................................


WIND (MPH)
  HIGHEST WIND SPEED    23   HIGHEST WIND DIRECTION     S (200)
  HIGHEST GUST SPEED    29   HIGHEST GUST DIRECTION     S (200)
  AVERAGE WIND SPEED     9.0


SKY COVER **
  POSSIBLE SUNSHINE  MM
  AVERAGE SKY COVER 0.7


WEATHER CONDITIONS
 THE FOLLOWING WEATHER WAS RECORDED TODAY.
  THUNDERSTORM
  TORNADO


RELATIVE HUMIDITY (PERCENT)
 HIGHEST    78           500 AM
 LOWEST     37           100 PM
 AVERAGE    58

..........................................................


THE DENVER CO CLIMATE NORMALS FOR TOMORROW
                         NORMAL    RECORD    YEAR
 MAXIMUM TEMPERATURE (F)   90        99      2005
                                             1995
 MINIMUM TEMPERATURE (F)   60        47      1971


SUNRISE AND SUNSET
JULY 28 2014..........SUNRISE   554 AM MDT   SUNSET   817 PM MDT
JULY 29 2014..........SUNRISE   555 AM MDT   SUNSET   816 PM MDT


-  INDICATES NEGATIVE NUMBERS.
R  INDICATES RECORD WAS SET OR TIED.
MM INDICATES DATA IS MISSING.
T  INDICATES TRACE AMOUNT.




$$
