000
CDUS44 KSHV 212244
CLIDEQ


CLIMATE REPORT
NATIONAL WEATHER SERVICE SHREVEPORT, LA
444 PM CST TUE NOV 21 2017


...................................

...THE DE QUEEN CLIMATE SUMMARY FOR NOVEMBER 21 2017...
VALID TODAY AS OF 0400 PM LOCAL TIME.

CLIMATE NORMAL PERIOD 1981 TO 2010
CLIMATE RECORD PERIOD 1902 TO 2017


WEATHER ITEM   OBSERVED TIME   RECORD YEAR NORMAL DEPARTURE LAST
                VALUE   (LST)  VALUE       VALUE  FROM      YEAR
                                                  NORMAL
..................................................................
TEMPERATURE (F)
 TODAY
  MAXIMUM         63    359 PM  80    2007  63      0       68
  MINIMUM         33    546 AM  20    1952  37     -4       31
  AVERAGE         48                        50     -2       50

PRECIPITATION (IN)
  TODAY            0.00          2.90 2011   0.15  -0.15     0.00
  MONTH TO DATE    0.58                      3.58  -3.00     1.96
  SINCE DEC 1     38.23                     47.66  -9.43    43.03
  SINCE JAN 1     35.52                     43.30  -7.78    32.75

SNOWFALL (IN)
  TODAY            0.0
  MONTH TO DATE    0.0
  SINCE SEP 1      0.0
  SINCE JUL 1      0.0
  SNOW DEPTH       0

DEGREE DAYS
 HEATING
  TODAY           17                        15      2       15
  MONTH TO DATE  170                       236    -66      157
  SINCE SEP 1    341                       369    -28      185
  SINCE JUL 1    341                       369    -28      185

 COOLING
  TODAY            0                         0      0        0
  MONTH TO DATE   45                         5     40       16
  SINCE SEP 1    454                       347    107      502
  SINCE JAN 1   2088                      1939    149     2239
..................................................................


WIND (MPH)
  HIGHEST WIND SPEED     7   HIGHEST WIND DIRECTION     E (70)
  HIGHEST GUST SPEED     9   HIGHEST GUST DIRECTION    NE (60)
  AVERAGE WIND SPEED     2.9


SKY COVER
  POSSIBLE SUNSHINE  MM
  AVERAGE SKY COVER 0.4


WEATHER CONDITIONS
 THE FOLLOWING WEATHER WAS RECORDED TODAY.
  NO SIGNIFICANT WEATHER WAS OBSERVED.


RELATIVE HUMIDITY (PERCENT)
 HIGHEST   100          1200 AM
 LOWEST     67           300 PM
 AVERAGE    84

..........................................................


THE DE QUEEN CLIMATE NORMALS FOR TOMORROW
                         NORMAL    RECORD    YEAR
 MAXIMUM TEMPERATURE (F)   62        81      1955
 MINIMUM TEMPERATURE (F)   36        17      1964


SUNRISE AND SUNSET
NOVEMBER 21 2017......SUNRISE   656 AM CST   SUNSET   511 PM CST
NOVEMBER 22 2017......SUNRISE   657 AM CST   SUNSET   510 PM CST


-  INDICATES NEGATIVE NUMBERS.
R  INDICATES RECORD WAS SET OR TIED.
MM INDICATES DATA IS MISSING.
T  INDICATES TRACE AMOUNT.




$$
