996
CDUS44 KSHV 272155
CLIDEQ


CLIMATE REPORT
NATIONAL WEATHER SERVICE SHREVEPORT, LA
455 PM CDT SAT MAY 27 2017


...................................

...THE DE QUEEN CLIMATE SUMMARY FOR MAY 27 2017...
VALID TODAY AS OF 0400 PM LOCAL TIME.

CLIMATE NORMAL PERIOD 1981 TO 2010
CLIMATE RECORD PERIOD 1902 TO 2017


WEATHER ITEM   OBSERVED TIME   RECORD YEAR NORMAL DEPARTURE LAST
                VALUE   (LST)  VALUE       VALUE  FROM      YEAR
                                                  NORMAL
..................................................................
TEMPERATURE (F)
 TODAY
  MAXIMUM         90    225 PM  93    2012  84      6       74
  MINIMUM         77    703 AM  44    1961  62     15       64
  AVERAGE         84                        73     11       69

PRECIPITATION (IN)
  TODAY            0.00          3.14 1976   0.14  -0.14     0.01
  MONTH TO DATE    2.59                      5.02  -2.43     1.32
  SINCE DEC 1     21.84                     24.95  -3.11    28.80
  SINCE JAN 1     19.13                     20.59  -1.46    18.52

DEGREE DAYS
 HEATING
  TODAY            0                         0      0        0
  MONTH TO DATE   24                        21      3       27
  SINCE MAR 1    332                       551   -219      370
  SINCE JUL 1   2101                      3042   -941     2322

 COOLING
  TODAY           19                         8     11        4
  MONTH TO DATE  136                       137     -1      108
  SINCE MAR 1    233                       182     51      158
  SINCE JAN 1    243                       184     59      158
..................................................................


WIND (MPH)
  HIGHEST WIND SPEED    16   HIGHEST WIND DIRECTION     S (190)
  HIGHEST GUST SPEED    22   HIGHEST GUST DIRECTION     S (200)
  AVERAGE WIND SPEED     7.9


SKY COVER
  POSSIBLE SUNSHINE  MM
  AVERAGE SKY COVER 0.9


WEATHER CONDITIONS
 THE FOLLOWING WEATHER WAS RECORDED TODAY.
  FOG
  HAZE


RELATIVE HUMIDITY (PERCENT)
 HIGHEST    94           500 AM
 LOWEST     68          1200 PM
 AVERAGE    81

..........................................................


THE DE QUEEN CLIMATE NORMALS FOR TOMORROW
                         NORMAL    RECORD    YEAR
 MAXIMUM TEMPERATURE (F)   84        94      1977
 MINIMUM TEMPERATURE (F)   62        44      1961


SUNRISE AND SUNSET
MAY 27 2017...........SUNRISE   609 AM CDT   SUNSET   821 PM CDT
MAY 28 2017...........SUNRISE   609 AM CDT   SUNSET   822 PM CDT


-  INDICATES NEGATIVE NUMBERS.
R  INDICATES RECORD WAS SET OR TIED.
MM INDICATES DATA IS MISSING.
T  INDICATES TRACE AMOUNT.




$$
