000
CDUS44 KSHV 202208
CLIDEQ


CLIMATE REPORT
NATIONAL WEATHER SERVICE SHREVEPORT, LA
507 PM CDT SAT SEP 20 2014


...................................

...THE DE QUEEN CLIMATE SUMMARY FOR SEPTEMBER 20 2014...
VALID TODAY AS OF 0500 PM LOCAL TIME.

CLIMATE NORMAL PERIOD 1981 TO 2010
CLIMATE RECORD PERIOD 1902 TO 2014


WEATHER ITEM   OBSERVED TIME   RECORD YEAR NORMAL DEPARTURE LAST
                VALUE   (LST)  VALUE       VALUE  FROM      YEAR
                                                  NORMAL
..................................................................
TEMPERATURE (F)
 TODAY
  MAXIMUM         88    259 PM 101    1954  85      3       74
  MINIMUM         65    635 AM  40    1981  59      6       68
  AVERAGE         77                        72      5       71

PRECIPITATION (IN)
  TODAY            0.00          4.27 2013   0.12  -0.12     4.27
  MONTH TO DATE    7.09                      2.42   4.67     4.88
  SINCE DEC 1     35.37                     38.37  -3.00    29.23
  SINCE JAN 1     33.44                     34.01  -0.57    25.18

DEGREE DAYS
 HEATING
  TODAY            0                         0      0        0
  MONTH TO DATE    1                         0      1        0
  SINCE SEP 1      1                         0      1        0
  SINCE JUL 1      1                         0      1        0

 COOLING
  TODAY           12                         7      5        6
  MONTH TO DATE  246                       218     28      301
  SINCE SEP 1    246                       218     28      301
  SINCE JAN 1   1576                      1810   -234     1864
..................................................................


WIND (MPH)
  HIGHEST WIND SPEED     7   HIGHEST WIND DIRECTION     W (280)
  HIGHEST GUST SPEED    10   HIGHEST GUST DIRECTION    NW (310)
  AVERAGE WIND SPEED     1.5


SKY COVER
  POSSIBLE SUNSHINE  MM
  AVERAGE SKY COVER 0.5


WEATHER CONDITIONS
 THE FOLLOWING WEATHER WAS RECORDED TODAY.
  FOG
  FOG W/VISIBILITY <= 1/4 MILE


RELATIVE HUMIDITY (PERCENT)
 HIGHEST   100          1200 AM
 LOWEST     53           200 PM
 AVERAGE    77

..........................................................


THE DE QUEEN CLIMATE NORMALS FOR TOMORROW
                         NORMAL    RECORD    YEAR
 MAXIMUM TEMPERATURE (F)   84       101      2005
 MINIMUM TEMPERATURE (F)   59        43      1981


SUNRISE AND SUNSET
SEPTEMBER 20 2014.....SUNRISE   704 AM CDT   SUNSET   717 PM CDT
SEPTEMBER 21 2014.....SUNRISE   705 AM CDT   SUNSET   716 PM CDT


-  INDICATES NEGATIVE NUMBERS.
R  INDICATES RECORD WAS SET OR TIED.
MM INDICATES DATA IS MISSING.
T  INDICATES TRACE AMOUNT.




$$
