000
CDUS46 KOTX 240818
CLIDEW


CLIMATE REPORT
NATIONAL WEATHER SERVICE SPOKANE, WA
116 AM PDT SUN MAY 24 2015


...................................

...THE DEER_PARK WA AIRPORT CLIMATE SUMMARY FOR MAY 23 2015...

CLIMATE NORMAL PERIOD 1981 TO 2010
CLIMATE RECORD PERIOD 9999 TO 9999


WEATHER ITEM   OBSERVED TIME   RECORD YEAR NORMAL DEPARTURE LAST
                VALUE   (LST)  VALUE       VALUE  FROM      YEAR
                                                  NORMAL
..................................................................
TEMPERATURE (F)
 YESTERDAY
  MAXIMUM         84        MM  MM      MM  68     16       75
  MINIMUM         43        MM  MM      MM  40      3       47
  AVERAGE         64                        54     10       61

PRECIPITATION (IN)
  YESTERDAY        0.00         MM      MM   0.06  -0.06     0.05
  MONTH TO DATE    0.61                      1.29  -0.68     0.91
  SINCE OCT 1     14.42                     17.01  -2.59    14.68
  SINCE JAN 1      8.03                      9.19  -1.16    10.88

SNOWFALL (IN)
  YESTERDAY       MM

DEGREE DAYS
 HEATING
  YESTERDAY        1                        11    -10        4
  MONTH TO DATE  209                       322   -113      255
  SINCE MAR 1   1512                      1768   -256     1734
  SINCE JUL 1   6081                      7133  -1052     7128

 COOLING
  YESTERDAY        0                         0      0        0
  MONTH TO DATE    4                         0      4        0
  SINCE MAR 1      4                         0      4        0
  SINCE JAN 1      4                         0      4        0
..................................................................


WIND (MPH)
  HIGHEST WIND SPEED    13   HIGHEST WIND DIRECTION     E (110)
  HIGHEST GUST SPEED    21   HIGHEST GUST DIRECTION     E (80)
  AVERAGE WIND SPEED     4.3


SKY COVER
  POSSIBLE SUNSHINE  MM
  AVERAGE SKY COVER 0.0


WEATHER CONDITIONS
 THE FOLLOWING WEATHER WAS RECORDED YESTERDAY.
  NO SIGNIFICANT WEATHER WAS OBSERVED.


RELATIVE HUMIDITY (PERCENT)
 HIGHEST    96           400 AM
 LOWEST     14           200 PM
 AVERAGE    55

..........................................................


THE DEER_PARK WA AIRPORT CLIMATE NORMALS FOR TODAY
                         NORMAL    RECORD    YEAR
 MAXIMUM TEMPERATURE (F)   68        MM        MM
 MINIMUM TEMPERATURE (F)   41        MM        MM


SUNRISE AND SUNSET
MAY 24 2015...........SUNRISE   501 AM PDT   SUNSET   832 PM PDT
MAY 25 2015...........SUNRISE   500 AM PDT   SUNSET   834 PM PDT


-  INDICATES NEGATIVE NUMBERS.
R  INDICATES RECORD WAS SET OR TIED.
MM INDICATES DATA IS MISSING.
T  INDICATES TRACE AMOUNT.




$$
