000
CDUS46 KOTX 110841
CLIDEW


CLIMATE REPORT
NATIONAL WEATHER SERVICE SPOKANE, WA
1241 AM PST SUN DEC 11 2016


...................................

...THE DEER_PARK WA AIRPORT CLIMATE SUMMARY FOR DECEMBER 10 2016...

CLIMATE NORMAL PERIOD 1981 TO 2010
CLIMATE RECORD PERIOD 9999 TO 9999


WEATHER ITEM   OBSERVED TIME   RECORD YEAR NORMAL DEPARTURE LAST
                VALUE   (LST)  VALUE       VALUE  FROM      YEAR
                                                  NORMAL
..................................................................
TEMPERATURE (F)
 YESTERDAY
  MAXIMUM         23   1159 PM  MM      MM  32     -9       42
  MINIMUM         17    615 AM  MM      MM  19     -2       28
  AVERAGE         20                        26     -6       35

PRECIPITATION (IN)
  YESTERDAY        0.18         MM      MM   0.09   0.09     0.34
  MONTH TO DATE    0.40                      0.89  -0.49     3.71
  SINCE OCT 1     10.23                      5.84   4.39     6.90
  SINCE JAN 1     24.80                     20.28   4.52    17.87

SNOWFALL (IN)
  YESTERDAY       MM

DEGREE DAYS
 HEATING
  YESTERDAY       45                        39      6       30
  MONTH TO DATE  387                       380      7      287
  SINCE DEC 1    387                       380      7      287
  SINCE JUL 1   2028                      2383   -355     1958

 COOLING
  YESTERDAY        0                         0      0        0
  MONTH TO DATE    0                         0      0        0
  SINCE DEC 1      0                         0      0        0
  SINCE JAN 1    212                       187     25      391
..................................................................


WIND (MPH)
  HIGHEST WIND SPEED    12   HIGHEST WIND DIRECTION     S (170)
  HIGHEST GUST SPEED    16   HIGHEST GUST DIRECTION    NE (30)
  AVERAGE WIND SPEED     4.2


SKY COVER
  POSSIBLE SUNSHINE  MM
  AVERAGE SKY COVER 1.0


WEATHER CONDITIONS
 THE FOLLOWING WEATHER WAS RECORDED YESTERDAY.
  SNOW
  LIGHT SNOW
  FOG


RELATIVE HUMIDITY (PERCENT)
 HIGHEST    92          1000 PM
 LOWEST     84          1200 AM
 AVERAGE    88

..........................................................


THE DEER_PARK WA AIRPORT CLIMATE NORMALS FOR TODAY
                         NORMAL    RECORD    YEAR
 MAXIMUM TEMPERATURE (F)   32        MM        MM
 MINIMUM TEMPERATURE (F)   19        MM        MM


SUNRISE AND SUNSET
DECEMBER 11 2016......SUNRISE   730 AM PST   SUNSET   357 PM PST
DECEMBER 12 2016......SUNRISE   731 AM PST   SUNSET   357 PM PST


-  INDICATES NEGATIVE NUMBERS.
R  INDICATES RECORD WAS SET OR TIED.
MM INDICATES DATA IS MISSING.
T  INDICATES TRACE AMOUNT.




$$
