000
CDUS44 KFWD 260700
CLIDFW


CLIMATE REPORT
NATIONAL WEATHER SERVICE FORT WORTH TX
158 AM CDT TUE MAY 26 2015


...................................

...THE DALLAS FORT WORTH CLIMATE SUMMARY FOR MAY 25 2015...

CLIMATE NORMAL PERIOD 1981 TO 2010
CLIMATE RECORD PERIOD 1898 TO 2015


WEATHER ITEM   OBSERVED TIME   RECORD YEAR NORMAL DEPARTURE LAST
                VALUE   (LST)  VALUE       VALUE  FROM      YEAR
                                                  NORMAL
..................................................................
TEMPERATURE (F)
 YESTERDAY
  MAXIMUM         76    135 PM  97    1980  86    -10       87
  MINIMUM         59   1159 PM  51    1979  67     -8       70
  AVERAGE         68                        76     -8       79

PRECIPITATION (IN)
  YESTERDAY        0.43          2.31 1957   0.15   0.28     1.90
  MONTH TO DATE   11.88                      3.96   7.92     3.15
  SINCE MAR 1     19.97                     10.52   9.45     6.34
  SINCE JAN 1     26.55                     15.31  11.24     7.08

DEGREE DAYS
 HEATING
  YESTERDAY        0                         0      0        0
  MONTH TO DATE    6                         6      0        9
  SINCE MAR 1    363                       350     13      430
  SINCE JUL 1   2399                      2282    117     2603

 COOLING
  YESTERDAY        3                        12     -9       14
  MONTH TO DATE  158                       210    -52      237
  SINCE MAR 1    281                       341    -60      404
  SINCE JAN 1    281                       348    -67      404
..................................................................


WIND (MPH)
  HIGHEST WIND SPEED    30   HIGHEST WIND DIRECTION    NW (320)
  HIGHEST GUST SPEED    43   HIGHEST GUST DIRECTION     W (280)
  AVERAGE WIND SPEED    10.4


SKY COVER
  POSSIBLE SUNSHINE  MM
  AVERAGE SKY COVER 0.9


WEATHER CONDITIONS
 THE FOLLOWING WEATHER WAS RECORDED YESTERDAY.
  THUNDERSTORM
  HEAVY RAIN
  RAIN
  LIGHT RAIN
  FOG
  FOG W/VISIBILITY <= 1/4 MILE


RELATIVE HUMIDITY (PERCENT)
 HIGHEST   100          1200 AM
 LOWEST     82          1100 AM
 AVERAGE    91

..........................................................


THE DALLAS FORT WORTH CLIMATE NORMALS FOR TODAY
                         NORMAL    RECORD    YEAR
 MAXIMUM TEMPERATURE (F)   86        99      1980
 MINIMUM TEMPERATURE (F)   67        50      1901


SUNRISE AND SUNSET
MAY 26 2015...........SUNRISE   623 AM CDT   SUNSET   828 PM CDT
MAY 27 2015...........SUNRISE   622 AM CDT   SUNSET   828 PM CDT


-  INDICATES NEGATIVE NUMBERS.
R  INDICATES RECORD WAS SET OR TIED.
MM INDICATES DATA IS MISSING.
T  INDICATES TRACE AMOUNT.




$$
