000
CDUS44 KFWD 290716
CLIDFW

CLIMATE REPORT
NATIONAL WEATHER SERVICE FORT WORTH TX
215 AM CDT TUE JUL 29 2014


...................................

...THE DALLAS FORT WORTH CLIMATE SUMMARY FOR JULY 28 2014...

CLIMATE NORMAL PERIOD 1981 TO 2010
CLIMATE RECORD PERIOD 1898 TO 2014


WEATHER ITEM   OBSERVED TIME   RECORD YEAR NORMAL DEPARTURE LAST
                VALUE   (LST)  VALUE       VALUE  FROM      YEAR
                                                  NORMAL
..................................................................
TEMPERATURE (F)
 YESTERDAY
  MAXIMUM         96   1211 PM 105    2008  97     -1       93
                                      1995
  MINIMUM         78   1145 PM  66    1994  76      2       69
  AVERAGE         87                        86      1       81

PRECIPITATION (IN)
  YESTERDAY        0.00          2.43 2004   0.06  -0.06     0.00
  MONTH TO DATE    0.81                      2.00  -1.19     2.05
  SINCE JUN 1      4.07                      5.79  -1.72     4.19
  SINCE JAN 1     11.40                     22.04 -10.64    17.35

DEGREE DAYS
 HEATING
  YESTERDAY        0                         0      0        0
  MONTH TO DATE    0                         0      0        0
  SINCE JUN 1      0                         0      0        0
  SINCE JUL 1      0                         0      0        0

 COOLING
  YESTERDAY       22                        21      1       16
  MONTH TO DATE  547                       567    -20      536
  SINCE JUN 1   1074                      1058     16     1074
  SINCE JAN 1   1550                      1480     70     1463
..................................................................


WIND (MPH)
  HIGHEST WIND SPEED    26   HIGHEST WIND DIRECTION     N (350)
  HIGHEST GUST SPEED    33   HIGHEST GUST DIRECTION     N (10)
  AVERAGE WIND SPEED    11.8


SKY COVER
  POSSIBLE SUNSHINE  MM
  AVERAGE SKY COVER 0.6


WEATHER CONDITIONS
 THE FOLLOWING WEATHER WAS RECORDED YESTERDAY.
  NO SIGNIFICANT WEATHER WAS OBSERVED.


RELATIVE HUMIDITY (PERCENT)
 HIGHEST    74           700 AM
 LOWEST     32           400 PM
 AVERAGE    53

..........................................................


THE DALLAS FORT WORTH CLIMATE NORMALS FOR TODAY
                         NORMAL    RECORD    YEAR
 MAXIMUM TEMPERATURE (F)   97       109      1912
 MINIMUM TEMPERATURE (F)   76        67      1984


SUNRISE AND SUNSET
JULY 29 2014..........SUNRISE   640 AM CDT   SUNSET   829 PM CDT
JULY 30 2014..........SUNRISE   640 AM CDT   SUNSET   828 PM CDT


-  INDICATES NEGATIVE NUMBERS.
R  INDICATES RECORD WAS SET OR TIED.
MM INDICATES DATA IS MISSING.
T  INDICATES TRACE AMOUNT.




$$
