000
CDUS44 KFWD 250638
CLIDFW

CLIMATE REPORT
NATIONAL WEATHER SERVICE FORT WORTH TX
1239 AM CST SUN JAN 25 2015


...................................

...THE DALLAS FORT WORTH CLIMATE SUMMARY FOR JANUARY 24 2015...

CLIMATE NORMAL PERIOD 1981 TO 2010
CLIMATE RECORD PERIOD 1898 TO 2015


WEATHER ITEM   OBSERVED TIME   RECORD YEAR NORMAL DEPARTURE LAST
                VALUE   (LST)  VALUE       VALUE  FROM      YEAR
                                                  NORMAL
..................................................................
TEMPERATURE (F)
 YESTERDAY
  MAXIMUM         60    509 PM  82    1943  57      3       43
  MINIMUM         33    747 AM   9    1963  36     -3       18
  AVERAGE         47                        46      1       31

PRECIPITATION (IN)
  YESTERDAY        0.00          1.36 1949   0.08  -0.08     0.00
  MONTH TO DATE    3.08                      1.59   1.49     0.33
  SINCE DEC 1      4.21                      4.14   0.07     3.09
  SINCE JAN 1      3.08                      1.59   1.49     0.33

SNOWFALL (IN)
  YESTERDAY        0.0           4.0  1948   0.0    0.0      0.0
  MONTH TO DATE    T                         0.2   -0.2       T
  SINCE DEC 1      T                         0.5   -0.5      2.1
  SINCE JUL 1      T                         0.5   -0.5      2.1
  SNOW DEPTH       0

DEGREE DAYS
 HEATING
  YESTERDAY       18                        19     -1       34
  MONTH TO DATE  559                       467     92      465
  SINCE DEC 1   1015                      1025    -10     1136
  SINCE JUL 1   1433                      1379     54     1537

 COOLING
  YESTERDAY        0                         0      0        0
  MONTH TO DATE    0                         0      0        0
  SINCE DEC 1      1                         4     -3        0
  SINCE JAN 1      0                         0      0        0
..................................................................


WIND (MPH)
  HIGHEST WIND SPEED    14   HIGHEST WIND DIRECTION    NW (320)
  HIGHEST GUST SPEED    16   HIGHEST GUST DIRECTION    NW (310)
  AVERAGE WIND SPEED     8.3


SKY COVER
  POSSIBLE SUNSHINE  MM
  AVERAGE SKY COVER 0.4


WEATHER CONDITIONS
 THE FOLLOWING WEATHER WAS RECORDED YESTERDAY.
  NO SIGNIFICANT WEATHER WAS OBSERVED.


RELATIVE HUMIDITY (PERCENT)
 HIGHEST    89           500 AM
 LOWEST     37           300 PM
 AVERAGE    63

..........................................................


THE DALLAS FORT WORTH CLIMATE NORMALS FOR TODAY
                         NORMAL    RECORD    YEAR
 MAXIMUM TEMPERATURE (F)   57        84      1952
 MINIMUM TEMPERATURE (F)   36        12      1940


SUNRISE AND SUNSET
JANUARY 25 2015.......SUNRISE   727 AM CST   SUNSET   554 PM CST
JANUARY 26 2015.......SUNRISE   727 AM CST   SUNSET   555 PM CST


-  INDICATES NEGATIVE NUMBERS.
R  INDICATES RECORD WAS SET OR TIED.
MM INDICATES DATA IS MISSING.
T  INDICATES TRACE AMOUNT.


$$


58
