000
CDUS44 KFWD 250642
CLIDFW


CLIMATE REPORT
NATIONAL WEATHER SERVICE FORT WORTH TX
142 AM CDT SUN JUN 25 2017


...................................

...THE DALLAS FORT WORTH CLIMATE SUMMARY FOR JUNE 24 2017...

CLIMATE NORMAL PERIOD 1981 TO 2010
CLIMATE RECORD PERIOD 1898 TO 2017


WEATHER ITEM   OBSERVED TIME   RECORD YEAR NORMAL DEPARTURE LAST
                VALUE   (LST)  VALUE       VALUE  FROM      YEAR
                                                  NORMAL
..................................................................
TEMPERATURE (F)
 YESTERDAY
  MAXIMUM         84    551 PM 106    1980  93     -9       95
  MINIMUM         70    909 AM  61    1903  73     -3       77
  AVERAGE         77                        83     -6       86

PRECIPITATION (IN)
  YESTERDAY        3.84R         1.76 1917   0.12   3.72     0.00
  MONTH TO DATE    7.93                      3.17   4.76     3.60
  SINCE JUN 1      7.93                      3.17   4.76     3.60
  SINCE JAN 1     19.79                     19.42   0.37    20.36

DEGREE DAYS
 HEATING
  YESTERDAY        0                         0      0        0
  MONTH TO DATE    0                         0      0        0
  SINCE JUN 1      0                         0      0        0
  SINCE JUL 1   1305                      2284   -979     1592

 COOLING
  YESTERDAY       12                        18     -6       21
  MONTH TO DATE  426                       381     45      440
  SINCE JUN 1    426                       381     45      440
  SINCE JAN 1   1108                       803    305      863
..................................................................


WIND (MPH)
  HIGHEST WIND SPEED    26   HIGHEST WIND DIRECTION    NE (60)
  HIGHEST GUST SPEED    32   HIGHEST GUST DIRECTION    NE (60)
  AVERAGE WIND SPEED     8.8


SKY COVER
  POSSIBLE SUNSHINE  MM
  AVERAGE SKY COVER 0.7


WEATHER CONDITIONS
 THE FOLLOWING WEATHER WAS RECORDED YESTERDAY.
  THUNDERSTORM
  HEAVY RAIN
  RAIN
  LIGHT RAIN
  FOG


RELATIVE HUMIDITY (PERCENT)
 HIGHEST   100           700 AM
 LOWEST     58           600 PM
 AVERAGE    79

..........................................................


THE DALLAS FORT WORTH CLIMATE NORMALS FOR TODAY
                         NORMAL    RECORD    YEAR
 MAXIMUM TEMPERATURE (F)   93       109      1980
 MINIMUM TEMPERATURE (F)   73        60      1974


SUNRISE AND SUNSET
JUNE 25 2017..........SUNRISE   621 AM CDT   SUNSET   840 PM CDT
JUNE 26 2017..........SUNRISE   622 AM CDT   SUNSET   840 PM CDT


-  INDICATES NEGATIVE NUMBERS.
R  INDICATES RECORD WAS SET OR TIED.
MM INDICATES DATA IS MISSING.
T  INDICATES TRACE AMOUNT.




$$
