000
CDUS44 KFWD 082231
CLIDFW


CLIMATE REPORT
NATIONAL WEATHER SERVICE FORT WORTH TX
431 PM CST MON FEB 8 2016


...................................

...THE DALLAS FORT WORTH CLIMATE SUMMARY FOR FEBRUARY 8 2016...
VALID AS OF 0400 PM LOCAL TIME.

CLIMATE NORMAL PERIOD 1981 TO 2010
CLIMATE RECORD PERIOD 1898 TO 2016


WEATHER ITEM   OBSERVED TIME   RECORD YEAR NORMAL DEPARTURE LAST
                VALUE   (LST)  VALUE       VALUE  FROM      YEAR
                                                  NORMAL
..................................................................
TEMPERATURE (F)
 TODAY
  MAXIMUM         57    359 PM  85    1962  59     -2       73
  MINIMUM         41    706 AM   2    1933  38      3       51
  AVERAGE         49

PRECIPITATION (IN)
  TODAY            0.00          3.01 1965   0.09  -0.09     0.00
  MONTH TO DATE    T                         0.66  -0.66     0.10
  SINCE DEC 1      4.87                      5.34  -0.47     4.85
  SINCE JAN 1      1.04                      2.79  -1.75     3.72

SNOWFALL (IN)
  TODAY           MM             2.6  1929   0.0   MM        0.0
  MONTH TO DATE    0.0                       0.3   -0.3      0.0
  SINCE DEC 1      T                         0.8   -0.8       T
  SINCE JUL 1      T                         0.8   -0.8       T
  SNOW DEPTH       0

..................................................................


WIND (MPH)
  HIGHEST WIND SPEED    37   HIGHEST WIND DIRECTION    NW (330)
  HIGHEST GUST SPEED    46   HIGHEST GUST DIRECTION    NW (310)
  AVERAGE WIND SPEED    19.8




..........................................................


THE DALLAS FORT WORTH CLIMATE NORMALS FOR TOMORROW
                         NORMAL    RECORD    YEAR
 MAXIMUM TEMPERATURE (F)   59        87      1960
 MINIMUM TEMPERATURE (F)   38        11      1933


SUNRISE AND SUNSET
FEBRUARY  8 2016......SUNRISE   718 AM CST   SUNSET   607 PM CST
FEBRUARY  9 2016......SUNRISE   717 AM CST   SUNSET   608 PM CST


-  INDICATES NEGATIVE NUMBERS.
R  INDICATES RECORD WAS SET OR TIED.
MM INDICATES DATA IS MISSING.
T  INDICATES TRACE AMOUNT.




$$
