000
CDUS44 KFWD 270639
CLIDFW


CLIMATE REPORT
NATIONAL WEATHER SERVICE FORT WORTH TX
137 AM CDT THU APR 27 2017


...................................

...THE DALLAS FORT WORTH CLIMATE SUMMARY FOR APRIL 26 2017...

CLIMATE NORMAL PERIOD 1981 TO 2010
CLIMATE RECORD PERIOD 1898 TO 2017


WEATHER ITEM   OBSERVED TIME   RECORD YEAR NORMAL DEPARTURE LAST
                VALUE   (LST)  VALUE       VALUE  FROM      YEAR
                                                  NORMAL
..................................................................
TEMPERATURE (F)
 YESTERDAY
  MAXIMUM         76    404 AM  90    1955  79     -3       85
  MINIMUM         51   1154 PM  39    1910  58     -7       63
  AVERAGE         64                        68     -4       74

PRECIPITATION (IN)
  YESTERDAY        0.05          4.55 1957   0.13  -0.08     0.73
  MONTH TO DATE    3.37                      2.55   0.82     4.53
  SINCE MAR 1      4.43                      6.04  -1.61     7.20
  SINCE JAN 1     11.15                     10.83   0.32    10.44

SNOWFALL (IN)
  YESTERDAY        0.0           0.0         0.0    0.0      0.0
  MONTH TO DATE    0.0                       0.0    0.0      0.0
  SINCE MAR 1      0.0                       0.2   -0.2      0.0
  SINCE JUL 1      0.1                       1.6   -1.5       T
  SNOW DEPTH       0

DEGREE DAYS
 HEATING
  YESTERDAY        1                         1      0        0
  MONTH TO DATE   17                        79    -62       27
  SINCE MAR 1    110                       340   -230      169
  SINCE JUL 1   1298                      2272   -974     1580

 COOLING
  YESTERDAY        0                         5     -5        9
  MONTH TO DATE  139                        79     60      100
  SINCE MAR 1    262                       111    151      130
  SINCE JAN 1    330                       118    212      141
..................................................................


WIND (MPH)
  HIGHEST WIND SPEED    29   HIGHEST WIND DIRECTION    NW (320)
  HIGHEST GUST SPEED    36   HIGHEST GUST DIRECTION    NW (320)
  AVERAGE WIND SPEED    14.5


SKY COVER
  POSSIBLE SUNSHINE  MM
  AVERAGE SKY COVER 0.7


WEATHER CONDITIONS
 THE FOLLOWING WEATHER WAS RECORDED YESTERDAY.
  THUNDERSTORM
  LIGHT RAIN
  FOG


RELATIVE HUMIDITY (PERCENT)
 HIGHEST    93           600 AM
 LOWEST     52           400 PM
 AVERAGE    73

..........................................................


THE DALLAS FORT WORTH CLIMATE NORMALS FOR TODAY
                         NORMAL    RECORD    YEAR
 MAXIMUM TEMPERATURE (F)   79        92      1987
 MINIMUM TEMPERATURE (F)   58        44      1920


SUNRISE AND SUNSET
APRIL 27 2017.........SUNRISE   645 AM CDT   SUNSET   807 PM CDT
APRIL 28 2017.........SUNRISE   643 AM CDT   SUNSET   808 PM CDT


-  INDICATES NEGATIVE NUMBERS.
R  INDICATES RECORD WAS SET OR TIED.
MM INDICATES DATA IS MISSING.
T  INDICATES TRACE AMOUNT.




$$
