000
CDUS44 KFWD 280642
CLIDFW


CLIMATE REPORT
NATIONAL WEATHER SERVICE FORT WORTH TX
140 AM CDT SAT MAY 28 2016


...................................

...THE DALLAS FORT WORTH CLIMATE SUMMARY FOR MAY 27 2016...

CLIMATE NORMAL PERIOD 1981 TO 2010
CLIMATE RECORD PERIOD 1898 TO 2016


WEATHER ITEM   OBSERVED TIME   RECORD YEAR NORMAL DEPARTURE LAST
                VALUE   (LST)  VALUE       VALUE  FROM      YEAR
                                                  NORMAL
..................................................................
TEMPERATURE (F)
 YESTERDAY
  MAXIMUM         82    454 PM 103    1928  87     -5       85
  MINIMUM         66   1101 PM  47    1901  67     -1       58
  AVERAGE         74                        77     -3       72

PRECIPITATION (IN)
  YESTERDAY        0.92          2.39 2004   0.16   0.76      T
  MONTH TO DATE    4.02                      4.27  -0.25    12.31
  SINCE MAR 1     11.29                     10.83   0.46    20.40
  SINCE JAN 1     14.53                     15.62  -1.09    26.98

DEGREE DAYS
 HEATING
  YESTERDAY        0                         0      0        0
  MONTH TO DATE   12                         6      6        6
  SINCE MAR 1    181                       350   -169      363
  SINCE JUL 1   1592                      2282   -690     2399

 COOLING
  YESTERDAY        9                        12     -3        7
  MONTH TO DATE  200                       234    -34      170
  SINCE MAR 1    361                       365     -4      293
  SINCE JAN 1    372                       372      0      293
..................................................................


WIND (MPH)
  HIGHEST WIND SPEED    31   HIGHEST WIND DIRECTION     S (160)
  HIGHEST GUST SPEED    40   HIGHEST GUST DIRECTION    SE (150)
  AVERAGE WIND SPEED    13.8


SKY COVER
  POSSIBLE SUNSHINE  MM
  AVERAGE SKY COVER 0.7


WEATHER CONDITIONS
 THE FOLLOWING WEATHER WAS RECORDED YESTERDAY.
  THUNDERSTORM
  HEAVY RAIN
  RAIN
  LIGHT RAIN
  FOG
  HAZE


RELATIVE HUMIDITY (PERCENT)
 HIGHEST    87           600 AM
 LOWEST     51           500 PM
 AVERAGE    69

..........................................................


THE DALLAS FORT WORTH CLIMATE NORMALS FOR TODAY
                         NORMAL    RECORD    YEAR
 MAXIMUM TEMPERATURE (F)   87       107      1927
 MINIMUM TEMPERATURE (F)   68        51      1907


SUNRISE AND SUNSET
MAY 28 2016...........SUNRISE   622 AM CDT   SUNSET   829 PM CDT
MAY 29 2016...........SUNRISE   621 AM CDT   SUNSET   830 PM CDT


-  INDICATES NEGATIVE NUMBERS.
R  INDICATES RECORD WAS SET OR TIED.
MM INDICATES DATA IS MISSING.
T  INDICATES TRACE AMOUNT.




$$
