000
CDUS44 KFWD 060645
CLIDFW


CLIMATE REPORT
NATIONAL WEATHER SERVICE FORT WORTH TX
145 AM CDT FRI MAY 6 2016


...................................

...THE DALLAS FORT WORTH CLIMATE SUMMARY FOR MAY 5 2016...

CLIMATE NORMAL PERIOD 1981 TO 2010
CLIMATE RECORD PERIOD 1898 TO 2016


WEATHER ITEM   OBSERVED TIME   RECORD YEAR NORMAL DEPARTURE LAST
                VALUE   (LST)  VALUE       VALUE  FROM      YEAR
                                                  NORMAL
..................................................................
TEMPERATURE (F)
 YESTERDAY
  MAXIMUM         83    407 PM  95    1984  81      2       81
  MINIMUM         57    406 AM  44    1935  61     -4       61
                                      1917
  AVERAGE         70                        71     -1       71

PRECIPITATION (IN)
  YESTERDAY        0.00          3.50 1995   0.16  -0.16     0.14
  MONTH TO DATE    0.60                      0.77  -0.17     0.14
  SINCE MAR 1      7.87                      7.33   0.54     8.23
  SINCE JAN 1     11.11                     12.12  -1.01    14.81

DEGREE DAYS
 HEATING
  YESTERDAY        0                         1     -1        0
  MONTH TO DATE    8                         5      3        0
  SINCE MAR 1    177                       349   -172      357
  SINCE JUL 1   1588                      2281   -693     2393

 COOLING
  YESTERDAY        5                         6     -1        6
  MONTH TO DATE   11                        29    -18       27
  SINCE MAR 1    172                       160     12      150
  SINCE JAN 1    183                       167     16      150
..................................................................


WIND (MPH)
  HIGHEST WIND SPEED    13   HIGHEST WIND DIRECTION    NE (30)
  HIGHEST GUST SPEED    18   HIGHEST GUST DIRECTION     N (20)
  AVERAGE WIND SPEED     5.1


SKY COVER
  POSSIBLE SUNSHINE  MM
  AVERAGE SKY COVER 0.1


WEATHER CONDITIONS
 THE FOLLOWING WEATHER WAS RECORDED YESTERDAY.
  NO SIGNIFICANT WEATHER WAS OBSERVED.


RELATIVE HUMIDITY (PERCENT)
 HIGHEST    78           700 AM
 LOWEST     23           100 PM
 AVERAGE    51

..........................................................


THE DALLAS FORT WORTH CLIMATE NORMALS FOR TODAY
                         NORMAL    RECORD    YEAR
 MAXIMUM TEMPERATURE (F)   81       100      1998
 MINIMUM TEMPERATURE (F)   61        45      1935


SUNRISE AND SUNSET
MAY  6 2016...........SUNRISE   636 AM CDT   SUNSET   814 PM CDT
MAY  7 2016...........SUNRISE   635 AM CDT   SUNSET   815 PM CDT


-  INDICATES NEGATIVE NUMBERS.
R  INDICATES RECORD WAS SET OR TIED.
MM INDICATES DATA IS MISSING.
T  INDICATES TRACE AMOUNT.




$$
