000
CDUS44 KFWD 250651
CLIDFW

CLIMATE REPORT
NATIONAL WEATHER SERVICE FORT WORTH TX
1251 AM CST THU DEC 25 2014

...................................

...THE DALLAS FORT WORTH CLIMATE SUMMARY FOR DECEMBER 24 2014...

CLIMATE NORMAL PERIOD 1981 TO 2010
CLIMATE RECORD PERIOD 1898 TO 2014


WEATHER ITEM   OBSERVED TIME   RECORD YEAR NORMAL DEPARTURE LAST
                VALUE   (LST)  VALUE       VALUE  FROM      YEAR
                                                  NORMAL
..................................................................
TEMPERATURE (F)
 YESTERDAY
  MAXIMUM         51    428 PM  88    1955  56     -5       53
  MINIMUM         36   1159 PM   7    1983  36      0       24
  AVERAGE         44                        46     -2       39

PRECIPITATION (IN)
  YESTERDAY        0.00          1.41 1975   0.09  -0.09     0.00
  MONTH TO DATE    1.12                      2.03  -0.91     2.76
  SINCE DEC 1      1.12                      2.03  -0.91     2.76
  SINCE JAN 1     21.31                     35.62 -14.31    29.40

SNOWFALL (IN)
  YESTERDAY        0.0           3.0  2009   0.0    0.0      0.0
  MONTH TO DATE    0.0                       0.2   -0.2      2.1
  SINCE DEC 1      0.0                       0.2   -0.2      2.1
  SINCE JUL 1      T                         0.2   -0.2      2.1
  SNOW DEPTH       0

DEGREE DAYS
 HEATING
  YESTERDAY       21                        19      2       26
  MONTH TO DATE  313                       420   -107      514
  SINCE DEC 1    313                       420   -107      514
  SINCE JUL 1    731                       774    -43      915

 COOLING
  YESTERDAY        0                         0      0        0
  MONTH TO DATE    1                         0      1        0
  SINCE DEC 1      1                         0      1        0
  SINCE JAN 1   2952                      2752    200     2930
..................................................................

WIND (MPH)
  HIGHEST WIND SPEED    26   HIGHEST WIND DIRECTION    NW (320)
  HIGHEST GUST SPEED    31   HIGHEST GUST DIRECTION    NW (330)
  AVERAGE WIND SPEED    14.4


SKY COVER
  POSSIBLE SUNSHINE  MM
  AVERAGE SKY COVER 0.4


WEATHER CONDITIONS
 THE FOLLOWING WEATHER WAS RECORDED YESTERDAY.
  NO SIGNIFICANT WEATHER WAS OBSERVED.


RELATIVE HUMIDITY (PERCENT)
 HIGHEST    73           400 AM
 LOWEST     42           400 PM
 AVERAGE    58

..........................................................

THE DALLAS FORT WORTH CLIMATE NORMALS FOR TODAY
                         NORMAL    RECORD    YEAR
 MAXIMUM TEMPERATURE (F)   56        78      1934
                                             1922
 MINIMUM TEMPERATURE (F)   36         6      1983


SUNRISE AND SUNSET
DECEMBER 25 2014......SUNRISE   729 AM CST   SUNSET   528 PM CST
DECEMBER 26 2014......SUNRISE   729 AM CST   SUNSET   529 PM CST


-  INDICATES NEGATIVE NUMBERS.
R  INDICATES RECORD WAS SET OR TIED.
MM INDICATES DATA IS MISSING.
T  INDICATES TRACE AMOUNT.

$$

82
