000
CDUS43 KDDC 261430
CLIDGC


CLIMATE REPORT
NATIONAL WEATHER SERVICE DODGE CITY KS
830 AM CST FRI DEC 26 2014


...................................

...THE DODGE CITY KS CLIMATE SUMMARY FOR DECEMBER 26 2014...
VALID AS OF 0800 AM LOCAL TIME.

CLIMATE NORMAL PERIOD 1981 TO 2010
CLIMATE RECORD PERIOD 1875 TO 2014


WEATHER ITEM   OBSERVED TIME   RECORD YEAR NORMAL DEPARTURE LAST
                VALUE   (LST)  VALUE       VALUE  FROM      YEAR
                                                  NORMAL
..................................................................
TEMPERATURE (F)
 TODAY
  MAXIMUM         31    632 AM  71    2005  43    -12       56
  MINIMUM         27    125 AM -15    1876  20      7       24
  AVERAGE         29                        32     -3       40

PRECIPITATION (IN)
  TODAY            0.00          0.28 1959   0.02  -0.02     0.00
  MONTH TO DATE    0.95                      0.71   0.24     0.48
  SINCE DEC 1      0.95                      0.71   0.24     0.48
  SINCE JAN 1     23.13                     21.47   1.66    20.72

SNOWFALL (IN)
  TODAY            0.0           3.0  1959   0.1   -0.1      0.0
  MONTH TO DATE    1.5                       3.4   -1.9      5.5
  SINCE DEC 1      1.5                       3.4   -1.9      5.5
  SINCE JUL 1      3.7                       5.6   -1.9     10.5
  SNOW DEPTH       0

..................................................................


WIND (MPH)
  HIGHEST WIND SPEED    24   HIGHEST WIND DIRECTION     N (10)
  HIGHEST GUST SPEED    29   HIGHEST GUST DIRECTION     N (350)
  AVERAGE WIND SPEED    18.2



WEATHER CONDITIONS
 THE FOLLOWING WEATHER WAS RECORDED TODAY.
  NO SIGNIFICANT WEATHER WAS OBSERVED.


RELATIVE HUMIDITY (PERCENT)
 HIGHEST    85           200 AM
 LOWEST     69          1200 AM

..........................................................


THE DODGE CITY KS CLIMATE NORMALS FOR TOMORROW
                         NORMAL    RECORD    YEAR
 MAXIMUM TEMPERATURE (F)   43        71      1980
 MINIMUM TEMPERATURE (F)   20        -9      1876


SUNRISE AND SUNSET
DECEMBER 26 2014......SUNRISE   754 AM CST   SUNSET   527 PM CST
DECEMBER 27 2014......SUNRISE   754 AM CST   SUNSET   528 PM CST


-  INDICATES NEGATIVE NUMBERS.
R  INDICATES RECORD WAS SET OR TIED.
MM INDICATES DATA IS MISSING.
T  INDICATES TRACE AMOUNT.




$$
