000
CDUS43 KDDC 042339
CLIDGC


CLIMATE REPORT
NATIONAL WEATHER SERVICE DODGE CITY KS
638 PM CDT SAT JUL 4 2015


...................................

...THE DODGE CITY KS CLIMATE SUMMARY FOR JULY 4 2015...
VALID TODAY AS OF 0500 PM LOCAL TIME.

CLIMATE NORMAL PERIOD 1981 TO 2010
CLIMATE RECORD PERIOD 1875 TO 2015


WEATHER ITEM   OBSERVED TIME   RECORD YEAR NORMAL DEPARTURE LAST
                VALUE   (LST)  VALUE       VALUE  FROM      YEAR
                                                  NORMAL
..................................................................
TEMPERATURE (F)
 TODAY
  MAXIMUM         91    434 PM 106    1980  92     -1       88
                                      1953
  MINIMUM         63    603 AM  49    1906  65     -2       64
  AVERAGE         77                        79     -2       76

PRECIPITATION (IN)
  TODAY            0.00          4.74 2010   0.10  -0.10     0.00
  MONTH TO DATE    T                         0.39  -0.39     0.15
  SINCE JUN 1      2.08                      3.63  -1.55     9.24
  SINCE JAN 1     15.80                     11.15   4.65    12.76

SNOWFALL (IN)
  TODAY            0.0           0.0  2002   0.0    0.0      0.0
                                      2001
  MONTH TO DATE    0.0                       0.0    0.0      0.0
  SINCE JUN 1      0.0                       0.0    0.0      0.0
  SINCE JUL 1      0.0                       0.0    0.0      0.0
  SNOW DEPTH       0

DEGREE DAYS
 HEATING
  TODAY            0                         0      0        0
  MONTH TO DATE    0                         0      0        0
  SINCE JUN 1      0                        13    -13        7
  SINCE JUL 1      0                         0      0        0

 COOLING
  TODAY           12                        14     -2       11
  MONTH TO DATE   53                        54     -1       26
  SINCE JUN 1    406                       332     74      310
  SINCE JAN 1    467                       441     26      482
..................................................................


WIND (MPH)
  HIGHEST WIND SPEED    23   HIGHEST WIND DIRECTION     S (160)
  HIGHEST GUST SPEED    30   HIGHEST GUST DIRECTION     S (160)
  AVERAGE WIND SPEED    12.4


SKY COVER
  POSSIBLE SUNSHINE  MM
  AVERAGE SKY COVER 0.1


WEATHER CONDITIONS
 THE FOLLOWING WEATHER WAS RECORDED TODAY.
  THUNDERSTORM
  FOG
  HAZE


RELATIVE HUMIDITY (PERCENT)
 HIGHEST    93           600 AM
 LOWEST     38           200 PM
 AVERAGE    66

..........................................................


THE DODGE CITY KS CLIMATE NORMALS FOR TOMORROW
                         NORMAL    RECORD    YEAR
 MAXIMUM TEMPERATURE (F)   92       105      1991
                                             1978
                                             1966
 MINIMUM TEMPERATURE (F)   65        49      1924


SUNRISE AND SUNSET
JULY  4 2015..........SUNRISE   623 AM CDT   SUNSET   905 PM CDT
JULY  5 2015..........SUNRISE   624 AM CDT   SUNSET   905 PM CDT


-  INDICATES NEGATIVE NUMBERS.
R  INDICATES RECORD WAS SET OR TIED.
MM INDICATES DATA IS MISSING.
T  INDICATES TRACE AMOUNT.




$$
