000
CDUS43 KDDC 202326
CLIDGC


CLIMATE REPORT
NATIONAL WEATHER SERVICE DODGE CITY KS
626 PM CDT SUN APR 20 2014


...................................

...THE DODGE CITY KS CLIMATE SUMMARY FOR APRIL 20 2014...
VALID TODAY AS OF 0500 PM LOCAL TIME.

CLIMATE NORMAL PERIOD 1981 TO 2010
CLIMATE RECORD PERIOD 1875 TO 2014


WEATHER ITEM   OBSERVED TIME   RECORD YEAR NORMAL DEPARTURE LAST
                VALUE   (LST)  VALUE       VALUE  FROM      YEAR
                                                  NORMAL
..................................................................
TEMPERATURE (F)
 TODAY
  MAXIMUM         80    141 PM  92    1902  69     11       66
  MINIMUM         56    516 AM  25    1966  42     14       32
                                      1953
  AVERAGE         68                        55     13       49

PRECIPITATION (IN)
  TODAY            T             1.44 1976   0.06  -0.06     0.00
  MONTH TO DATE    0.46                      1.13  -0.67     0.28
  SINCE MAR 1      0.73                      2.72  -1.99     0.54
  SINCE JAN 1      1.57                      3.98  -2.41     1.92

SNOWFALL (IN)
  TODAY            0.0           T    1931   0.0    0.0      0.0
                                      1907
  MONTH TO DATE    2.2                       1.0    1.2       T
  SINCE MAR 1      6.6                       5.9    0.7      2.1
  SINCE JUL 1     31.1                      21.0   10.1     25.5
  SNOW DEPTH       0

DEGREE DAYS
 HEATING
  TODAY            0                        10    -10       16
  MONTH TO DATE  274                       265      9      381
  SINCE MAR 1   1026                       905    121     1079
  SINCE JUL 1   5183                      4752    431     4790

 COOLING
  TODAY            3                         1      2        0
  MONTH TO DATE   12                         5      7        3
  SINCE MAR 1     12                         6      6        3
  SINCE JAN 1     12                         6      6        3
..................................................................


WIND (MPH)
  HIGHEST WIND SPEED    31   HIGHEST WIND DIRECTION     S (160)
  HIGHEST GUST SPEED    38   HIGHEST GUST DIRECTION    SE (150)
  AVERAGE WIND SPEED    15.9


SKY COVER
  POSSIBLE SUNSHINE  MM
  AVERAGE SKY COVER 0.3


WEATHER CONDITIONS
 THE FOLLOWING WEATHER WAS RECORDED TODAY.
  THUNDERSTORM
  LIGHT RAIN


RELATIVE HUMIDITY (PERCENT)
 HIGHEST    83           500 AM
 LOWEST     36           200 PM
 AVERAGE    60

..........................................................


THE DODGE CITY KS CLIMATE NORMALS FOR TOMORROW
                         NORMAL    RECORD    YEAR
 MAXIMUM TEMPERATURE (F)   69        93      1980
 MINIMUM TEMPERATURE (F)   42        25      1966
                                             1927


SUNRISE AND SUNSET
APRIL 20 2014.........SUNRISE   658 AM CDT   SUNSET   820 PM CDT
APRIL 21 2014.........SUNRISE   657 AM CDT   SUNSET   821 PM CDT


-  INDICATES NEGATIVE NUMBERS.
R  INDICATES RECORD WAS SET OR TIED.
MM INDICATES DATA IS MISSING.
T  INDICATES TRACE AMOUNT.




$$
