000
CDUS45 KCYS 030738
CLIDGW


CLIMATE REPORT
NATIONAL WEATHER SERVICE CHEYENNE WY
138 AM MDT MON AUG 3 2015


...................................

...THE DOUGLAS WY AIRPORT CLIMATE SUMMARY FOR AUGUST 2 2015...

CLIMATE NORMAL PERIOD 1981 TO 2010
CLIMATE RECORD PERIOD 1998 TO 2015


WEATHER ITEM   OBSERVED TIME   RECORD YEAR NORMAL DEPARTURE LAST
                VALUE   (LST)  VALUE       VALUE  FROM      YEAR
                                                  NORMAL
..................................................................
TEMPERATURE (F)
 YESTERDAY
  MAXIMUM         97    211 PM  99    2008  89      8       89
  MINIMUM         54    501 AM  47    2009  55     -1       50
  AVERAGE         76                        72      4       70

PRECIPITATION (IN)
  YESTERDAY        0.00          0.07 2007   0.03  -0.03     0.00
  MONTH TO DATE    0.00                      0.06  -0.06     0.00
  SINCE JAN 1     11.35                      8.97   2.38     8.98

DEGREE DAYS
 HEATING
  YESTERDAY        0                         0      0        0
  MONTH TO DATE    0                         0      0        0
  SINCE JUN 1     35                       125    -90      157
  SINCE JUL 1     13                        15     -2       14

 COOLING
  YESTERDAY       11                         7      4        5
  MONTH TO DATE   21                        15      6       10
  SINCE JUN 1    259                       291    -32      243
  SINCE JAN 1    260                       297    -37      248
..................................................................


WIND (MPH)
  HIGHEST WIND SPEED    21   HIGHEST WIND DIRECTION    SE (130)
  HIGHEST GUST SPEED    28   HIGHEST GUST DIRECTION    SE (140)
  AVERAGE WIND SPEED     7.0


SKY COVER
  AVERAGE SKY COVER 0.0


WEATHER CONDITIONS
 THE FOLLOWING WEATHER WAS RECORDED YESTERDAY.
  NO SIGNIFICANT WEATHER WAS OBSERVED.


RELATIVE HUMIDITY (PERCENT)
 HIGHEST    83           400 AM
 LOWEST      9          1200 PM
 AVERAGE    46

..........................................................


THE DOUGLAS WY AIRPORT CLIMATE NORMALS FOR TODAY
                         NORMAL    RECORD    YEAR
 MAXIMUM TEMPERATURE (F)   89        98      2003
                                             2001
 MINIMUM TEMPERATURE (F)   55        47      2012


SUNRISE AND SUNSET
AUGUST  3 2015........SUNRISE   555 AM MDT   SUNSET   820 PM MDT
AUGUST  4 2015........SUNRISE   556 AM MDT   SUNSET   819 PM MDT


-  INDICATES NEGATIVE NUMBERS.
R  INDICATES RECORD WAS SET OR TIED.
MM INDICATES DATA IS MISSING.
T  INDICATES TRACE AMOUNT.




$$
