000
CDUS45 KCYS 280730
CLIDGW


CLIMATE REPORT
NATIONAL WEATHER SERVICE CHEYENNE WY
129 AM MDT SAT MAR 28 2015


...................................

...THE DOUGLAS WY AIRPORT CLIMATE SUMMARY FOR MARCH 27 2015...

CLIMATE NORMAL PERIOD 1981 TO 2010
CLIMATE RECORD PERIOD 1998 TO 2015


WEATHER ITEM   OBSERVED TIME   RECORD YEAR NORMAL DEPARTURE LAST
                VALUE   (LST)  VALUE       VALUE  FROM      YEAR
                                                  NORMAL
..................................................................
TEMPERATURE (F)
 YESTERDAY
  MAXIMUM         71R   301 PM  66    2000  52     19       40
  MINIMUM         39   1153 PM   0    2009  25     14       29
  AVERAGE         55                        39     16       35

PRECIPITATION (IN)
  YESTERDAY        0.00          0.15 2003   0.04  -0.04     0.02
  MONTH TO DATE    0.11                      0.72  -0.61     0.69
  SINCE JAN 1      0.97                      1.51  -0.54     2.15

DEGREE DAYS
 HEATING
  YESTERDAY       10                        26    -16       30
  MONTH TO DATE  700                       814   -114      807
  SINCE MAR 1    700                       814   -114      807
  SINCE JUL 1   5703                      6214   -511     6397

 COOLING
  YESTERDAY        0                         0      0        0
  MONTH TO DATE    1                         0      1        0
  SINCE MAR 1      1                         0      1        0
  SINCE JAN 1      1                         0      1        0
..................................................................


WIND (MPH)
  HIGHEST WIND SPEED    32   HIGHEST WIND DIRECTION    NW (300)
  HIGHEST GUST SPEED    42   HIGHEST GUST DIRECTION     W (290)
  AVERAGE WIND SPEED    13.6


SKY COVER
  AVERAGE SKY COVER 0.4


WEATHER CONDITIONS
 THE FOLLOWING WEATHER WAS RECORDED YESTERDAY.
  NO SIGNIFICANT WEATHER WAS OBSERVED.


RELATIVE HUMIDITY (PERCENT)
 HIGHEST    70           100 AM
 LOWEST     18           300 PM
 AVERAGE    44

..........................................................


THE DOUGLAS WY AIRPORT CLIMATE NORMALS FOR TODAY
                         NORMAL    RECORD    YEAR
 MAXIMUM TEMPERATURE (F)   53        73      2012
 MINIMUM TEMPERATURE (F)   25        13      2003


SUNRISE AND SUNSET
MARCH 28 2015.........SUNRISE   651 AM MDT   SUNSET   723 PM MDT
MARCH 29 2015.........SUNRISE   649 AM MDT   SUNSET   724 PM MDT


-  INDICATES NEGATIVE NUMBERS.
R  INDICATES RECORD WAS SET OR TIED.
MM INDICATES DATA IS MISSING.
T  INDICATES TRACE AMOUNT.




$$
