000
CDUS45 KCYS 060736
CLIDGW


CLIMATE REPORT
NATIONAL WEATHER SERVICE CHEYENNE WY
1235 AM MST SAT FEB 6 2016


...................................

...THE DOUGLAS WY AIRPORT CLIMATE SUMMARY FOR FEBRUARY 5 2016...

CLIMATE NORMAL PERIOD 1981 TO 2010
CLIMATE RECORD PERIOD 1998 TO 2016


WEATHER ITEM   OBSERVED TIME   RECORD YEAR NORMAL DEPARTURE LAST
                VALUE   (LST)  VALUE       VALUE  FROM      YEAR
                                                  NORMAL
..................................................................
TEMPERATURE (F)
 YESTERDAY
  MAXIMUM         31    343 PM  56    2009  38     -7       54
  MINIMUM         16    847 PM -19    2014  12      4        7
  AVERAGE         24                        25     -1       31

PRECIPITATION (IN)
  YESTERDAY        0.00          0.13 2001   0.01  -0.01     0.00
  MONTH TO DATE    0.01                      0.07  -0.06     0.23
  SINCE JAN 1      0.46                      0.45   0.01     0.57

DEGREE DAYS
 HEATING
  YESTERDAY       41                        40      1       34
  MONTH TO DATE  230                       200     30      176
  SINCE DEC 1   2688                      2709    -21     2514
  SINCE JUL 1   4150                      4531   -381     4238

 COOLING
  YESTERDAY        0                         0      0        0
  MONTH TO DATE    0                         0      0        0
  SINCE DEC 1      0                         0      0        0
  SINCE JAN 1      0                         0      0        0
..................................................................


WIND (MPH)
  HIGHEST WIND SPEED    20   HIGHEST WIND DIRECTION    NW (320)
  HIGHEST GUST SPEED    24   HIGHEST GUST DIRECTION    NW (300)
  AVERAGE WIND SPEED    10.5


SKY COVER
  AVERAGE SKY COVER 0.3


WEATHER CONDITIONS
 THE FOLLOWING WEATHER WAS RECORDED YESTERDAY.
  NO SIGNIFICANT WEATHER WAS OBSERVED.


RELATIVE HUMIDITY (PERCENT)
 HIGHEST    74           900 PM
 LOWEST     49           400 PM
 AVERAGE    62

..........................................................


THE DOUGLAS WY AIRPORT CLIMATE NORMALS FOR TODAY
                         NORMAL    RECORD    YEAR
 MAXIMUM TEMPERATURE (F)   39        66      2015
 MINIMUM TEMPERATURE (F)   12       -25      2014


SUNRISE AND SUNSET
FEBRUARY  6 2016......SUNRISE   711 AM MST   SUNSET   521 PM MST
FEBRUARY  7 2016......SUNRISE   710 AM MST   SUNSET   522 PM MST


-  INDICATES NEGATIVE NUMBERS.
R  INDICATES RECORD WAS SET OR TIED.
MM INDICATES DATA IS MISSING.
T  INDICATES TRACE AMOUNT.




$$
