000
CDUS45 KCYS 020327
CLIDGW


CLIMATE REPORT
NATIONAL WEATHER SERVICE CHEYENNE WY
927 PM MDT MON JUN 1 2015


...................................

...THE DOUGLAS WY AIRPORT CLIMATE SUMMARY FOR JUNE 1 2015...
VALID TODAY AS OF 0900 PM LOCAL TIME.

CLIMATE NORMAL PERIOD 1981 TO 2010
CLIMATE RECORD PERIOD 1998 TO 2015


WEATHER ITEM   OBSERVED TIME   RECORD YEAR NORMAL DEPARTURE LAST
                VALUE   (LST)  VALUE       VALUE  FROM      YEAR
                                                  NORMAL
..................................................................
TEMPERATURE (F)
 TODAY
  MAXIMUM         84R   304 PM  79    2008  74     10       68
                                      2006
  MINIMUM         49    433 AM  32    2004  44      5       45
  AVERAGE         67                        59      8       57

PRECIPITATION (IN)
  TODAY            0.06          0.37 2009   0.08  -0.02     0.17
  MONTH TO DATE    0.06                      0.08  -0.02     0.17
  SINCE JAN 1      8.06                      5.72   2.34     5.94

DEGREE DAYS
 HEATING
  TODAY            0                         7     -7        8
  MONTH TO DATE    0                         7     -7        8
  SINCE JUN 1      0                         7     -7        8
  SINCE JUL 1   6823                      7338   -515     7481

 COOLING
  TODAY            2                         1      1        0
  MONTH TO DATE    2                         1      1        0
  SINCE JUN 1      2                         1      1        0
  SINCE JAN 1      3                         7     -4        5
..................................................................


WIND (MPH)
  HIGHEST WIND SPEED    30   HIGHEST WIND DIRECTION     W (280)
  HIGHEST GUST SPEED    37   HIGHEST GUST DIRECTION     W (290)
  AVERAGE WIND SPEED     7.1


SKY COVER
  AVERAGE SKY COVER 0.1


WEATHER CONDITIONS
 THE FOLLOWING WEATHER WAS RECORDED TODAY.
  THUNDERSTORM
  RAIN
  LIGHT RAIN


RELATIVE HUMIDITY (PERCENT)
 HIGHEST    96           400 AM
 LOWEST     31           200 PM
 AVERAGE    64

..........................................................


THE DOUGLAS WY AIRPORT CLIMATE NORMALS FOR TOMORROW
                         NORMAL    RECORD    YEAR
 MAXIMUM TEMPERATURE (F)   74        90      2006
                                             2002
 MINIMUM TEMPERATURE (F)   44        MM        MM


SUNRISE AND SUNSET
JUNE  1 2015..........SUNRISE   526 AM MDT   SUNSET   833 PM MDT
JUNE  2 2015..........SUNRISE   525 AM MDT   SUNSET   834 PM MDT


-  INDICATES NEGATIVE NUMBERS.
R  INDICATES RECORD WAS SET OR TIED.
MM INDICATES DATA IS MISSING.
T  INDICATES TRACE AMOUNT.




$$
