000
CDUS44 KTAE 020632
CLIDHN


CLIMATE REPORT
NATIONAL WEATHER SERVICE TALLAHASSEE FL
231 AM EDT THU JUL 2 2015


...................................

...THE DOTHAN CLIMATE SUMMARY FOR JULY 1 2015...

CLIMATE NORMAL PERIOD 1981 TO 2010
CLIMATE RECORD PERIOD 1965 TO 2015


WEATHER ITEM   OBSERVED TIME   NORMAL DEPARTURE LAST
                VALUE   (LST)  VALUE  FROM      YEAR
                                      NORMAL
......................................................
TEMPERATURE (F)
 YESTERDAY
  MAXIMUM         92    308 PM  92      0       96
  MINIMUM         70    407 AM  71     -1       73
  AVERAGE         81            82     -1       85

PRECIPITATION (IN)
  YESTERDAY        0.00          0.23  -0.23     0.00
  MONTH TO DATE    0.00          0.23  -0.23     0.00
  SINCE JUN 1      3.20          5.83  -2.63     2.48
  SINCE JAN 1     27.45         28.19  -0.74    32.55

SNOWFALL (IN)
  YESTERDAY        0.0

DEGREE DAYS
 COOLING
  YESTERDAY       16            16      0       20
  MONTH TO DATE   16            16      0       20
  SINCE JUN 1    489           460     29      494
  SINCE JAN 1   1077           873    204      879
......................................................


WIND (MPH)
  HIGHEST WIND SPEED    20   HIGHEST WIND DIRECTION     W (250)
  HIGHEST GUST SPEED    31   HIGHEST GUST DIRECTION     W (250)
  AVERAGE WIND SPEED     8.5








-  INDICATES NEGATIVE NUMBERS.
R  INDICATES RECORD WAS SET OR TIED.
MM INDICATES DATA IS MISSING.
T  INDICATES TRACE AMOUNT.




$$
