700
CDUS44 KTAE 010756
CLIDHN


CLIMATE REPORT
NATIONAL WEATHER SERVICE TALLAHASSEE FL
356 AM EDT SUN MAY 1 2016


...................................

...THE DOTHAN CLIMATE SUMMARY FOR APRIL 30 2016...

CLIMATE NORMAL PERIOD 1981 TO 2010
CLIMATE RECORD PERIOD 1965 TO 2016


WEATHER ITEM   OBSERVED TIME   NORMAL DEPARTURE LAST
                VALUE   (LST)  VALUE  FROM      YEAR
                                      NORMAL
......................................................
TEMPERATURE (F)
 YESTERDAY
  MAXIMUM         88    136 PM  82      6       77
  MINIMUM         65    307 AM  58      7       54
  AVERAGE         77            70      7       66

PRECIPITATION (IN)
  YESTERDAY        0.00          0.07  -0.07     0.00
  MONTH TO DATE    5.79          3.52   2.27     7.85
  SINCE MAR 1     11.95          9.40   2.55    12.16
  SINCE JAN 1     22.80         18.80   4.00    18.83

SNOWFALL (IN)
  YESTERDAY        0.0

DEGREE DAYS
 HEATING
  YESTERDAY        0             1     -1        0
  MONTH TO DATE   38            70    -32        5
  SINCE MAR 1    160           281   -121      133
  SINCE JUL 1   1338          1840   -502     1820

 COOLING
  YESTERDAY       12             6      6        1
  MONTH TO DATE   87            90     -3      161
  SINCE MAR 1    160           111     49      240
  SINCE JAN 1    166           121     45      244
......................................................


WIND (MPH)
  HIGHEST WIND SPEED    17   HIGHEST WIND DIRECTION     S (160)
  HIGHEST GUST SPEED    22   HIGHEST GUST DIRECTION     S (160)
  AVERAGE WIND SPEED     7.3








-  INDICATES NEGATIVE NUMBERS.
R  INDICATES RECORD WAS SET OR TIED.
MM INDICATES DATA IS MISSING.
T  INDICATES TRACE AMOUNT.




$$
