000
CDUS44 KTAE 230631
CLIDHN


CLIMATE REPORT
NATIONAL WEATHER SERVICE TALLAHASSEE FL
231 AM EDT SUN APR 23 2017


...................................

...THE DOTHAN CLIMATE SUMMARY FOR APRIL 22 2017...

CLIMATE NORMAL PERIOD 1981 TO 2010
CLIMATE RECORD PERIOD 1965 TO 2017


WEATHER ITEM   OBSERVED TIME   NORMAL DEPARTURE LAST
                VALUE   (LST)  VALUE  FROM      YEAR
                                      NORMAL
......................................................
TEMPERATURE (F)
 YESTERDAY
  MAXIMUM         86    335 PM  80      6       75
  MINIMUM         63    642 AM  55      8       60
  AVERAGE         75            68      7       68

PRECIPITATION (IN)
  YESTERDAY        0.00          0.11  -0.11     0.13
  MONTH TO DATE    1.07          2.87  -1.80     5.78
  SINCE MAR 1      2.60          8.75  -6.15    11.94
  SINCE JAN 1     22.19         18.15   4.04    22.79

SNOWFALL (IN)
  YESTERDAY        0.0

DEGREE DAYS
 HEATING
  YESTERDAY        0             1     -1        0
  MONTH TO DATE   19            62    -43       38
  SINCE MAR 1    190           273    -83      160
  SINCE JUL 1   1049          1832   -783     1338

 COOLING
  YESTERDAY       10             4      6        3
  MONTH TO DATE  126            52     74       19
  SINCE MAR 1    202            73    129       92
  SINCE JAN 1    240            83    157       98
......................................................


WIND (MPH)
  HIGHEST WIND SPEED    16   HIGHEST WIND DIRECTION     W (250)
  HIGHEST GUST SPEED    22   HIGHEST GUST DIRECTION    SW (210)
  AVERAGE WIND SPEED     7.4








-  INDICATES NEGATIVE NUMBERS.
R  INDICATES RECORD WAS SET OR TIED.
MM INDICATES DATA IS MISSING.
T  INDICATES TRACE AMOUNT.




$$
