000
CDUS44 KTAE 010624
CLIDHN


CLIMATE REPORT
NATIONAL WEATHER SERVICE TALLAHASSEE FL
122 AM EST SUN FEB 1 2015

...................................

...THE DOTHAN CLIMATE SUMMARY FOR JANUARY 31 2015...

CLIMATE NORMAL PERIOD 1981 TO 2010
CLIMATE RECORD PERIOD 1965 TO 2015


WEATHER ITEM   OBSERVED TIME   NORMAL DEPARTURE LAST
                VALUE   (LST)  VALUE  FROM      YEAR
                                      NORMAL
......................................................
TEMPERATURE (F)
 YESTERDAY
  MAXIMUM         61    347 PM  62     -1       54
  MINIMUM         31    646 AM  39     -8       25
  AVERAGE         46            50     -4       40

PRECIPITATION (IN)
  YESTERDAY        0.00          0.20  -0.20     0.00
  MONTH TO DATE    2.95          4.63  -1.68     2.93
  SINCE DEC 1      8.39          9.02  -0.63    11.57
  SINCE JAN 1      2.95          4.63  -1.68     2.93

SNOWFALL (IN)
  YESTERDAY        0.0

DEGREE DAYS
 HEATING
  YESTERDAY       19            15      4       25
  MONTH TO DATE  472           503    -31      685
  SINCE DEC 1    799           939   -140     1037
  SINCE JUL 1   1220          1216      4     1337
......................................................


WIND (MPH)
  HIGHEST WIND SPEED    13   HIGHEST WIND DIRECTION     E (100)
  HIGHEST GUST SPEED    18   HIGHEST GUST DIRECTION     E (90)
  AVERAGE WIND SPEED     5.7




-  INDICATES NEGATIVE NUMBERS.
R  INDICATES RECORD WAS SET OR TIED.
MM INDICATES DATA IS MISSING.
T  INDICATES TRACE AMOUNT.

$$
