000
CDUS44 KTAE 200735
CLIDHN


CLIMATE REPORT
NATIONAL WEATHER SERVICE TALLAHASSEE FL
235 AM EST SAT DEC 20 2014


...................................

...THE DOTHAN CLIMATE SUMMARY FOR DECEMBER 19 2014...

CLIMATE NORMAL PERIOD 1981 TO 2010
CLIMATE RECORD PERIOD 1965 TO 2014


WEATHER ITEM   OBSERVED TIME   NORMAL DEPARTURE LAST
                VALUE   (LST)  VALUE  FROM      YEAR
                                      NORMAL
......................................................
TEMPERATURE (F)
 YESTERDAY
  MAXIMUM         60    112 PM  62     -2       66
  MINIMUM         47   1159 PM  39      8       35
  AVERAGE         54            50      4       51

PRECIPITATION (IN)
  YESTERDAY        0.21          0.14   0.07     0.00
  MONTH TO DATE    0.38          3.11  -2.73     2.84
  SINCE DEC 1      0.38          3.11  -2.73     2.84
  SINCE JAN 1     50.37         52.69  -2.32    72.11

SNOWFALL (IN)
  YESTERDAY       MM

DEGREE DAYS
 HEATING
  YESTERDAY       11            15     -4       14
  MONTH TO DATE  201           248    -47      178
  SINCE DEC 1    201           248    -47      178
  SINCE JUL 1    622           525     97      478
......................................................


WIND (MPH)
  HIGHEST WIND SPEED    10   HIGHEST WIND DIRECTION    NW (320)
  HIGHEST GUST SPEED    12   HIGHEST GUST DIRECTION    NW (320)
  AVERAGE WIND SPEED     5.0








-  INDICATES NEGATIVE NUMBERS.
R  INDICATES RECORD WAS SET OR TIED.
MM INDICATES DATA IS MISSING.
T  INDICATES TRACE AMOUNT.




$$
