000
CDUS44 KAMA 250637
CLIDHT


CLIMATE REPORT
NATIONAL WEATHER SERVICE AMARILLO TX
135 AM CDT SAT MAR 25 2017


...................................

...THE DALHART CLIMATE SUMMARY FOR MARCH 24 2017...

CLIMATE NORMAL PERIOD 1981 TO 2010
CLIMATE RECORD PERIOD 1948 TO 2017


WEATHER ITEM   OBSERVED TIME   RECORD YEAR NORMAL DEPARTURE LAST
                VALUE   (LST)  VALUE       VALUE  FROM      YEAR
                                                  NORMAL
..................................................................
TEMPERATURE (F)
 YESTERDAY
  MAXIMUM         52   1255 PM  88    2012  64    -12       61
  MINIMUM         41   1156 PM  14    2013  31     10       27
  AVERAGE         47                        47      0       44

PRECIPITATION (IN)
  YESTERDAY        0.04          1.60 1961   0.04   0.00     0.00
  MONTH TO DATE    0.24                      0.86  -0.62      T
  SINCE MAR 1      0.24                      0.86  -0.62      T
  SINCE JAN 1      1.32                      1.78  -0.46     0.38

SNOWFALL (IN)
  YESTERDAY        0.0           6.0  2010   0.2   -0.2      0.0
  MONTH TO DATE    0.0                       3.3   -3.3      0.0
  SINCE MAR 1      0.0                       3.3   -3.3      0.0
  SINCE JUL 1      1.3                      16.8  -15.5      6.7
  SNOW DEPTH       0

DEGREE DAYS
 HEATING
  YESTERDAY       18                        18      0       21
  MONTH TO DATE  307                       496   -189      363
  SINCE MAR 1    307                       496   -189      363
  SINCE JUL 1   3124                      4139  -1015     3308

 COOLING
  YESTERDAY        0                         0      0        0
  MONTH TO DATE    6                         0      6        0
  SINCE MAR 1      6                         0      6        0
  SINCE JAN 1      6                         0      6        0
..................................................................


WIND (MPH)
  RESULTANT WIND SPEED  15   RESULTANT WIND DIRECTION  NW (310)
  HIGHEST WIND SPEED    51   HIGHEST WIND DIRECTION    NW (330)
  HIGHEST GUST SPEED    64   HIGHEST GUST DIRECTION    NW (330)
  AVERAGE WIND SPEED    27.9


SKY COVER
  AVERAGE SKY COVER 0.5


WEATHER CONDITIONS
 THE FOLLOWING WEATHER WAS RECORDED YESTERDAY.
  LIGHT RAIN
  FOG


RELATIVE HUMIDITY (PERCENT)
 HIGHEST    79          1000 PM
 LOWEST     53           200 AM
 AVERAGE    66

..........................................................


THE DALHART CLIMATE NORMALS FOR TODAY
                         NORMAL    RECORD    YEAR
 MAXIMUM TEMPERATURE (F)   64        90      2012
 MINIMUM TEMPERATURE (F)   32        11      1955


SUNRISE AND SUNSET
MARCH 25 2017.........SUNRISE   746 AM CDT   SUNSET   806 PM CDT
MARCH 26 2017.........SUNRISE   745 AM CDT   SUNSET   807 PM CDT


-  INDICATES NEGATIVE NUMBERS.
R  INDICATES RECORD WAS SET OR TIED.
MM INDICATES DATA IS MISSING.
T  INDICATES TRACE AMOUNT.




$$
