000
CDUS44 KAMA 282238
CLIDHT


CLIMATE REPORT
NATIONAL WEATHER SERVICE AMARILLO TX
440 PM CST FRI NOV 28 2014


...THE DALHART CLIMATE SUMMARY FOR NOVEMBER 28 2014...
VALID TODAY AS OF 400 PM LOCAL TIME.

CLIMATE NORMAL PERIOD 1981 TO 2010
CLIMATE RECORD PERIOD 1894 TO 2014


WEATHER ITEM   OBSERVED TIME   RECORD YEAR NORMAL DEPARTURE LAST
                VALUE   (LST)  VALUE       VALUE  FROM      YEAR
                                                  NORMAL
..................................................................
TEMPERATURE (F)
 TODAY
  MAXIMUM         82R   303 PM  80    1949  54     28       46
  MINIMUM         30    646 AM  -5    1976  23      7       26
  AVERAGE         56                        38     18       36

PRECIPITATION (IN)
  TODAY            0.00          0.03 1985   0.01  -0.01     0.00
  MONTH TO DATE    0.08                      0.55  -0.47     0.85
  SINCE SEP 1      2.64                      3.67  -1.03     2.61
  SINCE JAN 1     11.28                     17.02  -5.74     7.63

SNOWFALL (IN)
  TODAY            0.0           T    2008   0.1   -0.1      0.0
                                      1997
  MONTH TO DATE    1.5                       1.2    0.3      3.0
  SINCE SEP 1      1.5                       1.8   -0.3      3.0
  SINCE JUL 1      1.5                       1.8   -0.3      3.0
  SNOW DEPTH       0

DEGREE DAYS
 HEATING
  TODAY            9                        27    -18       29
  MONTH TO DATE  633                       579     54      604
  SINCE SEP 1    825                       936   -111      907
  SINCE JUL 1    825                       939   -114      907

 COOLING
  TODAY            0                         0      0        0
  MONTH TO DATE    0                         0      0        0
  SINCE SEP 1    196                       142     54      223
  SINCE JAN 1   1411                      1138    273     1576
..................................................................


WIND (MPH)
  RESULTANT WIND SPEED  11   RESULTANT WIND DIRECTION  SW (230)
  HIGHEST WIND SPEED    25   HIGHEST WIND DIRECTION    SW (240)
  HIGHEST GUST SPEED    32   HIGHEST GUST DIRECTION    SW (230)
  AVERAGE WIND SPEED   11.7


SKY COVER
  AVERAGE SKY COVER 0.0


WEATHER CONDITIONS
 THE FOLLOWING WEATHER WAS RECORDED TODAY.
  NO SIGNIFICANT WEATHER WAS OBSERVED.


RELATIVE HUMIDITY (PERCENT)
 HIGHEST    78           600 AM
 LOWEST      5           300 PM
 AVERAGE    42

..................................................................


THE DALHART CLIMATE NORMALS FOR TOMORROW
                         NORMAL    RECORD    YEAR
 MAXIMUM TEMPERATURE (F)   53        74      1970
 MINIMUM TEMPERATURE (F)   23         4      1976


SUNRISE AND SUNSET
NOVEMBER 28 2014......SUNRISE   740 AM CST   SUNSET   537 PM CST
NOVEMBER 29 2014......SUNRISE   740 AM CST   SUNSET   536 PM CST


-  INDICATES NEGATIVE NUMBERS.
R  INDICATES RECORD WAS SET OR TIED.
MM INDICATES DATA IS MISSING.
T  INDICATES TRACE AMOUNT.


$$
