000
CDUS44 KAMA 240635
CLIDHT


CLIMATE REPORT
NATIONAL WEATHER SERVICE AMARILLO TX
134 AM CDT SUN MAY 24 2015


...................................

...THE DALHART CLIMATE SUMMARY FOR MAY 23 2015...

CLIMATE NORMAL PERIOD 1981 TO 2010
CLIMATE RECORD PERIOD 1894 TO 2015


WEATHER ITEM   OBSERVED TIME   RECORD YEAR NORMAL DEPARTURE LAST
                VALUE   (LST)  VALUE       VALUE  FROM      YEAR
                                                  NORMAL
..................................................................
TEMPERATURE (F)
 YESTERDAY
  MAXIMUM         70    251 PM 100    2000  81    -11       71
  MINIMUM         54    504 AM  42    1957  51      3       58
  AVERAGE         62                        66     -4       65

PRECIPITATION (IN)
  YESTERDAY        0.33          1.86 1982   0.08   0.25     0.08
  MONTH TO DATE    1.97                      1.58   0.39     0.72
  SINCE MAR 1      3.35                      3.83  -0.48     0.92
  SINCE JAN 1      6.66                      4.75   1.91     1.01

SNOWFALL (IN)
  YESTERDAY        0.0           0.0    MM   0.0    0.0      0.0
  MONTH TO DATE    0.0                       0.1   -0.1      0.0
  SINCE MAR 1      0.8                       5.5   -4.7      2.1
  SINCE JUL 1     34.1                      19.0   15.1     17.4
  SNOW DEPTH       0

DEGREE DAYS
 HEATING
  YESTERDAY        3                         2      1        0
  MONTH TO DATE  122                       101     21       90
  SINCE MAR 1    856                      1060   -204      997
  SINCE JUL 1   4149                      4703   -554     4591

 COOLING
  YESTERDAY        0                         3     -3        0
  MONTH TO DATE   12                        36    -24       63
  SINCE MAR 1     13                        42    -29       79
  SINCE JAN 1     13                        42    -29       79
..................................................................


WIND (MPH)
  RESULTANT WIND SPEED  11   RESULTANT WIND DIRECTION  SE (130)
  HIGHEST WIND SPEED    32   HIGHEST WIND DIRECTION     S (180)
  HIGHEST GUST SPEED    40   HIGHEST GUST DIRECTION     S (190)
  AVERAGE WIND SPEED    12.3


SKY COVER
  AVERAGE SKY COVER 0.6


WEATHER CONDITIONS
 THE FOLLOWING WEATHER WAS RECORDED YESTERDAY.
  THUNDERSTORM
  HEAVY RAIN
  RAIN
  LIGHT RAIN
  FOG


RELATIVE HUMIDITY (PERCENT)
 HIGHEST   100           200 AM
 LOWEST     66           200 PM
 AVERAGE    83

..........................................................


THE DALHART CLIMATE NORMALS FOR TODAY
                         NORMAL    RECORD    YEAR
 MAXIMUM TEMPERATURE (F)   81        96      1989
 MINIMUM TEMPERATURE (F)   51        42      1974


SUNRISE AND SUNSET
MAY 24 2015...........SUNRISE   638 AM CDT   SUNSET   856 PM CDT
MAY 25 2015...........SUNRISE   638 AM CDT   SUNSET   857 PM CDT


-  INDICATES NEGATIVE NUMBERS.
R  INDICATES RECORD WAS SET OR TIED.
MM INDICATES DATA IS MISSING.
T  INDICATES TRACE AMOUNT.




$$
