000
CDUS44 KAMA 180857
CLIDHT


CLIMATE REPORT
NATIONAL WEATHER SERVICE AMARILLO TX
256 AM CST WED JAN 18 2017


...................................

...THE DALHART CLIMATE SUMMARY FOR JANUARY 17 2017...

CLIMATE NORMAL PERIOD 1981 TO 2010
CLIMATE RECORD PERIOD 1948 TO 2017


WEATHER ITEM   OBSERVED TIME   RECORD YEAR NORMAL DEPARTURE LAST
                VALUE   (LST)  VALUE       VALUE  FROM      YEAR
                                                  NORMAL
..................................................................
TEMPERATURE (F)
 YESTERDAY
  MAXIMUM         53    427 PM  76    1974  50      3       32
  MINIMUM         31    811 AM   1    2008  19     12       18
  AVERAGE         42                        35      7       25

PRECIPITATION (IN)
  YESTERDAY        0.00          0.22 1984   0.02  -0.02     0.00
  MONTH TO DATE    0.90                      0.25   0.65     0.24
  SINCE DEC 1      1.10                      0.79   0.31     0.79
  SINCE JAN 1      0.90                      0.25   0.65     0.24

SNOWFALL (IN)
  YESTERDAY        0.0           2.6  1984   0.1   -0.1      0.0
  MONTH TO DATE    0.0                       2.1   -2.1      4.0
  SINCE DEC 1      1.3                       6.4   -5.1      5.5
  SINCE JUL 1      1.3                       8.3   -7.0      6.0
  SNOW DEPTH       0

DEGREE DAYS
 HEATING
  YESTERDAY       23                        30     -7       40
  MONTH TO DATE  491                       521    -30      535
  SINCE DEC 1   1383                      1469    -86     1332
  SINCE JUL 1   1959                      2464   -505     2042

 COOLING
  YESTERDAY        0                         0      0        0
  MONTH TO DATE    0                         0      0        0
  SINCE DEC 1      0                         0      0        0
  SINCE JAN 1      0                         0      0        0
..................................................................


WIND (MPH)
  RESULTANT WIND SPEED   3   RESULTANT WIND DIRECTION  SW (230)
  HIGHEST WIND SPEED    16   HIGHEST WIND DIRECTION     N (350)
  HIGHEST GUST SPEED    23   HIGHEST GUST DIRECTION     N (350)
  AVERAGE WIND SPEED     7.6


SKY COVER
  AVERAGE SKY COVER 0.4


WEATHER CONDITIONS
 THE FOLLOWING WEATHER WAS RECORDED YESTERDAY.
  NO SIGNIFICANT WEATHER WAS OBSERVED.


RELATIVE HUMIDITY (PERCENT)
 HIGHEST    89           700 AM
 LOWEST     52           200 PM
 AVERAGE    71

..........................................................


THE DALHART CLIMATE NORMALS FOR TODAY
                         NORMAL    RECORD    YEAR
 MAXIMUM TEMPERATURE (F)   50        72      1972
 MINIMUM TEMPERATURE (F)   19        -8      1960


SUNRISE AND SUNSET
JANUARY 18 2017.......SUNRISE   759 AM CST   SUNSET   603 PM CST
JANUARY 19 2017.......SUNRISE   759 AM CST   SUNSET   604 PM CST


-  INDICATES NEGATIVE NUMBERS.
R  INDICATES RECORD WAS SET OR TIED.
MM INDICATES DATA IS MISSING.
T  INDICATES TRACE AMOUNT.




$$
