000
CDUS44 KAMA 232129
CLIDHT


CLIMATE REPORT
NATIONAL WEATHER SERVICE AMARILLO TX
427 PM CDT TUE MAY 23 2017


...................................

...THE DALHART CLIMATE SUMMARY FOR MAY 23 2017...
VALID TODAY AS OF 0400 PM LOCAL TIME.

CLIMATE NORMAL PERIOD 1981 TO 2010
CLIMATE RECORD PERIOD 1948 TO 2017


WEATHER ITEM   OBSERVED TIME   RECORD YEAR NORMAL DEPARTURE LAST
                VALUE   (LST)  VALUE       VALUE  FROM      YEAR
                                                  NORMAL
..................................................................
TEMPERATURE (F)
 TODAY
  MAXIMUM         67    250 PM 100    2000  81    -14       86
  MINIMUM         47    612 AM  42    1957  51     -4       56
  AVERAGE         57                        66     -9       71

PRECIPITATION (IN)
  TODAY            T             1.86 1982   0.08  -0.08     0.00
  MONTH TO DATE    1.30                      1.58  -0.28     2.35
  SINCE MAR 1      7.97                      3.83   4.14     6.83
  SINCE JAN 1      9.05                      4.75   4.30     7.21

SNOWFALL (IN)
  TODAY            0.0           0.0    MM   0.0    0.0      0.0
  MONTH TO DATE    0.0                       0.1   -0.1      0.0
  SINCE MAR 1     10.0                       5.5    4.5      6.0
  SINCE JUL 1     11.3                      19.0   -7.7     12.7
  SNOW DEPTH       0

DEGREE DAYS
 HEATING
  TODAY            8                         2      6        0
  MONTH TO DATE  114                       101     13      138
  SINCE MAR 1    813                      1060   -247      899
  SINCE JUL 1   3630                      4703  -1073     3844

 COOLING
  TODAY            0                         3     -3        6
  MONTH TO DATE   24                        36    -12       27
  SINCE MAR 1     59                        42     17       29
  SINCE JAN 1     59                        42     17       29
..................................................................


WIND (MPH)
  RESULTANT WIND SPEED  20   RESULTANT WIND DIRECTION   N (350)
  HIGHEST WIND SPEED    33   HIGHEST WIND DIRECTION     N (360)
  HIGHEST GUST SPEED    40   HIGHEST GUST DIRECTION     N (360)
  AVERAGE WIND SPEED    20.0


SKY COVER
  AVERAGE SKY COVER 0.7


WEATHER CONDITIONS
 THE FOLLOWING WEATHER WAS RECORDED TODAY.
  LIGHT RAIN


RELATIVE HUMIDITY (PERCENT)
 HIGHEST    86           500 AM
 LOWEST     31           300 PM
 AVERAGE    59

..........................................................


THE DALHART CLIMATE NORMALS FOR TOMORROW
                         NORMAL    RECORD    YEAR
 MAXIMUM TEMPERATURE (F)   81        96      1989
 MINIMUM TEMPERATURE (F)   51        42      1974


SUNRISE AND SUNSET
MAY 23 2017...........SUNRISE   639 AM CDT   SUNSET   856 PM CDT
MAY 24 2017...........SUNRISE   638 AM CDT   SUNSET   856 PM CDT


-  INDICATES NEGATIVE NUMBERS.
R  INDICATES RECORD WAS SET OR TIED.
MM INDICATES DATA IS MISSING.
T  INDICATES TRACE AMOUNT.




$$
