000
CDUS44 KAMA 010627
CLIDHT


CLIMATE REPORT
NATIONAL WEATHER SERVICE AMARILLO TX
127 AM CDT MON SEP 1 2014


...................................

...THE DALHART CLIMATE SUMMARY FOR AUGUST 31 2014...

CLIMATE NORMAL PERIOD 1981 TO 2010
CLIMATE RECORD PERIOD 1894 TO 2014


WEATHER ITEM   OBSERVED TIME   RECORD YEAR NORMAL DEPARTURE LAST
                VALUE   (LST)  VALUE       VALUE  FROM      YEAR
                                                  NORMAL
..................................................................
TEMPERATURE (F)
 YESTERDAY
  MAXIMUM        101    340 PM 103    2011  87     14      101
  MINIMUM         64    646 AM  49    1987  59      5       63
  AVERAGE         83                        73     10       82

PRECIPITATION (IN)
  YESTERDAY        0.00          1.44 1977   0.06  -0.06     0.00
  MONTH TO DATE    0.88                      2.85  -1.97     1.56
  SINCE JUN 1      6.80                      7.94  -1.14     3.72
  SINCE JAN 1      8.64                     13.35  -4.71     5.02

SNOWFALL (IN)
  YESTERDAY        0.0           0.0    MM   0.0    0.0      0.0
  MONTH TO DATE    0.0                       0.0    0.0      0.0
  SINCE JUN 1      0.0                       0.0    0.0      0.0
  SINCE JUL 1      0.0                       0.0    0.0      0.0
  SNOW DEPTH       0

DEGREE DAYS
 HEATING
  YESTERDAY        0                         0      0        0
  MONTH TO DATE    0                         0      0        0
  SINCE JUN 1      4                        15    -11        0
  SINCE JUL 1      0                         3     -3        0

 COOLING
  YESTERDAY       18                         8     10       17
  MONTH TO DATE  422                       319    103      390
  SINCE JUN 1   1095                       924    171     1199
  SINCE JAN 1   1215                       996    219     1353
..................................................................


WIND (MPH)
  RESULTANT WIND SPEED  15   RESULTANT WIND DIRECTION  SW (220)
  HIGHEST WIND SPEED    32   HIGHEST WIND DIRECTION    SW (230)
  HIGHEST GUST SPEED    40   HIGHEST GUST DIRECTION    NW (320)
  AVERAGE WIND SPEED    16.2


SKY COVER
  AVERAGE SKY COVER 0.0


WEATHER CONDITIONS
 THE FOLLOWING WEATHER WAS RECORDED YESTERDAY.
  NO SIGNIFICANT WEATHER WAS OBSERVED.


RELATIVE HUMIDITY (PERCENT)
 HIGHEST    73           700 AM
 LOWEST     11           400 PM
 AVERAGE    42

..........................................................


THE DALHART CLIMATE NORMALS FOR TODAY
                         NORMAL    RECORD    YEAR
 MAXIMUM TEMPERATURE (F)   87        99      2011
 MINIMUM TEMPERATURE (F)   59        49      1993


SUNRISE AND SUNSET
SEPTEMBER  1 2014.....SUNRISE   722 AM CDT   SUNSET   818 PM CDT
SEPTEMBER  2 2014.....SUNRISE   723 AM CDT   SUNSET   816 PM CDT


-  INDICATES NEGATIVE NUMBERS.
R  INDICATES RECORD WAS SET OR TIED.
MM INDICATES DATA IS MISSING.
T  INDICATES TRACE AMOUNT.




$$
