000
CDUS44 KAMA 250628
CLIDHT


CLIMATE REPORT
NATIONAL WEATHER SERVICE AMARILLO TX
126 AM CDT TUE APR 25 2017


...................................

...THE DALHART CLIMATE SUMMARY FOR APRIL 24 2017...

CLIMATE NORMAL PERIOD 1981 TO 2010
CLIMATE RECORD PERIOD 1948 TO 2017


WEATHER ITEM   OBSERVED TIME   RECORD YEAR NORMAL DEPARTURE LAST
                VALUE   (LST)  VALUE       VALUE  FROM      YEAR
                                                  NORMAL
..................................................................
TEMPERATURE (F)
 YESTERDAY
  MAXIMUM         88    243 PM  94    2012  72     16       80
  MINIMUM         47    622 AM  17    2013  41      6       50
  AVERAGE         68                        56     12       65

PRECIPITATION (IN)
  YESTERDAY        0.00          1.11 1997   0.05  -0.05     0.00
  MONTH TO DATE    1.60                      0.82   0.78     3.37
  SINCE MAR 1      3.02                      1.99   1.03     3.67
  SINCE JAN 1      4.10                      2.91   1.19     4.05

SNOWFALL (IN)
  YESTERDAY        0.0           0.0    MM   0.0    0.0      0.0
  MONTH TO DATE    1.0                       1.1   -0.1      0.0
  SINCE MAR 1      1.0                       5.3   -4.3      6.0
  SINCE JUL 1      2.3                      18.8  -16.5     12.7
  SNOW DEPTH       0

DEGREE DAYS
 HEATING
  YESTERDAY        0                         9     -9        0
  MONTH TO DATE  196                       298   -102      220
  SINCE MAR 1    611                       909   -298      691
  SINCE JUL 1   3428                      4552  -1124     3636

 COOLING
  YESTERDAY        3                         0      3        0
  MONTH TO DATE   29                         0     29        2
  SINCE MAR 1     35                         0     35        2
  SINCE JAN 1     35                         0     35        2
..................................................................


WIND (MPH)
  RESULTANT WIND SPEED  16   RESULTANT WIND DIRECTION  SW (220)
  HIGHEST WIND SPEED    33   HIGHEST WIND DIRECTION    SW (240)
  HIGHEST GUST SPEED    44   HIGHEST GUST DIRECTION    SW (240)
  AVERAGE WIND SPEED    16.9


SKY COVER
  AVERAGE SKY COVER 0.0


WEATHER CONDITIONS
 THE FOLLOWING WEATHER WAS RECORDED YESTERDAY.
  NO SIGNIFICANT WEATHER WAS OBSERVED.


RELATIVE HUMIDITY (PERCENT)
 HIGHEST    61           600 AM
 LOWEST     10           500 PM
 AVERAGE    36

..........................................................


THE DALHART CLIMATE NORMALS FOR TODAY
                         NORMAL    RECORD    YEAR
 MAXIMUM TEMPERATURE (F)   72        96      2012
 MINIMUM TEMPERATURE (F)   41        28      1950


SUNRISE AND SUNSET
APRIL 25 2017.........SUNRISE   704 AM CDT   SUNSET   833 PM CDT
APRIL 26 2017.........SUNRISE   703 AM CDT   SUNSET   833 PM CDT


-  INDICATES NEGATIVE NUMBERS.
R  INDICATES RECORD WAS SET OR TIED.
MM INDICATES DATA IS MISSING.
T  INDICATES TRACE AMOUNT.




$$
