000
CDUS44 KAMA 032129
CLIDHT


CLIMATE REPORT
NATIONAL WEATHER SERVICE AMARILLO TX
429 PM CDT MON AUG 3 2015


...................................

...THE DALHART CLIMATE SUMMARY FOR AUGUST 3 2015...
VALID TODAY AS OF 0400 PM LOCAL TIME.

CLIMATE NORMAL PERIOD 1981 TO 2010
CLIMATE RECORD PERIOD 1894 TO 2015


WEATHER ITEM   OBSERVED TIME   RECORD YEAR NORMAL DEPARTURE LAST
                VALUE   (LST)  VALUE       VALUE  FROM      YEAR
                                                  NORMAL
..................................................................
TEMPERATURE (F)
 TODAY
  MAXIMUM         87    245 PM 104    2012  90     -3       88
  MINIMUM         67    434 AM  56    1990  62      5       59
  AVERAGE         77                        76      1       74

PRECIPITATION (IN)
  TODAY            0.34          1.10 2006   0.11   0.23     0.00
  MONTH TO DATE    0.34                      0.33   0.01     0.00
  SINCE JUN 1      5.34                      5.42  -0.08     5.92
  SINCE JAN 1     12.05                     10.83   1.22     7.76

SNOWFALL (IN)
  TODAY            0.0           0.0    MM   0.0    0.0      0.0
  MONTH TO DATE    0.0                       0.0    0.0      0.0
  SINCE JUN 1      0.0                       0.0    0.0      0.0
  SINCE JUL 1      0.0                       0.0    0.0      0.0
  SNOW DEPTH       0

DEGREE DAYS
 HEATING
  TODAY            0                         0      0        0
  MONTH TO DATE    0                         0      0        0
  SINCE JUN 1      0                        13    -13        4
  SINCE JUL 1      0                         1     -1        0

 COOLING
  TODAY           12                        11      1        9
  MONTH TO DATE   41                        34      7       29
  SINCE JUN 1    840                       639    201      702
  SINCE JAN 1    862                       711    151      822
..................................................................


WIND (MPH)
  RESULTANT WIND SPEED   3   RESULTANT WIND DIRECTION   S (180)
  HIGHEST WIND SPEED    21   HIGHEST WIND DIRECTION     W (290)
  HIGHEST GUST SPEED    25   HIGHEST GUST DIRECTION     W (290)
  AVERAGE WIND SPEED     9.4


SKY COVER
  AVERAGE SKY COVER 0.5


WEATHER CONDITIONS
 THE FOLLOWING WEATHER WAS RECORDED TODAY.
  THUNDERSTORM
  HEAVY RAIN
  RAIN
  LIGHT RAIN
  FOG


RELATIVE HUMIDITY (PERCENT)
 HIGHEST    84           200 AM
 LOWEST     51           300 PM
 AVERAGE    68

..........................................................


THE DALHART CLIMATE NORMALS FOR TOMORROW
                         NORMAL    RECORD    YEAR
 MAXIMUM TEMPERATURE (F)   90       101      1959
 MINIMUM TEMPERATURE (F)   62        50      1971


SUNRISE AND SUNSET
AUGUST  3 2015........SUNRISE   659 AM CDT   SUNSET   853 PM CDT
AUGUST  4 2015........SUNRISE   700 AM CDT   SUNSET   852 PM CDT


-  INDICATES NEGATIVE NUMBERS.
R  INDICATES RECORD WAS SET OR TIED.
MM INDICATES DATA IS MISSING.
T  INDICATES TRACE AMOUNT.




$$
