000
CDUS44 KAMA 242235
CLIDHT


CLIMATE REPORT
NATIONAL WEATHER SERVICE AMARILLO TX
435 PM CST SAT FEB 24 2018


...................................

...THE DALHART CLIMATE SUMMARY FOR FEBRUARY 24 2018...
VALID TODAY AS OF 0400 PM LOCAL TIME.

CLIMATE NORMAL PERIOD 1981 TO 2010
CLIMATE RECORD PERIOD 1948 TO 2018


WEATHER ITEM   OBSERVED TIME   RECORD YEAR NORMAL DEPARTURE LAST
                VALUE   (LST)  VALUE       VALUE  FROM      YEAR
                                                  NORMAL
..................................................................
TEMPERATURE (F)
 TODAY
  MAXIMUM         53    246 PM  77    1986  55     -2       45
  MINIMUM         29    757 AM   2    1965  25      4       22
  AVERAGE         41                        40      1       34

PRECIPITATION (IN)
  TODAY            0.00          0.09 1951   0.02  -0.02     0.00
  MONTH TO DATE    T                         0.34  -0.34     0.05
  SINCE DEC 1      0.01                      1.40  -1.39     1.28
  SINCE JAN 1      0.01                      0.86  -0.85     1.08

SNOWFALL (IN)
  TODAY            0.0           0.3  2013   0.1   -0.1      0.0
  MONTH TO DATE    T                         2.7   -2.7       T
  SINCE DEC 1      T                        11.3  -11.3      1.3
  SINCE JUL 1      2.3                      13.2  -10.9      1.3
  SNOW DEPTH       0

DEGREE DAYS
 HEATING
  TODAY           24                        25     -1       31
  MONTH TO DATE  659                       662     -3      441
  SINCE DEC 1   2417                      2549   -132     2155
  SINCE JUL 1   3092                      3544   -452     2731

 COOLING
  TODAY            0                         0      0        0
  MONTH TO DATE    0                         0      0        0
  SINCE DEC 1      0                         0      0        0
  SINCE JAN 1      0                         0      0        0
..................................................................


WIND (MPH)
  RESULTANT WIND SPEED   5   RESULTANT WIND DIRECTION  NW (300)
  HIGHEST WIND SPEED    32   HIGHEST WIND DIRECTION     W (290)
  HIGHEST GUST SPEED    39   HIGHEST GUST DIRECTION     W (280)
  AVERAGE WIND SPEED    12.7


SKY COVER
  AVERAGE SKY COVER 0.6


WEATHER CONDITIONS
 THE FOLLOWING WEATHER WAS RECORDED TODAY.
  FOG
  FOG W/VISIBILITY <= 1/4 MILE


RELATIVE HUMIDITY (PERCENT)
 HIGHEST   100           200 AM
 LOWEST      9           200 PM
 AVERAGE    55

..........................................................


THE DALHART CLIMATE NORMALS FOR TOMORROW
                         NORMAL    RECORD    YEAR
 MAXIMUM TEMPERATURE (F)   55        82      1986
 MINIMUM TEMPERATURE (F)   25         4      1960


SUNRISE AND SUNSET
FEBRUARY 24 2018......SUNRISE   727 AM CST   SUNSET   640 PM CST
FEBRUARY 25 2018......SUNRISE   725 AM CST   SUNSET   641 PM CST


-  INDICATES NEGATIVE NUMBERS.
R  INDICATES RECORD WAS SET OR TIED.
MM INDICATES DATA IS MISSING.
T  INDICATES TRACE AMOUNT.




$$
