000
CDUS43 KBIS 090739
CLIDIK


CLIMATE REPORT
NATIONAL WEATHER SERVICE BISMARCK ND
138 AM CST FRI DEC 9 2016


...................................

...THE DICKINSON ND CLIMATE SUMMARY FOR DECEMBER 8 2016...

CLIMATE NORMAL PERIOD 1981 TO 2010
CLIMATE RECORD PERIOD 1893 TO 2016


WEATHER ITEM   OBSERVED TIME   RECORD YEAR NORMAL DEPARTURE LAST
                VALUE   (LST)  VALUE       VALUE  FROM      YEAR
                                                  NORMAL
..................................................................
TEMPERATURE (F)
 YESTERDAY
  MAXIMUM         -1    234 PM  60    1939  30    -31       51
  MINIMUM        -18   1159 PM -35    1917   9    -27       33
  AVERAGE         -9                        19    -28       42

PRECIPITATION (IN)
  YESTERDAY        0.00          0.12 1936   0.00   0.00     0.01
  MONTH TO DATE    0.04                      0.06  -0.02     0.02
  SINCE DEC 1      0.04                      0.06  -0.02     0.02
  SINCE JAN 1     16.41                     15.59   0.82    11.20

DEGREE DAYS
 HEATING
  YESTERDAY       74                        46     28       23
  MONTH TO DATE  415                       355     60      227
  SINCE DEC 1    415                       355     60      227
  SINCE JUL 1   2082                      2432   -350     1901

 COOLING
  YESTERDAY        0                         0      0        0
  MONTH TO DATE    0                         0      0        0
  SINCE DEC 1      0                         0      0        0
  SINCE JAN 1    315                       419   -104      467
..................................................................


WIND (MPH)
  HIGHEST WIND SPEED    23   HIGHEST WIND DIRECTION    NW (310)
  HIGHEST GUST SPEED    27   HIGHEST GUST DIRECTION    NW (300)
  AVERAGE WIND SPEED    11.7


SKY COVER
  POSSIBLE SUNSHINE  MM
  AVERAGE SKY COVER 0.3


WEATHER CONDITIONS
 THE FOLLOWING WEATHER WAS RECORDED YESTERDAY.
  FOG
  HAZE


RELATIVE HUMIDITY (PERCENT)
 HIGHEST    87           800 PM
 LOWEST     72          1200 PM
 AVERAGE    80

..........................................................


THE DICKINSON ND CLIMATE NORMALS FOR TODAY
                         NORMAL    RECORD    YEAR
 MAXIMUM TEMPERATURE (F)   29        62      2015
 MINIMUM TEMPERATURE (F)    9       -33      1917
                                             1923


SUNRISE AND SUNSET
DECEMBER  9 2016......SUNRISE   725 AM MST   SUNSET   403 PM MST
DECEMBER 10 2016......SUNRISE   726 AM MST   SUNSET   403 PM MST


-  INDICATES NEGATIVE NUMBERS.
R  INDICATES RECORD WAS SET OR TIED.
MM INDICATES DATA IS MISSING.
T  INDICATES TRACE AMOUNT.




$$
