000
CDUS43 KBIS 240741
CLIDIK


CLIMATE REPORT
NATIONAL WEATHER SERVICE BISMARCK ND
241 AM CDT SUN JUL 24 2016


...................................

...THE DICKINSON ND CLIMATE SUMMARY FOR JULY 23 2016...

CLIMATE NORMAL PERIOD 1981 TO 2010
CLIMATE RECORD PERIOD 1893 TO 2016


WEATHER ITEM   OBSERVED TIME   RECORD YEAR NORMAL DEPARTURE LAST
                VALUE   (LST)  VALUE       VALUE  FROM      YEAR
                                                  NORMAL
..................................................................
TEMPERATURE (F)
 YESTERDAY
  MAXIMUM         82    327 PM 108    1936  85     -3       94
                                      1901
  MINIMUM         55   1157 PM  42    1933  56     -1       61
  AVERAGE         69                        70     -1       78

PRECIPITATION (IN)
  YESTERDAY        0.00          1.28 1970   0.07  -0.07     0.00
  MONTH TO DATE    3.00                      1.95   1.05     0.97
  SINCE JUN 1      5.66                      5.15   0.51     3.90
  SINCE JAN 1     10.08                     10.26  -0.18     7.33

DEGREE DAYS
 HEATING
  YESTERDAY        0                         1     -1        0
  MONTH TO DATE   13                        29    -16        8
  SINCE JUN 1     72                       166    -94       76
  SINCE JUL 1     13                        29    -16        8

 COOLING
  YESTERDAY        4                         6     -2       13
  MONTH TO DATE  103                       114    -11      120
  SINCE JUN 1    160                       168     -8      178
  SINCE JAN 1    163                       178    -15      178
..................................................................


WIND (MPH)
  HIGHEST WIND SPEED    26   HIGHEST WIND DIRECTION    NW (300)
  HIGHEST GUST SPEED    32   HIGHEST GUST DIRECTION     W (270)
  AVERAGE WIND SPEED    12.4


SKY COVER
  POSSIBLE SUNSHINE  MM
  AVERAGE SKY COVER 0.2


WEATHER CONDITIONS
 THE FOLLOWING WEATHER WAS RECORDED YESTERDAY.
  NO SIGNIFICANT WEATHER WAS OBSERVED.


RELATIVE HUMIDITY (PERCENT)
 HIGHEST    93           500 AM
 LOWEST     28           100 PM
 AVERAGE    61

..........................................................


THE DICKINSON ND CLIMATE NORMALS FOR TODAY
                         NORMAL    RECORD    YEAR
 MAXIMUM TEMPERATURE (F)   85       107      1931
 MINIMUM TEMPERATURE (F)   56        42      1911


SUNRISE AND SUNSET
JULY 24 2016..........SUNRISE   522 AM MDT   SUNSET   832 PM MDT
JULY 25 2016..........SUNRISE   524 AM MDT   SUNSET   831 PM MDT


-  INDICATES NEGATIVE NUMBERS.
R  INDICATES RECORD WAS SET OR TIED.
MM INDICATES DATA IS MISSING.
T  INDICATES TRACE AMOUNT.




$$
