000
CDUS43 KBIS 270732
CLIDIK


CLIMATE REPORT
NATIONAL WEATHER SERVICE BISMARCK ND
229 AM CDT FRI MAR 27 2015


...................................

...THE DICKINSON ND CLIMATE SUMMARY FOR MARCH 26 2015...

CLIMATE NORMAL PERIOD 1981 TO 2010
CLIMATE RECORD PERIOD 1903 TO 2015


WEATHER ITEM   OBSERVED TIME   RECORD YEAR NORMAL DEPARTURE LAST
                VALUE   (LST)  VALUE       VALUE  FROM      YEAR
                                                  NORMAL
..................................................................
TEMPERATURE (F)
 YESTERDAY
  MAXIMUM         38    452 PM  75    1999  46     -8       38
  MINIMUM         22   1236 AM -16    1913  22      0       18
  AVERAGE         30                        34     -4       28

PRECIPITATION (IN)
  YESTERDAY        0.13          0.47 2004   0.03   0.10     0.00
  MONTH TO DATE    0.38                      0.54  -0.16     0.22
  SINCE MAR 1      0.38                      0.54  -0.16     0.22
  SINCE JAN 1      0.65                      1.17  -0.52     0.39

DEGREE DAYS
 HEATING
  YESTERDAY       35                        31      4       37
  MONTH TO DATE  762                       938   -176     1012
  SINCE MAR 1    762                       938   -176     1012
  SINCE JUL 1   6877                      7232   -355     7654

 COOLING
  YESTERDAY        0                         0      0        0
  MONTH TO DATE    0                         0      0        0
  SINCE MAR 1      0                         0      0        0
  SINCE JAN 1      0                         0      0        0
..................................................................


WIND (MPH)
  HIGHEST WIND SPEED    15   HIGHEST WIND DIRECTION     S (170)
  HIGHEST GUST SPEED    18   HIGHEST GUST DIRECTION     S (170)
  AVERAGE WIND SPEED     7.2


SKY COVER
  POSSIBLE SUNSHINE  MM
  AVERAGE SKY COVER 0.8


WEATHER CONDITIONS
 THE FOLLOWING WEATHER WAS RECORDED YESTERDAY.
  LIGHT SNOW
  FOG


RELATIVE HUMIDITY (PERCENT)
 HIGHEST    92           400 AM
 LOWEST     70           400 PM
 AVERAGE    81

..........................................................


THE DICKINSON ND CLIMATE NORMALS FOR TODAY
                         NORMAL    RECORD    YEAR
 MAXIMUM TEMPERATURE (F)   46        80      1946
 MINIMUM TEMPERATURE (F)   23        -8      1931


SUNRISE AND SUNSET
MARCH 27 2015.........SUNRISE   641 AM MDT   SUNSET   713 PM MDT
MARCH 28 2015.........SUNRISE   639 AM MDT   SUNSET   715 PM MDT


-  INDICATES NEGATIVE NUMBERS.
R  INDICATES RECORD WAS SET OR TIED.
MM INDICATES DATA IS MISSING.
T  INDICATES TRACE AMOUNT.




$$
