000
CDUS43 KBIS 201231
CLIDIK


CLIMATE REPORT
NATIONAL WEATHER SERVICE BISMARCK ND
631 AM CST MON FEB 20 2017


...................................

...THE DICKINSON ND CLIMATE SUMMARY FOR FEBRUARY 19 2017...

CLIMATE NORMAL PERIOD 1981 TO 2010
CLIMATE RECORD PERIOD 1893 TO 2017


WEATHER ITEM   OBSERVED TIME   RECORD YEAR NORMAL DEPARTURE LAST
                VALUE   (LST)  VALUE       VALUE  FROM      YEAR
                                                  NORMAL
..................................................................
TEMPERATURE (F)
 YESTERDAY
  MAXIMUM         52    428 PM  62    1995  32     20       52
  MINIMUM         27    724 AM -40    1929  11     16       26
  AVERAGE         40                        21     19       39

PRECIPITATION (IN)
  YESTERDAY        0.00          0.29 1952   0.02  -0.02     0.03
  MONTH TO DATE    0.03                      0.19  -0.16     0.25
  SINCE DEC 1      0.23                      0.73  -0.50     0.67
  SINCE JAN 1      0.07                      0.49  -0.42     0.41

DEGREE DAYS
 HEATING
  YESTERDAY       25                        44    -19       26
  MONTH TO DATE  835                       867    -32      697
  SINCE DEC 1   4107                      3837    270     3419
  SINCE JUL 1   5774                      5914   -140     5093

 COOLING
  YESTERDAY        0                         0      0        0
  MONTH TO DATE    0                         0      0        0
  SINCE DEC 1      0                         0      0        0
  SINCE JAN 1      0                         0      0        0
..................................................................


WIND (MPH)
  HIGHEST WIND SPEED    14   HIGHEST WIND DIRECTION    NW (300)
  HIGHEST GUST SPEED    16   HIGHEST GUST DIRECTION     W (290)
  AVERAGE WIND SPEED     7.7


SKY COVER
  POSSIBLE SUNSHINE  MM
  AVERAGE SKY COVER 0.5


WEATHER CONDITIONS
 THE FOLLOWING WEATHER WAS RECORDED YESTERDAY.
  FOG
  FOG W/VISIBILITY <= 1/4 MILE


RELATIVE HUMIDITY (PERCENT)
 HIGHEST   100           100 AM
 LOWEST     59           300 PM
 AVERAGE    80

..........................................................


THE DICKINSON ND CLIMATE NORMALS FOR TODAY
                         NORMAL    RECORD    YEAR
 MAXIMUM TEMPERATURE (F)   32        57      1984
 MINIMUM TEMPERATURE (F)   11       -37      1918


SUNRISE AND SUNSET
FEBRUARY 20 2017......SUNRISE   646 AM MST   SUNSET   524 PM MST
FEBRUARY 21 2017......SUNRISE   645 AM MST   SUNSET   526 PM MST


-  INDICATES NEGATIVE NUMBERS.
R  INDICATES RECORD WAS SET OR TIED.
MM INDICATES DATA IS MISSING.
T  INDICATES TRACE AMOUNT.




$$
