000
CDUS43 KBIS 180842
CLIDIK


CLIMATE REPORT
NATIONAL WEATHER SERVICE BISMARCK ND
241 AM CST THU DEC 18 2014


...................................

...THE DICKINSON ND CLIMATE SUMMARY FOR DECEMBER 17 2014...

CLIMATE NORMAL PERIOD 1981 TO 2010
CLIMATE RECORD PERIOD 1903 TO 2014


WEATHER ITEM   OBSERVED TIME   RECORD YEAR NORMAL DEPARTURE LAST
                VALUE   (LST)  VALUE       VALUE  FROM      YEAR
                                                  NORMAL
..................................................................
TEMPERATURE (F)
 YESTERDAY
  MAXIMUM         20   1159 PM  60    1998  27     -7       36
  MINIMUM         15    859 AM -31    1924   7      8       11
  AVERAGE         18                        17      1       24

PRECIPITATION (IN)
  YESTERDAY        T             0.31 1993   0.00   0.00     0.00
  MONTH TO DATE    T                         0.12  -0.12     0.19
  SINCE DEC 1      T                         0.12  -0.12     0.19
  SINCE JAN 1     21.79                     15.65   6.14    23.03

DEGREE DAYS
 HEATING
  YESTERDAY       47                        48     -1       41
  MONTH TO DATE  612                       777   -165      956
  SINCE DEC 1    612                       777   -165      956
  SINCE JUL 1   2818                      2854    -36     2900

 COOLING
  YESTERDAY        0                         0      0        0
  MONTH TO DATE    0                         0      0        0
  SINCE DEC 1      0                         0      0        0
  SINCE JAN 1    256                       419   -163      386
..................................................................


WIND (MPH)
  HIGHEST WIND SPEED    18   HIGHEST WIND DIRECTION     S (160)
  HIGHEST GUST SPEED    22   HIGHEST GUST DIRECTION    SE (130)
  AVERAGE WIND SPEED    12.6


SKY COVER
  POSSIBLE SUNSHINE  MM
  AVERAGE SKY COVER 1.0


WEATHER CONDITIONS
 THE FOLLOWING WEATHER WAS RECORDED YESTERDAY.
  LIGHT SNOW
  FOG
  HAZE


RELATIVE HUMIDITY (PERCENT)
 HIGHEST    92           900 PM
 LOWEST     77           100 PM
 AVERAGE    85

..........................................................


THE DICKINSON ND CLIMATE NORMALS FOR TODAY
                         NORMAL    RECORD    YEAR
 MAXIMUM TEMPERATURE (F)   27        60      1979
 MINIMUM TEMPERATURE (F)    7       -37      1929


SUNRISE AND SUNSET
DECEMBER 18 2014......SUNRISE   732 AM MST   SUNSET   404 PM MST
DECEMBER 19 2014......SUNRISE   732 AM MST   SUNSET   405 PM MST


-  INDICATES NEGATIVE NUMBERS.
R  INDICATES RECORD WAS SET OR TIED.
MM INDICATES DATA IS MISSING.
T  INDICATES TRACE AMOUNT.




$$
