000
CDUS43 KBIS 200734
CLIDIK


CLIMATE REPORT
NATIONAL WEATHER SERVICE BISMARCK ND
233 AM CDT THU JUL 20 2017


...................................

...THE DICKINSON ND CLIMATE SUMMARY FOR JULY 19 2017...

CLIMATE NORMAL PERIOD 1981 TO 2010
CLIMATE RECORD PERIOD 1893 TO 2017


WEATHER ITEM   OBSERVED TIME   RECORD YEAR NORMAL DEPARTURE LAST
                VALUE   (LST)  VALUE       VALUE  FROM      YEAR
                                                  NORMAL
..................................................................
TEMPERATURE (F)
 YESTERDAY
  MAXIMUM         86    531 PM 108    1901  85      1       93
  MINIMUM         61    555 AM  39    1915  56      5       63
  AVERAGE         74                        70      4       78

PRECIPITATION (IN)
  YESTERDAY        1.35R         0.52 1945   0.08   1.27     0.00
  MONTH TO DATE    1.64                      1.67  -0.03     2.50
  SINCE JUN 1      2.27                      4.87  -2.60     5.16
  SINCE JAN 1      4.60                      9.98  -5.38     9.58

DEGREE DAYS
 HEATING
  YESTERDAY        0                         1     -1        0
  MONTH TO DATE    0                        25    -25       13
  SINCE JUN 1     92                       162    -70       72
  SINCE JUL 1      0                        25    -25       13

 COOLING
  YESTERDAY        9                         6      3       13
  MONTH TO DATE  192                        90    102       62
  SINCE JUN 1    242                       144     98      119
  SINCE JAN 1    252                       154     98      122
..................................................................


WIND (MPH)
  HIGHEST WIND SPEED    35   HIGHEST WIND DIRECTION     S (190)
  HIGHEST GUST SPEED    44   HIGHEST GUST DIRECTION    SW (220)
  AVERAGE WIND SPEED     9.1


SKY COVER
  POSSIBLE SUNSHINE  MM
  AVERAGE SKY COVER 0.3


WEATHER CONDITIONS
 THE FOLLOWING WEATHER WAS RECORDED YESTERDAY.
  THUNDERSTORM
  HEAVY RAIN
  RAIN
  LIGHT RAIN
  FOG


RELATIVE HUMIDITY (PERCENT)
 HIGHEST   100           500 AM
 LOWEST     32           500 PM
 AVERAGE    66

..........................................................


THE DICKINSON ND CLIMATE NORMALS FOR TODAY
                         NORMAL    RECORD    YEAR
 MAXIMUM TEMPERATURE (F)   85       105      1960
 MINIMUM TEMPERATURE (F)   56        38      1915


SUNRISE AND SUNSET
JULY 20 2017..........SUNRISE   518 AM MDT   SUNSET   837 PM MDT
JULY 21 2017..........SUNRISE   519 AM MDT   SUNSET   836 PM MDT


-  INDICATES NEGATIVE NUMBERS.
R  INDICATES RECORD WAS SET OR TIED.
MM INDICATES DATA IS MISSING.
T  INDICATES TRACE AMOUNT.




$$
