967
CDUS43 KBIS 210811
CLIDIK


CLIMATE REPORT
NATIONAL WEATHER SERVICE BISMARCK ND
210 AM CST TUE NOV 21 2017


...................................

...THE DICKINSON ND CLIMATE SUMMARY FOR NOVEMBER 20 2017...

CLIMATE NORMAL PERIOD 1981 TO 2010
CLIMATE RECORD PERIOD 1893 TO 2017


WEATHER ITEM   OBSERVED TIME   RECORD YEAR NORMAL DEPARTURE LAST
                VALUE   (LST)  VALUE       VALUE  FROM      YEAR
                                                  NORMAL
..................................................................
TEMPERATURE (F)
 YESTERDAY
  MAXIMUM         53    114 PM  65    1908  37     16       49
  MINIMUM         13   1159 PM -15    1937  17     -4       22
                                      1921
  AVERAGE         33                        27      6       36

PRECIPITATION (IN)
  YESTERDAY        0.00          0.35 1977   0.02  -0.02     0.00
  MONTH TO DATE    0.08                      0.43  -0.35      T
  SINCE SEP 1      2.97                      3.13  -0.16     4.35
  SINCE JAN 1     10.21                     15.42  -5.21    15.98

DEGREE DAYS
 HEATING
  YESTERDAY       32                        38     -6       29
  MONTH TO DATE  766                       660    106      451
  SINCE SEP 1   1640                      1585     55     1275
  SINCE JUL 1   1691                      1671     20     1335

 COOLING
  YESTERDAY        0                         0      0        0
  MONTH TO DATE    0                         0      0        0
  SINCE SEP 1     41                        33      8       21
  SINCE JAN 1    487                       419     68      315
..................................................................


WIND (MPH)
  HIGHEST WIND SPEED    39   HIGHEST WIND DIRECTION    NW (300)
  HIGHEST GUST SPEED    49   HIGHEST GUST DIRECTION    NW (300)
  AVERAGE WIND SPEED    18.4


SKY COVER
  POSSIBLE SUNSHINE  MM
  AVERAGE SKY COVER 0.3


WEATHER CONDITIONS
 THE FOLLOWING WEATHER WAS RECORDED YESTERDAY.
  NO SIGNIFICANT WEATHER WAS OBSERVED.


RELATIVE HUMIDITY (PERCENT)
 HIGHEST    62          1100 PM
 LOWEST     27          1100 AM
 AVERAGE    45

..........................................................


THE DICKINSON ND CLIMATE NORMALS FOR TODAY
                         NORMAL    RECORD    YEAR
 MAXIMUM TEMPERATURE (F)   37        66      2012
 MINIMUM TEMPERATURE (F)   16       -21      1896


SUNRISE AND SUNSET
NOVEMBER 21 2017......SUNRISE   703 AM MST   SUNSET   411 PM MST
NOVEMBER 22 2017......SUNRISE   704 AM MST   SUNSET   410 PM MST


-  INDICATES NEGATIVE NUMBERS.
R  INDICATES RECORD WAS SET OR TIED.
MM INDICATES DATA IS MISSING.
T  INDICATES TRACE AMOUNT.




$$
