000
CDUS43 KBIS 080044
CLIDIK


CLIMATE REPORT
NATIONAL WEATHER SERVICE BISMARCK ND
743 PM CDT TUE JUL 7 2015


...................................

...THE DICKINSON ND CLIMATE SUMMARY FOR JULY 7 2015...
VALID TODAY AS OF 0700 PM LOCAL TIME.

CLIMATE NORMAL PERIOD 1981 TO 2010
CLIMATE RECORD PERIOD 1893 TO 2015


WEATHER ITEM   OBSERVED TIME   RECORD YEAR NORMAL DEPARTURE LAST
                VALUE   (LST)  VALUE       VALUE  FROM      YEAR
                                                  NORMAL
..................................................................
TEMPERATURE (F)
 TODAY
  MAXIMUM         76        MM 109    1981  82     -6       74
  MINIMUM         49        MM  42    1922  54     -5       55
  AVERAGE         63                        68     -5       65

PRECIPITATION (IN)
  TODAY            0.05          2.10 2004   0.10  -0.05     0.11
  MONTH TO DATE    0.17                      0.65  -0.48     0.13
  SINCE JUN 1      3.10                      3.85  -0.75     3.96
  SINCE JAN 1      6.53                      8.96  -2.43    12.00

DEGREE DAYS
 HEATING
  TODAY            2                         1      1        0
  MONTH TO DATE    5                        13     -8       15
  SINCE JUN 1     73                       150    -77      180
  SINCE JUL 1      5                        13     -8       15

 COOLING
  TODAY            0                         4     -4        0
  MONTH TO DATE   24                        28     -4       24
  SINCE JUN 1     82                        82      0       36
  SINCE JAN 1     82                        92    -10       66
..................................................................


WIND (MPH)
  RESULTANT WIND SPEED  12   RESULTANT WIND DIRECTION   S (160)
  HIGHEST WIND SPEED    18   HIGHEST WIND DIRECTION    SE (140)
  HIGHEST GUST SPEED    24   HIGHEST GUST DIRECTION     S (160)
  AVERAGE WIND SPEED    12.0


SKY COVER
  POSSIBLE SUNSHINE  MM
  AVERAGE SKY COVER 0.4


WEATHER CONDITIONS
 THE FOLLOWING WEATHER WAS RECORDED TODAY.
  THUNDERSTORM
  LIGHT RAIN
  FOG
  HAZE


RELATIVE HUMIDITY (PERCENT)
 HIGHEST    93           100 AM
 LOWEST     54           100 PM
 AVERAGE    74

..........................................................


THE DICKINSON ND CLIMATE NORMALS FOR TOMORROW
                         NORMAL    RECORD    YEAR
 MAXIMUM TEMPERATURE (F)   82       108      1936
 MINIMUM TEMPERATURE (F)   54        37      1944


SUNRISE AND SUNSET
JULY  7 2015..........SUNRISE   505 AM MDT   SUNSET   847 PM MDT
JULY  8 2015..........SUNRISE   506 AM MDT   SUNSET   846 PM MDT


-  INDICATES NEGATIVE NUMBERS.
R  INDICATES RECORD WAS SET OR TIED.
MM INDICATES DATA IS MISSING.
T  INDICATES TRACE AMOUNT.




$$
