000
CDUS43 KDLH 231236 CCA
CLIDLH

CLIMATE REPORT...CORRECTED
NATIONAL WEATHER SERVICE DULUTH MN
104 AM CST THU FEB 23 2017


...................................

...THE DULUTH MN CLIMATE SUMMARY FOR FEBRUARY 22 2017...

CLIMATE NORMAL PERIOD 1981 TO 2010
CLIMATE RECORD PERIOD 1870 TO 2017


WEATHER ITEM   OBSERVED TIME   RECORD YEAR NORMAL DEPARTURE LAST
                VALUE   (LST)  VALUE       VALUE  FROM      YEAR
                                                  NORMAL
..................................................................
TEMPERATURE (F)
 YESTERDAY
  MAXIMUM         46    108 PM  52    1961  26     20       28
  MINIMUM         33   1159 PM -27    1889   9     24       16
  AVERAGE         40                        17     23       22

PRECIPITATION (IN)
  YESTERDAY        0.24          0.85 1922   0.04   0.20     0.01
  MONTH TO DATE    1.42                      0.58   0.84     0.65
  SINCE DEC 1      4.65                      2.75   1.90     5.40
  SINCE JAN 1      2.58                      1.54   1.04     1.70

SNOWFALL (IN)
  YESTERDAY        1.5           7.6  1979   0.5    1.0      0.1
  MONTH TO DATE    7.1                       9.3   -2.2      9.4
  SINCE DEC 1     43.9                      46.4   -2.5     47.0
  SINCE JUL 1     52.0                      62.5  -10.5     51.4
  SNOW DEPTH       5

DEGREE DAYS
 HEATING
  YESTERDAY       25                        48    -23       43
  MONTH TO DATE  917                      1122   -205     1104
  SINCE DEC 1   3940                      4377   -437     3902
  SINCE JUL 1   5422                      6590  -1168     5565

 COOLING
  YESTERDAY        0                         0      0        0
  MONTH TO DATE    0                         0      0        0
  SINCE DEC 1      0                         0      0        0
  SINCE JAN 1      0                         0      0        0
..................................................................


WIND (MPH)
  HIGHEST WIND SPEED    18   HIGHEST WIND DIRECTION     N (340)
  HIGHEST GUST SPEED    23   HIGHEST GUST DIRECTION     N (340)
  AVERAGE WIND SPEED     6.3


SKY COVER
  AVERAGE SKY COVER 0.7


WEATHER CONDITIONS
 THE FOLLOWING WEATHER WAS RECORDED YESTERDAY.
  RAIN
  LIGHT RAIN
  HAIL
  LIGHT SNOW
  SLEET
  FOG


RELATIVE HUMIDITY (PERCENT)
 HIGHEST   100           300 AM
 LOWEST     65          1200 PM
 AVERAGE    83

..........................................................


THE DULUTH MN CLIMATE NORMALS FOR TODAY
                         NORMAL    RECORD    YEAR
 MAXIMUM TEMPERATURE (F)   27        53      1958
 MINIMUM TEMPERATURE (F)    9       -30      1889


SUNRISE AND SUNSET
FEBRUARY 23 2017......SUNRISE   658 AM CST   SUNSET   546 PM CST
FEBRUARY 24 2017......SUNRISE   657 AM CST   SUNSET   547 PM CST


-  INDICATES NEGATIVE NUMBERS.
R  INDICATES RECORD WAS SET OR TIED.
MM INDICATES DATA IS MISSING.
T  INDICATES TRACE AMOUNT.

CORRECTED TO ADD HAIL TO OBSERVED WEATHER.




$$
