000
CDUS43 KDLH 220619
CLIDLH


CLIMATE REPORT
NATIONAL WEATHER SERVICE DULUTH MN
118 AM CDT TUE JUL 22 2014


...................................

...THE DULUTH MN CLIMATE SUMMARY FOR JULY 21 2014...

CLIMATE NORMAL PERIOD 1981 TO 2010
CLIMATE RECORD PERIOD 1870 TO 2014


WEATHER ITEM   OBSERVED TIME   RECORD YEAR NORMAL DEPARTURE LAST
                VALUE   (LST)  VALUE       VALUE  FROM      YEAR
                                                  NORMAL
..................................................................
TEMPERATURE (F)
 YESTERDAY
  MAXIMUM         88    504 PM  93    1960  77     11       72
                                      1893
                                      1892
  MINIMUM         72    606 AM  38    1973  56     16       51
  AVERAGE         80                        66     14       62

PRECIPITATION (IN)
  YESTERDAY        T             5.20 1909   0.11  -0.11     0.00
  MONTH TO DATE    2.46                      2.75  -0.29     0.91
  SINCE JUN 1      6.93                      6.98  -0.05     5.45
  SINCE JAN 1     19.36                     15.90   3.46    18.79

SNOWFALL (IN)
  YESTERDAY        0.0                       0.0    0.0      0.0
  MONTH TO DATE    0.0                       0.0    0.0      0.0
  SINCE JUN 1      T                         0.0    0.0      0.0
  SINCE JUL 1      0.0                       0.0    0.0      0.0
  SNOW DEPTH       0

DEGREE DAYS
 HEATING
  YESTERDAY        0                         2     -2        3
  MONTH TO DATE   34                        48    -14       16
  SINCE JUN 1    196                       227    -31      162
  SINCE JUL 1     34                        48    -14       16

 COOLING
  YESTERDAY       15                         3     12        0
  MONTH TO DATE   64                        60      4      126
  SINCE JUN 1     93                        90      3      179
  SINCE JAN 1    111                        94     17      180
..................................................................


WIND (MPH)
  HIGHEST WIND SPEED    18   HIGHEST WIND DIRECTION     S (200)
  HIGHEST GUST SPEED    25   HIGHEST GUST DIRECTION     S (190)
  AVERAGE WIND SPEED    10.6


SKY COVER
  AVERAGE SKY COVER 0.3


WEATHER CONDITIONS
 THE FOLLOWING WEATHER WAS RECORDED YESTERDAY.
  HAZE


RELATIVE HUMIDITY (PERCENT)
 HIGHEST    84           600 AM
 LOWEST     59           100 PM
 AVERAGE    72

..........................................................


THE DULUTH MN CLIMATE NORMALS FOR TODAY
                         NORMAL    RECORD    YEAR
 MAXIMUM TEMPERATURE (F)   77        95      1941
 MINIMUM TEMPERATURE (F)   56        40      1985


SUNRISE AND SUNSET
JULY 22 2014..........SUNRISE   537 AM CDT   SUNSET   853 PM CDT
JULY 23 2014..........SUNRISE   538 AM CDT   SUNSET   852 PM CDT


-  INDICATES NEGATIVE NUMBERS.
R  INDICATES RECORD WAS SET OR TIED.
MM INDICATES DATA IS MISSING.
T  INDICATES TRACE AMOUNT.




$$
