000
CDUS45 KTFX 272238
CLIDLN


CLIMATE REPORT
NATIONAL WEATHER SERVICE GREAT FALLS MT
436 PM MDT WED AUG 27 2014


...................................

...THE DILLON AIRPORT MT CLIMATE SUMMARY FOR AUGUST 27 2014...
VALID TODAY AS OF 0400 PM LOCAL TIME.

CLIMATE NORMAL PERIOD 1981 TO 2010
CLIMATE RECORD PERIOD 1929 TO 2014


WEATHER ITEM   OBSERVED TIME   RECORD YEAR NORMAL DEPARTURE LAST
                VALUE   (LST)  VALUE       VALUE  FROM      YEAR
                                                  NORMAL
..................................................................
TEMPERATURE (F)
 TODAY
  MAXIMUM         80    259 PM  90    2012  78      2       85
                                      2011
                                      2001
  MINIMUM         46    630 AM  36    1976  46      0       50
  AVERAGE         63                        62      1       68

PRECIPITATION (IN)
  TODAY            0.00          0.34 1966   0.04  -0.04     0.00
  MONTH TO DATE    2.50                      0.90   1.60     1.52
  SINCE OCT 1      9.08                      9.55  -0.47     7.96
  SINCE JAN 1      8.59                      8.15   0.44     6.94

SNOWFALL (IN)
  TODAY            0.0
  SNOW DEPTH       0

DEGREE DAYS
 HEATING
  TODAY            2                         4     -2        0
  MONTH TO DATE   65                        62      3        6
  SINCE JUN 1    331                       340     -9      194
  SINCE JUL 1     81                       117    -36        6

 COOLING
  TODAY            0                         1     -1        3
  MONTH TO DATE   48                        49     -1       58
  SINCE JUN 1    160                       142     18      211
  SINCE JAN 1    160                       143     17      214
..................................................................


WIND (MPH)
  HIGHEST WIND SPEED    14   HIGHEST WIND DIRECTION     S (200)
  HIGHEST GUST SPEED    23   HIGHEST GUST DIRECTION    NW (310)
  AVERAGE WIND SPEED     6.8


SKY COVER
  AVERAGE SKY COVER 0.0


WEATHER CONDITIONS
 THE FOLLOWING WEATHER WAS RECORDED TODAY.
  NO SIGNIFICANT WEATHER WAS OBSERVED.


RELATIVE HUMIDITY (PERCENT)
 HIGHEST    86
 LOWEST     27
 AVERAGE    57

..........................................................


THE DILLON AIRPORT MT CLIMATE NORMALS FOR TOMORROW
                         NORMAL    RECORD    YEAR
 MAXIMUM TEMPERATURE (F)   78        95      2012
 MINIMUM TEMPERATURE (F)   45        32      1960


SUNRISE AND SUNSET
AUGUST 27 2014........SUNRISE   646 AM MDT   SUNSET   817 PM MDT
AUGUST 28 2014........SUNRISE   647 AM MDT   SUNSET   815 PM MDT


-  INDICATES NEGATIVE NUMBERS.
R  INDICATES RECORD WAS SET OR TIED.
MM INDICATES DATA IS MISSING.
T  INDICATES TRACE AMOUNT.




$$
