000
CDUS45 KTFX 170744
CLIDLN


CLIMATE REPORT
NATIONAL WEATHER SERVICE GREAT FALLS MT
1241 AM MST WED DEC 17 2014


...................................

...THE DILLON AIRPORT MT CLIMATE SUMMARY FOR DECEMBER 16 2014...

CLIMATE NORMAL PERIOD 1981 TO 2010
CLIMATE RECORD PERIOD 1929 TO 2014


WEATHER ITEM   OBSERVED TIME   RECORD YEAR NORMAL DEPARTURE LAST
                VALUE   (LST)  VALUE       VALUE  FROM      YEAR
                                                  NORMAL
..................................................................
TEMPERATURE (F)
 YESTERDAY
  MAXIMUM         27   1159 PM  55    1962  30     -3       42
  MINIMUM         11   1215 AM -26    1964  11      0       27
  AVERAGE         19                        20     -1       35

PRECIPITATION (IN)
  YESTERDAY        0.11R         0.10 1968   0.01   0.10     0.00
  MONTH TO DATE    0.31                      0.17   0.14     0.08
  SINCE OCT 1      0.99                      1.30  -0.31     0.43
  SINCE JAN 1     10.72                     10.47   0.25     9.89

SNOWFALL (IN)
  YESTERDAY       MM
  SNOW DEPTH       0

DEGREE DAYS
 HEATING
  YESTERDAY       46                                1       30
  MONTH TO DATE  501                             -202      844
  SINCE DEC 1    501                             -202      844
  SINCE JUL 1   2475                             -379     2773

 COOLING
  YESTERDAY        0                                0        0
  MONTH TO DATE    0                                0        0
  SINCE DEC 1      0                                0        0
  SINCE JAN 1    170                               14      247
..................................................................


WIND (MPH)
  HIGHEST WIND SPEED     5   HIGHEST WIND DIRECTION     S (190)
  HIGHEST GUST SPEED     8   HIGHEST GUST DIRECTION     S (180)
  AVERAGE WIND SPEED     1.0



WEATHER CONDITIONS
 THE FOLLOWING WEATHER WAS RECORDED YESTERDAY.
  LIGHT SNOW
  FOG


RELATIVE HUMIDITY (PERCENT)
 HIGHEST    92
 LOWEST     68
 AVERAGE    80

..........................................................


THE DILLON AIRPORT MT CLIMATE NORMALS FOR TODAY
                         NORMAL    RECORD    YEAR
 MAXIMUM TEMPERATURE (F)   30        57      1980
 MINIMUM TEMPERATURE (F)   10       -27      1964


SUNRISE AND SUNSET
DECEMBER 17 2014......SUNRISE   804 AM MST   SUNSET   449 PM MST
DECEMBER 18 2014......SUNRISE   805 AM MST   SUNSET   449 PM MST


-  INDICATES NEGATIVE NUMBERS.
R  INDICATES RECORD WAS SET OR TIED.
MM INDICATES DATA IS MISSING.
T  INDICATES TRACE AMOUNT.




$$
