000
CDUS45 KTFX 010749
CLIDLN


CLIMATE REPORT
NATIONAL WEATHER SERVICE GREAT FALLS MT
148 AM MDT SAT NOV 1 2014


...................................

...THE DILLON AIRPORT MT CLIMATE SUMMARY FOR OCTOBER 31 2014...

CLIMATE NORMAL PERIOD 1981 TO 2010
CLIMATE RECORD PERIOD 1929 TO 2014


WEATHER ITEM   OBSERVED TIME   RECORD YEAR NORMAL DEPARTURE LAST
                VALUE   (LST)  VALUE       VALUE  FROM      YEAR
                                                  NORMAL
..................................................................
TEMPERATURE (F)
 YESTERDAY
  MAXIMUM         69R   308 PM  68    1988  50     19       54
  MINIMUM         30    725 AM  -6    2002  26      4       30
  AVERAGE         50                        38     12       42

PRECIPITATION (IN)
  YESTERDAY        0.00          0.13 1945   0.02  -0.02     0.01
  MONTH TO DATE    0.26                      0.76  -0.50     0.27
  SINCE OCT 1      0.26                      0.76  -0.50     0.27
  SINCE JAN 1      9.99                      9.93   0.06     9.73

SNOWFALL (IN)
  YESTERDAY       MM
  SNOW DEPTH       0

DEGREE DAYS
 HEATING
  YESTERDAY       15                              -12       23
  MONTH TO DATE  474                             -190      758
  SINCE SEP 1    743                             -237      999
  SINCE JUL 1    835                             -281     1005

 COOLING
  YESTERDAY        0                                0        0
  MONTH TO DATE    0                                0        0
  SINCE SEP 1      6                               -2       19
  SINCE JAN 1    170                               14      247
..................................................................


WIND (MPH)
  HIGHEST WIND SPEED    24   HIGHEST WIND DIRECTION     S (180)
  HIGHEST GUST SPEED    30   HIGHEST GUST DIRECTION     S (170)
  AVERAGE WIND SPEED     6.9



WEATHER CONDITIONS
 THE FOLLOWING WEATHER WAS RECORDED YESTERDAY.
  NO SIGNIFICANT WEATHER WAS OBSERVED.


RELATIVE HUMIDITY (PERCENT)
 HIGHEST    78
 LOWEST     19
 AVERAGE    49

..........................................................


THE DILLON AIRPORT MT CLIMATE NORMALS FOR TODAY
                         NORMAL    RECORD    YEAR
 MAXIMUM TEMPERATURE (F)   50        71      1965
 MINIMUM TEMPERATURE (F)   26        -8      2002


SUNRISE AND SUNSET
NOVEMBER  1 2014......SUNRISE   809 AM MDT   SUNSET   618 PM MDT
NOVEMBER  2 2014......SUNRISE   711 AM MST   SUNSET   516 PM MST


-  INDICATES NEGATIVE NUMBERS.
R  INDICATES RECORD WAS SET OR TIED.
MM INDICATES DATA IS MISSING.
T  INDICATES TRACE AMOUNT.




$$
