000
CDUS45 KTFX 230933
CLIDLN


CLIMATE REPORT
NATIONAL WEATHER SERVICE GREAT FALLS MT
331 AM MDT WED AUG 23 2017


...................................

...THE DILLON AIRPORT MT CLIMATE SUMMARY FOR AUGUST 22 2017...

CLIMATE NORMAL PERIOD 1981 TO 2010
CLIMATE RECORD PERIOD 1929 TO 2017


WEATHER ITEM   OBSERVED TIME   RECORD YEAR NORMAL DEPARTURE LAST
                VALUE   (LST)  VALUE       VALUE  FROM      YEAR
                                                  NORMAL
..................................................................
TEMPERATURE (F)
 YESTERDAY
  MAXIMUM         89    510 PM  93    1955  80      9       83
  MINIMUM         46    121 AM  36    1966  47     -1       47
  AVERAGE         68                        63      5       65

PRECIPITATION (IN)
  YESTERDAY        0.00          0.77 1960   0.04  -0.04     0.00
  MONTH TO DATE    0.18                      0.73  -0.55     0.12
  SINCE OCT 1      8.97                      9.38  -0.41     7.61
  SINCE JAN 1      6.43                      7.98  -1.55     5.53

SNOWFALL (IN)
  YESTERDAY       MM
  SNOW DEPTH       0

DEGREE DAYS
 HEATING
  YESTERDAY        0                               -3        0
  MONTH TO DATE   14                              -30       38
  SINCE JUN 1    194                             -128      200
  SINCE JUL 1     14                              -85       92

 COOLING
  YESTERDAY        3                                2        0
  MONTH TO DATE   26                              -18       23
  SINCE JUN 1    220                               83      140
  SINCE JAN 1    220                               82      140
..................................................................


WIND (MPH)
  HIGHEST WIND SPEED    14   HIGHEST WIND DIRECTION    SW (210)
  HIGHEST GUST SPEED    18   HIGHEST GUST DIRECTION    SW (220)
  AVERAGE WIND SPEED     6.9


SKY COVER
  AVERAGE SKY COVER 0.0


WEATHER CONDITIONS
 THE FOLLOWING WEATHER WAS RECORDED YESTERDAY.
  HAZE


RELATIVE HUMIDITY (PERCENT)
 HIGHEST    54
 LOWEST     12
 AVERAGE    33

..........................................................


THE DILLON AIRPORT MT CLIMATE NORMALS FOR TODAY
                         NORMAL    RECORD    YEAR
 MAXIMUM TEMPERATURE (F)   79        95      1969
 MINIMUM TEMPERATURE (F)   46        35      1962


SUNRISE AND SUNSET
AUGUST 23 2017........SUNRISE   641 AM MDT   SUNSET   823 PM MDT
AUGUST 24 2017........SUNRISE   643 AM MDT   SUNSET   821 PM MDT


-  INDICATES NEGATIVE NUMBERS.
R  INDICATES RECORD WAS SET OR TIED.
MM INDICATES DATA IS MISSING.
T  INDICATES TRACE AMOUNT.




$$
