000
CDUS41 KLWX 300530
CLIDMH


CLIMATE REPORT
NATIONAL WEATHER SERVICE BALTIMORE MD/WASHINGTON DC
129 AM EDT THU JUL 30 2015


...................................

...THE BALTIMORE INNER HARBOR MD CLIMATE SUMMARY FOR JULY 29 2015...

CLIMATE NORMAL PERIOD 1981 TO 2010
CLIMATE RECORD PERIOD 9999 TO 9999


WEATHER ITEM   OBSERVED TIME   RECORD YEAR NORMAL DEPARTURE LAST
                VALUE   (LST)  VALUE       VALUE  FROM      YEAR
                                                  NORMAL
..................................................................
TEMPERATURE (F)
 YESTERDAY
  MAXIMUM         88   1134 AM  MM      MM  88      0       77
  MINIMUM         76    518 AM  MM      MM  72      4       65
  AVERAGE         82                        80      2       71

PRECIPITATION (IN)
  YESTERDAY        0.19         MM      MM   0.14   0.05     0.00
  MONTH TO DATE    2.06                      4.34  -2.28     3.44
  SINCE JUN 1      9.70                      7.61   2.09    10.21
  SINCE JAN 1     26.04                     23.70   2.34    33.26

DEGREE DAYS
 HEATING
  YESTERDAY        0                         0      0        0
  MONTH TO DATE    0                         0      0        0
  SINCE JUN 1     10                         5      5        0
  SINCE JUL 1      0                         0      0        0

 COOLING
  YESTERDAY       17                        15      2        6
  MONTH TO DATE  427                       458    -31      404
  SINCE JUN 1    781                       795    -14      732
  SINCE JAN 1   1027                       934     93      862
..................................................................


WIND (MPH)
  HIGHEST WIND SPEED    MM   HIGHEST WIND DIRECTION    MM
  HIGHEST GUST SPEED    MM   HIGHEST GUST DIRECTION    MM
  AVERAGE WIND SPEED    MM


SKY COVER
  POSSIBLE SUNSHINE  MM



RELATIVE HUMIDITY (PERCENT)
 HIGHEST    91           400 PM
 LOWEST     61          1000 AM
 AVERAGE    76

..........................................................


THE BALTIMORE INNER HARBOR MD CLIMATE NORMALS FOR TODAY
                         NORMAL
 MAXIMUM TEMPERATURE (F)   88
 MINIMUM TEMPERATURE (F)   72


SUNRISE AND SUNSET
JULY 30 2015..........SUNRISE   605 AM EDT   SUNSET   821 PM EDT
JULY 31 2015..........SUNRISE   605 AM EDT   SUNSET   820 PM EDT


-  INDICATES NEGATIVE NUMBERS.
R  INDICATES RECORD WAS SET OR TIED.
MM INDICATES DATA IS MISSING.
T  INDICATES TRACE AMOUNT.




$$
