000
CDUS41 KLWX 270525
CLIDMH


CLIMATE REPORT
NATIONAL WEATHER SERVICE BALTIMORE MD/WASHINGTON DC
1225 AM EST TUE JAN 27 2015


...................................

...THE BALTIMORE INNER HARBOR MD CLIMATE SUMMARY FOR JANUARY 26 2015...

CLIMATE NORMAL PERIOD 1981 TO 2010
CLIMATE RECORD PERIOD 9999 TO 9999


WEATHER ITEM   OBSERVED TIME   RECORD YEAR NORMAL DEPARTURE LAST
                VALUE   (LST)  VALUE       VALUE  FROM      YEAR
                                                  NORMAL
..................................................................
TEMPERATURE (F)
 YESTERDAY
  MAXIMUM         41   1249 AM  MM      MM  43     -2       32
  MINIMUM         27   1159 PM  MM      MM  29     -2       19
  AVERAGE         34                        36     -2       26

PRECIPITATION (IN)
  YESTERDAY        0.12         MM      MM   0.10   0.02     0.00
  MONTH TO DATE    3.66                      2.43   1.23     2.19
  SINCE DEC 1      6.99                      5.84   1.15     7.25
  SINCE JAN 1      3.66                      2.43   1.23     2.19

DEGREE DAYS
 HEATING
  YESTERDAY       31                        29      2       39
  MONTH TO DATE  809                       754     55      834
  SINCE DEC 1   1536                      1546    -10     1417
  SINCE JUL 1   2271                      2197     74     2042

 COOLING
  YESTERDAY        0                         0      0        0
  MONTH TO DATE    0                         0      0        0
  SINCE DEC 1      0                         0      0        0
  SINCE JAN 1      0                         0      0        0
..................................................................


WIND (MPH)
  HIGHEST WIND SPEED    MM   HIGHEST WIND DIRECTION    MM
  HIGHEST GUST SPEED    MM   HIGHEST GUST DIRECTION    MM
  AVERAGE WIND SPEED    MM


SKY COVER
  POSSIBLE SUNSHINE  MM



RELATIVE HUMIDITY (PERCENT)
 HIGHEST    92           800 AM
 LOWEST     70          1200 AM
 AVERAGE    81

..........................................................


THE BALTIMORE INNER HARBOR MD CLIMATE NORMALS FOR TODAY
                         NORMAL
 MAXIMUM TEMPERATURE (F)   43
 MINIMUM TEMPERATURE (F)   29


SUNRISE AND SUNSET
JANUARY 27 2015.......SUNRISE   718 AM EST   SUNSET   521 PM EST
JANUARY 28 2015.......SUNRISE   717 AM EST   SUNSET   522 PM EST


-  INDICATES NEGATIVE NUMBERS.
R  INDICATES RECORD WAS SET OR TIED.
MM INDICATES DATA IS MISSING.
T  INDICATES TRACE AMOUNT.




$$
