000
CDUS41 KLWX 290525
CLIDMH


CLIMATE REPORT
NATIONAL WEATHER SERVICE BALTIMORE MD/WASHINGTON DC
1224 AM EST MON DEC 29 2014


...................................

...THE BALTIMORE INNER HARBOR MD CLIMATE SUMMARY FOR DECEMBER 28 2014...

CLIMATE NORMAL PERIOD 1981 TO 2010
CLIMATE RECORD PERIOD 9999 TO 9999


WEATHER ITEM   OBSERVED TIME   RECORD YEAR NORMAL DEPARTURE LAST
                VALUE   (LST)  VALUE       VALUE  FROM      YEAR
                                                  NORMAL
..................................................................
TEMPERATURE (F)
 YESTERDAY
  MAXIMUM         59   1240 PM  MM      MM  43     16       59
  MINIMUM         42    235 AM  MM      MM  30     12       33
  AVERAGE         51                        36     15       46

PRECIPITATION (IN)
  YESTERDAY        0.06         MM      MM   0.09  -0.03     0.00
  MONTH TO DATE    3.32                      3.15   0.17     4.02
  SINCE DEC 1      3.32                      3.15   0.17     4.02
  SINCE JAN 1     52.84                     40.63  12.21    40.98

DEGREE DAYS
 HEATING
  YESTERDAY       14                        28    -14       19
  MONTH TO DATE  644                       705    -61      510
  SINCE DEC 1    644                       705    -61      510
  SINCE JUL 1   1379                      1356     23     1135

 COOLING
  YESTERDAY        0                         0      0        0
  MONTH TO DATE    0                         0      0        0
  SINCE DEC 1      0                         0      0        0
  SINCE JAN 1   1456                      1665   -209     2023
..................................................................


WIND (MPH)
  HIGHEST WIND SPEED    MM   HIGHEST WIND DIRECTION    MM
  HIGHEST GUST SPEED    MM   HIGHEST GUST DIRECTION    MM
  AVERAGE WIND SPEED    MM


SKY COVER
  POSSIBLE SUNSHINE  MM



RELATIVE HUMIDITY (PERCENT)
 HIGHEST    83           800 AM
 LOWEST     55           100 PM
 AVERAGE    69

..........................................................


THE BALTIMORE INNER HARBOR MD CLIMATE NORMALS FOR TODAY
                         NORMAL
 MAXIMUM TEMPERATURE (F)   43
 MINIMUM TEMPERATURE (F)   30


SUNRISE AND SUNSET
DECEMBER 29 2014......SUNRISE   726 AM EST   SUNSET   452 PM EST
DECEMBER 30 2014......SUNRISE   726 AM EST   SUNSET   452 PM EST


-  INDICATES NEGATIVE NUMBERS.
R  INDICATES RECORD WAS SET OR TIED.
MM INDICATES DATA IS MISSING.
T  INDICATES TRACE AMOUNT.




$$
