000
CDUS41 KLWX 230524
CLIDMH


CLIMATE REPORT
NATIONAL WEATHER SERVICE BALTIMORE MD/WASHINGTON DC
1223 AM EST TUE JAN 23 2018


...................................

...THE BALTIMORE INNER HARBOR MD CLIMATE SUMMARY FOR JANUARY 22 2018...

CLIMATE NORMAL PERIOD 1981 TO 2010
CLIMATE RECORD PERIOD 1999 TO 2018


WEATHER ITEM   OBSERVED TIME   RECORD YEAR NORMAL DEPARTURE LAST
                VALUE   (LST)  VALUE       VALUE  FROM      YEAR
                                                  NORMAL
..................................................................
TEMPERATURE (F)
 YESTERDAY
  MAXIMUM         60    248 PM  MM      MM  42     18       53
  MINIMUM         43    430 AM  MM      MM  29     14       46
  AVERAGE         52                        36     16       50

PRECIPITATION (IN)
  YESTERDAY        0.00         MM      MM   0.09  -0.09     0.08
  MONTH TO DATE    0.59                      2.04  -1.45     2.08
  SINCE DEC 1      1.37                      5.45  -4.08     4.42
  SINCE JAN 1      0.59                      2.04  -1.45     2.08

DEGREE DAYS
 HEATING
  YESTERDAY       13                        29    -16       15
  MONTH TO DATE  709                       638     71      531
  SINCE DEC 1   1497                      1430     67     1255
  SINCE JUL 1   2025                      2081    -56     1764

 COOLING
  YESTERDAY        0                         0      0        0
  MONTH TO DATE    0                         0      0        0
  SINCE DEC 1      0                         0      0        0
  SINCE JAN 1      0                         0      0        0
..................................................................


WIND (MPH)
  HIGHEST WIND SPEED    MM   HIGHEST WIND DIRECTION    MM
  HIGHEST GUST SPEED    MM   HIGHEST GUST DIRECTION    MM
  AVERAGE WIND SPEED    MM


SKY COVER
  POSSIBLE SUNSHINE  MM



RELATIVE HUMIDITY (PERCENT)
 HIGHEST    76          1200 AM
 LOWEST     55           100 PM
 AVERAGE    66

..........................................................


THE BALTIMORE INNER HARBOR MD CLIMATE NORMALS FOR TODAY
                         NORMAL
 MAXIMUM TEMPERATURE (F)   43
 MINIMUM TEMPERATURE (F)   29


SUNRISE AND SUNSET
JANUARY 23 2018.......SUNRISE   720 AM EST   SUNSET   517 PM EST
JANUARY 24 2018.......SUNRISE   720 AM EST   SUNSET   518 PM EST


-  INDICATES NEGATIVE NUMBERS.
R  INDICATES RECORD WAS SET OR TIED.
MM INDICATES DATA IS MISSING.
T  INDICATES TRACE AMOUNT.




$$
