191
CDUS41 KLWX 200528
CLIDMH


CLIMATE REPORT
NATIONAL WEATHER SERVICE BALTIMORE MD/WASHINGTON DC
1228 AM EST FRI JAN 20 2017


...................................

...THE BALTIMORE INNER HARBOR MD CLIMATE SUMMARY FOR JANUARY 19 2017...

CLIMATE NORMAL PERIOD 1981 TO 2010
CLIMATE RECORD PERIOD 9999 TO 9999


WEATHER ITEM   OBSERVED TIME   RECORD YEAR NORMAL DEPARTURE LAST
                VALUE   (LST)  VALUE       VALUE  FROM      YEAR
                                                  NORMAL
..................................................................
TEMPERATURE (F)
 YESTERDAY
  MAXIMUM         52    438 PM  MM      MM  42     10       26
  MINIMUM         42   1159 PM  MM      MM  29     13       15
  AVERAGE         47                        36     11       21

PRECIPITATION (IN)
  YESTERDAY        0.00         MM      MM   0.09  -0.09     0.00
  MONTH TO DATE    1.97                      1.77   0.20     1.33
  SINCE DEC 1      4.31                      5.18  -0.87     7.57
  SINCE JAN 1      1.97                      1.77   0.20     1.33

DEGREE DAYS
 HEATING
  YESTERDAY       18                        29    -11       44
  MONTH TO DATE  476                       551    -75      545
  SINCE DEC 1   1200                      1343   -143      964
  SINCE JUL 1   1709                      1994   -285     1492

 COOLING
  YESTERDAY        0                         0      0        0
  MONTH TO DATE    0                         0      0        0
  SINCE DEC 1      0                         0      0        3
  SINCE JAN 1      0                         0      0        0
..................................................................


WIND (MPH)
  HIGHEST WIND SPEED    MM   HIGHEST WIND DIRECTION    MM
  HIGHEST GUST SPEED    MM   HIGHEST GUST DIRECTION    MM
  AVERAGE WIND SPEED    MM


SKY COVER
  POSSIBLE SUNSHINE  MM



RELATIVE HUMIDITY (PERCENT)
 HIGHEST    70           800 PM
 LOWEST     50           200 PM
 AVERAGE    60

..........................................................


THE BALTIMORE INNER HARBOR MD CLIMATE NORMALS FOR TODAY
                         NORMAL
 MAXIMUM TEMPERATURE (F)   42
 MINIMUM TEMPERATURE (F)   29


SUNRISE AND SUNSET
JANUARY 20 2017.......SUNRISE   722 AM EST   SUNSET   513 PM EST
JANUARY 21 2017.......SUNRISE   721 AM EST   SUNSET   515 PM EST


-  INDICATES NEGATIVE NUMBERS.
R  INDICATES RECORD WAS SET OR TIED.
MM INDICATES DATA IS MISSING.
T  INDICATES TRACE AMOUNT.




$$
