000
CDUS41 KLWX 221048 CCA
CLIDMH

CLIMATE REPORT...CORRECTED
NATIONAL WEATHER SERVICE BALTIMORE MD/WASHINGTON DC
548 AM EST SAT NOV 22 2014


...................................

...THE BALTIMORE INNER HARBOR MD CLIMATE SUMMARY FOR NOVEMBER 21 2014...

CLIMATE NORMAL PERIOD 1981 TO 2010
CLIMATE RECORD PERIOD 9999 TO 9999


WEATHER ITEM   OBSERVED TIME   RECORD YEAR NORMAL DEPARTURE LAST
                VALUE   (LST)  VALUE       VALUE  FROM      YEAR
                                                  NORMAL
..................................................................
TEMPERATURE (F)
 YESTERDAY
  MAXIMUM         37    138 PM  MM      MM  56    -19       52
  MINIMUM         29    727 AM  MM      MM  41    -12       38
  AVERAGE         33                        48    -15       45

PRECIPITATION (IN)
  YESTERDAY        0.00         MM      MM   0.09  -0.09     0.00
  MONTH TO DATE    1.91                      2.03  -0.12     0.44
  SINCE SEP 1      8.42                      9.17  -0.75     6.80
  SINCE JAN 1     48.03                     36.54  11.49    34.78

DEGREE DAYS
 HEATING
  YESTERDAY       32                        17     15       20
  MONTH TO DATE  406                       275    131      282
  SINCE SEP 1    557                       484     73      409
  SINCE JUL 1    557                       484     73      409

 COOLING
  YESTERDAY        0                         0      0        0
  MONTH TO DATE    0                         0      0        4
  SINCE SEP 1    238                       268    -30      349
  SINCE JAN 1   1456                      1664   -208     2023
..................................................................


WIND (MPH)
  HIGHEST WIND SPEED    MM   HIGHEST WIND DIRECTION    MM
  HIGHEST GUST SPEED    MM   HIGHEST GUST DIRECTION    MM
  AVERAGE WIND SPEED    MM


SKY COVER
  POSSIBLE SUNSHINE  MM



RELATIVE HUMIDITY (PERCENT)
 HIGHEST    43           800 AM
 LOWEST     26           200 PM
 AVERAGE    35

..........................................................


THE BALTIMORE INNER HARBOR MD CLIMATE NORMALS FOR TODAY
                         NORMAL
 MAXIMUM TEMPERATURE (F)   55
 MINIMUM TEMPERATURE (F)   41


SUNRISE AND SUNSET
NOVEMBER 22 2014......SUNRISE   658 AM EST   SUNSET   447 PM EST
NOVEMBER 23 2014......SUNRISE   659 AM EST   SUNSET   447 PM EST


-  INDICATES NEGATIVE NUMBERS.
R  INDICATES RECORD WAS SET OR TIED.
MM INDICATES DATA IS MISSING.
T  INDICATES TRACE AMOUNT.




$$

...CORRECTED FOR TIMES OF TEMPERATURES...
