000
CDUS41 KLWX 220535
CLIDMH


CLIMATE REPORT
NATIONAL WEATHER SERVICE BALTIMORE MD/WASHINGTON DC
134 AM EDT MON SEP 22 2014


...................................

...THE BALTIMORE INNER HARBOR MD CLIMATE SUMMARY FOR SEPTEMBER 21 2014...

CLIMATE NORMAL PERIOD 1981 TO 2010
CLIMATE RECORD PERIOD 9999 TO 9999


WEATHER ITEM   OBSERVED TIME   RECORD YEAR NORMAL DEPARTURE LAST
                VALUE   (LST)  VALUE       VALUE  FROM      YEAR
                                                  NORMAL
..................................................................
TEMPERATURE (F)
 YESTERDAY
  MAXIMUM         82        MM  MM      MM  78      4       81
  MINIMUM         65        MM  MM      MM  62      3       65
  AVERAGE         74                        70      4       73

PRECIPITATION (IN)
  YESTERDAY        0.00         MM      MM   0.13  -0.13     1.29
  MONTH TO DATE    0.76                      2.78  -2.02     1.67
  SINCE SEP 1      0.76                      2.78  -2.02     1.67
  SINCE JAN 1     40.37                     30.15  10.22    29.65

DEGREE DAYS
 HEATING
  YESTERDAY        0                         1     -1        0
  MONTH TO DATE    1                         3     -2        4
  SINCE SEP 1      1                         3     -2        4
  SINCE JUL 1      1                         3     -2        4

 COOLING
  YESTERDAY        9                         6      3        8
  MONTH TO DATE  187                       188     -1      216
  SINCE SEP 1    187                       188     -1      216
  SINCE JAN 1   1405                      1584   -179     1890
..................................................................


WIND (MPH)
  HIGHEST WIND SPEED    MM   HIGHEST WIND DIRECTION    MM
  HIGHEST GUST SPEED    MM   HIGHEST GUST DIRECTION    MM
  AVERAGE WIND SPEED    MM


SKY COVER
  POSSIBLE SUNSHINE  MM



RELATIVE HUMIDITY (PERCENT)
 HIGHEST    93           400 AM
 LOWEST     46          1100 PM
 AVERAGE    70

..........................................................


THE BALTIMORE INNER HARBOR MD CLIMATE NORMALS FOR TODAY
                         NORMAL
 MAXIMUM TEMPERATURE (F)   78
 MINIMUM TEMPERATURE (F)   61


SUNRISE AND SUNSET
SEPTEMBER 22 2014.....SUNRISE   654 AM EDT   SUNSET   703 PM EDT
SEPTEMBER 23 2014.....SUNRISE   655 AM EDT   SUNSET   702 PM EDT


-  INDICATES NEGATIVE NUMBERS.
R  INDICATES RECORD WAS SET OR TIED.
MM INDICATES DATA IS MISSING.
T  INDICATES TRACE AMOUNT.




$$
