000
CDUS41 KLWX 252122
CLIDMH


CLIMATE REPORT
NATIONAL WEATHER SERVICE BALTIMORE MD/WASHINGTON DC
522 PM EDT MON MAY 25 2015


...................................

...THE BALTIMORE INNER HARBOR MD CLIMATE SUMMARY FOR MAY 25 2015...
VALID TODAY AS OF 0500 PM LOCAL TIME.

CLIMATE NORMAL PERIOD 1981 TO 2010
CLIMATE RECORD PERIOD 9999 TO 9999


WEATHER ITEM   OBSERVED TIME   RECORD YEAR NORMAL DEPARTURE LAST
                VALUE   (LST)  VALUE       VALUE  FROM      YEAR
                                                  NORMAL
..................................................................
TEMPERATURE (F)
 TODAY
  MAXIMUM         85    314 PM  MM      MM  78      7       82
  MINIMUM         64    509 AM  MM      MM  60      4       61
  AVERAGE         75                        69      6       72

PRECIPITATION (IN)
  TODAY            0.00         MM      MM   0.13  -0.13     0.00
  MONTH TO DATE    3.13                      2.74   0.39     2.65
  SINCE MAR 1     10.52                      9.82   0.70    16.15
  SINCE JAN 1     16.34                     15.34   1.00    22.48

DEGREE DAYS
 HEATING
  TODAY            0                         1     -1        0
  MONTH TO DATE   29                        75    -46       29
  SINCE MAR 1    863                       932    -69     1048
  SINCE JUL 1   4377                      4020    357     4118

 COOLING
  TODAY           10                         5      5        7
  MONTH TO DATE  152                        78     74       77
  SINCE MAR 1    161                       103     58       91
  SINCE JAN 1    161                       103     58       91
..................................................................


WIND (MPH)
  HIGHEST WIND SPEED    MM   HIGHEST WIND DIRECTION    MM
  HIGHEST GUST SPEED    MM   HIGHEST GUST DIRECTION    MM
  AVERAGE WIND SPEED    MM


SKY COVER
  POSSIBLE SUNSHINE  MM



RELATIVE HUMIDITY (PERCENT)
 HIGHEST    84           400 AM
 LOWEST     37           100 PM
 AVERAGE    61

..........................................................


THE BALTIMORE INNER HARBOR MD CLIMATE NORMALS FOR TOMORROW
                         NORMAL    RECORD    YEAR
 MAXIMUM TEMPERATURE (F)   78        MM        MM
 MINIMUM TEMPERATURE (F)   60        MM        MM


SUNRISE AND SUNSET
MAY 25 2015...........SUNRISE   546 AM EDT   SUNSET   822 PM EDT
MAY 26 2015...........SUNRISE   545 AM EDT   SUNSET   822 PM EDT


-  INDICATES NEGATIVE NUMBERS.
R  INDICATES RECORD WAS SET OR TIED.
MM INDICATES DATA IS MISSING.
T  INDICATES TRACE AMOUNT.




$$
