000
CDUS41 KLWX 300525
CLIDMH


CLIMATE REPORT
NATIONAL WEATHER SERVICE BALTIMORE MD/WASHINGTON DC
125 AM EDT THU MAR 30 2017


...................................

...THE BALTIMORE INNER HARBOR MD CLIMATE SUMMARY FOR MARCH 29 2017...

CLIMATE NORMAL PERIOD 1981 TO 2010
CLIMATE RECORD PERIOD 9999 TO 9999


WEATHER ITEM   OBSERVED TIME   RECORD YEAR NORMAL DEPARTURE LAST
                VALUE   (LST)  VALUE       VALUE  FROM      YEAR
                                                  NORMAL
..................................................................
TEMPERATURE (F)
 YESTERDAY
  MAXIMUM         64    341 PM  MM      MM  59      5       59
  MINIMUM         51   1159 PM  MM      MM  43      8       45
  AVERAGE         58                        51      7       52

PRECIPITATION (IN)
  YESTERDAY        0.00         MM      MM   0.15  -0.15     0.00
  MONTH TO DATE    2.08                      3.57  -1.49     2.18
  SINCE MAR 1      2.08                      3.57  -1.49     2.18
  SINCE JAN 1      5.97                      9.09  -3.12    10.78

DEGREE DAYS
 HEATING
  YESTERDAY        7                        14     -7       13
  MONTH TO DATE  551                       549      2      369
  SINCE MAR 1    551                       549      2      369
  SINCE JUL 1   3005                      3637   -632     2985

 COOLING
  YESTERDAY        0                         0      0        0
  MONTH TO DATE    4                         0      4        6
  SINCE MAR 1      4                         0      4        6
  SINCE JAN 1      4                         0      4        6
..................................................................


WIND (MPH)
  HIGHEST WIND SPEED    MM   HIGHEST WIND DIRECTION    MM
  HIGHEST GUST SPEED    MM   HIGHEST GUST DIRECTION    MM
  AVERAGE WIND SPEED    MM


SKY COVER
  POSSIBLE SUNSHINE  MM



RELATIVE HUMIDITY (PERCENT)
 HIGHEST    72          1200 AM
 LOWEST     30           200 PM
 AVERAGE    51

..........................................................


THE BALTIMORE INNER HARBOR MD CLIMATE NORMALS FOR TODAY
                         NORMAL
 MAXIMUM TEMPERATURE (F)   59
 MINIMUM TEMPERATURE (F)   43


SUNRISE AND SUNSET
MARCH 30 2017.........SUNRISE   654 AM EDT   SUNSET   729 PM EDT
MARCH 31 2017.........SUNRISE   652 AM EDT   SUNSET   730 PM EDT


-  INDICATES NEGATIVE NUMBERS.
R  INDICATES RECORD WAS SET OR TIED.
MM INDICATES DATA IS MISSING.
T  INDICATES TRACE AMOUNT.




$$
