376
CDUS41 KLWX 251441 CCA
CLIDMH

CLIMATE REPORT...CORRECTED
NATIONAL WEATHER SERVICE BALTIMORE MD/WASHINGTON DC
1041 AM EDT WED MAY 25 2016


...................................

...THE BALTIMORE INNER HARBOR MD CLIMATE SUMMARY FOR MAY 24 2016...

CLIMATE NORMAL PERIOD 1981 TO 2010
CLIMATE RECORD PERIOD 9999 TO 9999


WEATHER ITEM   OBSERVED TIME   RECORD YEAR NORMAL DEPARTURE LAST
                VALUE   (LST)  VALUE       VALUE  FROM      YEAR
                                                  NORMAL
..................................................................
TEMPERATURE (F)
 YESTERDAY
  MAXIMUM         83    456 PM  MM      MM  78      5       79
  MINIMUM         59    418 AM  MM      MM  60     -1       56
  AVERAGE         71                        68      3       68

PRECIPITATION (IN)
  YESTERDAY        0.00         MM      MM   0.14  -0.14     0.00
  MONTH TO DATE    3.66                      2.61   1.05     3.13
  SINCE MAR 1      7.43                      9.69  -2.26    10.52
  SINCE JAN 1     16.03                     15.21   0.82    16.34

DEGREE DAYS
 HEATING
  YESTERDAY        0                         2     -2        0
  MONTH TO DATE  133                        74     59       29
  SINCE MAR 1    805                       931   -126      863
  SINCE JUL 1   3421                      4019   -598     4377

 COOLING
  YESTERDAY        6                         5      1        3
  MONTH TO DATE   12                        73    -61      142
  SINCE MAR 1     47                        98    -51      151
  SINCE JAN 1     47                        98    -51      151
..................................................................


WIND (MPH)
  HIGHEST WIND SPEED    MM   HIGHEST WIND DIRECTION    MM
  HIGHEST GUST SPEED    MM   HIGHEST GUST DIRECTION    MM
  AVERAGE WIND SPEED    MM


SKY COVER
  POSSIBLE SUNSHINE  MM



RELATIVE HUMIDITY (PERCENT)
 HIGHEST    84          1200 AM
 LOWEST     23           600 PM
 AVERAGE    54

..........................................................


THE BALTIMORE INNER HARBOR MD CLIMATE NORMALS FOR TODAY
                         NORMAL
 MAXIMUM TEMPERATURE (F)   78
 MINIMUM TEMPERATURE (F)   60


SUNRISE AND SUNSET
MAY 25 2016...........SUNRISE   545 AM EDT   SUNSET   822 PM EDT
MAY 26 2016...........SUNRISE   545 AM EDT   SUNSET   823 PM EDT


-  INDICATES NEGATIVE NUMBERS.
R  INDICATES RECORD WAS SET OR TIED.
MM INDICATES DATA IS MISSING.
T  INDICATES TRACE AMOUNT.




$$

...CORRECTED FOR PRECIPITATION...
