000
CDUS41 KLWX 300523
CLIDMH


CLIMATE REPORT
NATIONAL WEATHER SERVICE BALTIMORE MD/WASHINGTON DC
123 AM EDT TUE MAY 30 2017


...................................

...THE BALTIMORE INNER HARBOR MD CLIMATE SUMMARY FOR MAY 29 2017...

CLIMATE NORMAL PERIOD 1981 TO 2010
CLIMATE RECORD PERIOD 9999 TO 9999


WEATHER ITEM   OBSERVED TIME   RECORD YEAR NORMAL DEPARTURE LAST
                VALUE   (LST)  VALUE       VALUE  FROM      YEAR
                                                  NORMAL
..................................................................
TEMPERATURE (F)
 YESTERDAY
  MAXIMUM         76    420 PM  MM      MM  79     -3       85
  MINIMUM         63   1159 PM  MM      MM  61      2       68
  AVERAGE         70                        70      0       77

PRECIPITATION (IN)
  YESTERDAY        0.00         MM      MM   0.12  -0.12     0.15
  MONTH TO DATE    4.26                      3.24   1.02     3.81
  SINCE MAR 1     11.02                     10.32   0.70     7.58
  SINCE JAN 1     14.91                     15.84  -0.93    16.18

DEGREE DAYS
 HEATING
  YESTERDAY        0                         1     -1        0
  MONTH TO DATE   72                        79     -7      133
  SINCE MAR 1    788                       936   -148      805
  SINCE JUL 1   3242                      4024   -782     3421

 COOLING
  YESTERDAY        5                         6     -1       12
  MONTH TO DATE   88                       101    -13       78
  SINCE MAR 1    170                       126     44      113
  SINCE JAN 1    170                       126     44      113
..................................................................


WIND (MPH)
  HIGHEST WIND SPEED    MM   HIGHEST WIND DIRECTION    MM
  HIGHEST GUST SPEED    MM   HIGHEST GUST DIRECTION    MM
  AVERAGE WIND SPEED    MM


SKY COVER
  POSSIBLE SUNSHINE  MM



RELATIVE HUMIDITY (PERCENT)
 HIGHEST   100           100 AM
 LOWEST     73           100 PM
 AVERAGE    87

..........................................................


THE BALTIMORE INNER HARBOR MD CLIMATE NORMALS FOR TODAY
                         NORMAL
 MAXIMUM TEMPERATURE (F)   80
 MINIMUM TEMPERATURE (F)   62


SUNRISE AND SUNSET
MAY 30 2017...........SUNRISE   543 AM EDT   SUNSET   826 PM EDT
MAY 31 2017...........SUNRISE   542 AM EDT   SUNSET   827 PM EDT


-  INDICATES NEGATIVE NUMBERS.
R  INDICATES RECORD WAS SET OR TIED.
MM INDICATES DATA IS MISSING.
T  INDICATES TRACE AMOUNT.




$$
