000
CDUS45 KEPZ 250929
CLIDMN
TTAA00 KABQ 250927


CLIMATE REPORT
NATIONAL WEATHER SERVICE EL PASO, TX
327 AM MDT MON JUL 25 2016


...................................

...THE DEMING CLIMATE SUMMARY FOR JULY 24 2016...

CLIMATE NORMAL PERIOD 1981 TO 2010
CLIMATE RECORD PERIOD 2000 TO 2016


WEATHER ITEM   OBSERVED TIME   NORMAL DEPARTURE LAST
                VALUE   (LST)  VALUE  FROM      YEAR
                                      NORMAL
......................................................
TEMPERATURE (F)
 YESTERDAY
  MAXIMUM        105    218 PM  94              96
  MINIMUM         72    540 AM  67              69
  AVERAGE         89            80      9       83

PRECIPITATION (IN)
  YESTERDAY        T             0.08  -0.08     0.00
  MONTH TO DATE    0.22          1.66  -1.44     3.19
  SINCE JUN 1      0.67          2.36  -1.69     3.64
  SINCE JAN 1      1.86          4.77  -2.91     6.27

......................................................


WIND (MPH)
  HIGHEST WIND SPEED    25   HIGHEST WIND DIRECTION    NE (50)
  HIGHEST GUST SPEED    31   HIGHEST GUST DIRECTION    NE (50)
  AVERAGE WIND SPEED     9.8


SKY COVER
  AVERAGE SKY COVER 0.1


WEATHER CONDITIONS
 THE FOLLOWING WEATHER WAS RECORDED YESTERDAY.
  LIGHT RAIN
  HAZE


RELATIVE HUMIDITY (PERCENT)
 HIGHEST    41           300 AM
 LOWEST     14           200 PM
 AVERAGE    28

..........................................................


THE DEMING CLIMATE NORMALS FOR TODAY
                         NORMAL
 MAXIMUM TEMPERATURE (F)   94
 MINIMUM TEMPERATURE (F)   67


SUNRISE AND SUNSET
JULY 25 2016..........SUNRISE   621 AM MDT   SUNSET   813 PM MDT
JULY 26 2016..........SUNRISE   622 AM MDT   SUNSET   812 PM MDT


-  INDICATES NEGATIVE NUMBERS.
R  INDICATES RECORD WAS SET OR TIED.
MM INDICATES DATA IS MISSING.
T  INDICATES TRACE AMOUNT.




$$
