000
CDUS45 KEPZ 270931
CLIDMN


CLIMATE REPORT
NATIONAL WEATHER SERVICE EL PASO, TX
230 AM MST SAT DEC 27 2014


...................................

...THE DEMING CLIMATE SUMMARY FOR DECEMBER 26 2014...

CLIMATE NORMAL PERIOD 1981 TO 2010
CLIMATE RECORD PERIOD 2000 TO 2014


WEATHER ITEM   OBSERVED TIME   NORMAL DEPARTURE LAST
                VALUE   (LST)  VALUE  FROM      YEAR
                                      NORMAL
......................................................
TEMPERATURE (F)
 YESTERDAY
  MAXIMUM         47    200 PM  55              51
  MINIMUM         30   1000 PM  25              24
  AVERAGE         39            40     -1       38

PRECIPITATION (IN)
  YESTERDAY        0.13          0.03   0.10     0.00
  MONTH TO DATE    0.51          0.72  -0.21     0.37
  SINCE DEC 1      0.51          0.72  -0.21     0.37
  SINCE JAN 1      9.78         11.38  -1.60    10.01

......................................................


WIND (MPH)
  HIGHEST WIND SPEED    25   HIGHEST WIND DIRECTION     W (290)
  HIGHEST GUST SPEED    34   HIGHEST GUST DIRECTION    NW (300)
  AVERAGE WIND SPEED    10.0


SKY COVER
  AVERAGE SKY COVER 0.8


WEATHER CONDITIONS
 THE FOLLOWING WEATHER WAS RECORDED YESTERDAY.
  RAIN
  LIGHT RAIN
  LIGHT SNOW
  FOG


RELATIVE HUMIDITY (PERCENT)
 HIGHEST   100           600 AM
 LOWEST     27           400 PM
 AVERAGE    64

..........................................................


THE DEMING CLIMATE NORMALS FOR TODAY
                         NORMAL
 MAXIMUM TEMPERATURE (F)   55
 MINIMUM TEMPERATURE (F)   25


SUNRISE AND SUNSET
DECEMBER 27 2014......SUNRISE   710 AM MST   SUNSET   513 PM MST
DECEMBER 28 2014......SUNRISE   711 AM MST   SUNSET   514 PM MST


-  INDICATES NEGATIVE NUMBERS.
R  INDICATES RECORD WAS SET OR TIED.
MM INDICATES DATA IS MISSING.
T  INDICATES TRACE AMOUNT.




$$
