000
CDUS43 KEAX 210033
CLIDMO


CLIMATE REPORT
NATIONAL WEATHER SERVICE KANSAS CITY/PLEASANT HILL MO
732 PM CDT SUN APR 20 2014


...................................

...THE SEDALIA MO CLIMATE SUMMARY FOR APRIL 20 2014...
VALID TODAY AS OF 0700 PM LOCAL TIME.

CLIMATE NORMAL PERIOD 1981 TO 2010
CLIMATE RECORD PERIOD 9999 TO 9999


WEATHER ITEM   OBSERVED TIME   NORMAL DEPARTURE LAST
                VALUE   (LST)  VALUE  FROM      YEAR
                                      NORMAL
......................................................
TEMPERATURE (F)
 TODAY
  MAXIMUM         80    240 PM  69     11       57
  MINIMUM         56    610 AM  48      8       32
  AVERAGE         68            58     10       45

PRECIPITATION (IN)
  TODAY            0.00          0.16  -0.16     0.00
  MONTH TO DATE    5.42          2.47   2.95     4.70
  SINCE MAR 1      6.35          5.08   1.27     7.10
  SINCE JAN 1      7.13          8.68  -1.55    12.37

DEGREE DAYS
 HEATING
  TODAY            0             8     -8       20
  MONTH TO DATE  236           215     21      264
  SINCE MAR 1    930           800    130     1067
  SINCE JUL 1   5149          4417    732     4505

 COOLING
  TODAY            3             1      2        0
  MONTH TO DATE    9            19    -10       12
  SINCE MAR 1      9            22    -13       12
  SINCE JAN 1      9            22    -13       13
......................................................


WIND (MPH)
  HIGHEST WIND SPEED    20   HIGHEST WIND DIRECTION     S (200)
  HIGHEST GUST SPEED    27   HIGHEST GUST DIRECTION     W (250)
  AVERAGE WIND SPEED    10.9


SKY COVER
  AVERAGE SKY COVER 0.0


WEATHER CONDITIONS
 THE FOLLOWING WEATHER WAS RECORDED TODAY.
  NO SIGNIFICANT WEATHER WAS OBSERVED.


RELATIVE HUMIDITY (PERCENT)
 HIGHEST    67           600 AM
 LOWEST     37           200 PM
 AVERAGE    52

..........................................................


THE SEDALIA MO CLIMATE NORMALS FOR TOMORROW
                         NORMAL
 MAXIMUM TEMPERATURE (F)   69
 MINIMUM TEMPERATURE (F)   48


SUNRISE AND SUNSET
APRIL 20 2014.........SUNRISE   629 AM CDT   SUNSET   754 PM CDT
APRIL 21 2014.........SUNRISE   628 AM CDT   SUNSET   755 PM CDT


-  INDICATES NEGATIVE NUMBERS.
R  INDICATES RECORD WAS SET OR TIED.
MM INDICATES DATA IS MISSING.
T  INDICATES TRACE AMOUNT.




$$
