000
CDUS43 KEAX 200634
CLIDMO


CLIMATE REPORT
NATIONAL WEATHER SERVICE KANSAS CITY/PLEASANT HILL MO
134 AM CDT SAT SEP 20 2014


...................................

...THE SEDALIA MO CLIMATE SUMMARY FOR SEPTEMBER 19 2014...

CLIMATE NORMAL PERIOD 1981 TO 2010
CLIMATE RECORD PERIOD 9999 TO 9999


WEATHER ITEM   OBSERVED TIME   NORMAL DEPARTURE LAST
                VALUE   (LST)  VALUE  FROM      YEAR
                                      NORMAL
......................................................
TEMPERATURE (F)
 YESTERDAY
  MAXIMUM         79    330 PM  78      1       91
  MINIMUM         59    421 AM  57      2       69
  AVERAGE         69            68      1       80

PRECIPITATION (IN)
  YESTERDAY        0.00          0.12  -0.12     0.32
  MONTH TO DATE    1.81          2.75  -0.94     2.73
  SINCE SEP 1      1.81          2.75  -0.94     2.73
  SINCE JAN 1     23.38         30.69  -7.31    32.64

DEGREE DAYS
 HEATING
  YESTERDAY        0             2     -2        0
  MONTH TO DATE   39            10     29        4
  SINCE SEP 1     39            10     29        4
  SINCE JUL 1     39            11     28        4

 COOLING
  YESTERDAY        4             4      0       15
  MONTH TO DATE  103           129    -26      196
  SINCE SEP 1    103           129    -26      196
  SINCE JAN 1   1320          1414    -94     1411
......................................................


WIND (MPH)
  HIGHEST WIND SPEED    15   HIGHEST WIND DIRECTION    SE (150)
  HIGHEST GUST SPEED    17   HIGHEST GUST DIRECTION     S (160)
  AVERAGE WIND SPEED     7.9


SKY COVER
  AVERAGE SKY COVER 0.6


WEATHER CONDITIONS
 THE FOLLOWING WEATHER WAS RECORDED YESTERDAY.
  FOG
  FOG W/VISIBILITY <= 1/4 MILE
  HAZE


RELATIVE HUMIDITY (PERCENT)
 HIGHEST   100           600 AM
 LOWEST     62           200 PM
 AVERAGE    81

..........................................................


THE SEDALIA MO CLIMATE NORMALS FOR TODAY
                         NORMAL
 MAXIMUM TEMPERATURE (F)   78
 MINIMUM TEMPERATURE (F)   57


SUNRISE AND SUNSET
SEPTEMBER 20 2014.....SUNRISE   658 AM CDT   SUNSET   713 PM CDT
SEPTEMBER 21 2014.....SUNRISE   659 AM CDT   SUNSET   711 PM CDT


-  INDICATES NEGATIVE NUMBERS.
R  INDICATES RECORD WAS SET OR TIED.
MM INDICATES DATA IS MISSING.
T  INDICATES TRACE AMOUNT.




$$
