000
CDUS43 KEAX 170639
CLIDMO


CLIMATE REPORT
NATIONAL WEATHER SERVICE KANSAS CITY/PLEASANT HILL MO
1239 AM CST TUE JAN 17 2017


...................................

...THE SEDALIA MO CLIMATE SUMMARY FOR JANUARY 16 2017...

CLIMATE NORMAL PERIOD 1981 TO 2010
CLIMATE RECORD PERIOD 9999 TO 9999


WEATHER ITEM   OBSERVED TIME   NORMAL DEPARTURE LAST
                VALUE   (LST)  VALUE  FROM      YEAR
                                      NORMAL
......................................................
TEMPERATURE (F)
 YESTERDAY
  MAXIMUM         62    349 PM  40     22       33
  MINIMUM         35   1203 AM  23     12       20
  AVERAGE         49            31     18       27

PRECIPITATION (IN)
  YESTERDAY        0.28          0.07   0.21     0.00
  MONTH TO DATE    0.68          0.81  -0.13     0.91
  SINCE DEC 1      1.46          3.13  -1.67     6.11
  SINCE JAN 1      0.68          0.81  -0.13     0.91

DEGREE DAYS
 HEATING
  YESTERDAY       16            34    -18       38
  MONTH TO DATE  549           542      7      513
  SINCE DEC 1   1534          1478     56     1184
  SINCE JUL 1   2041          2323   -282     1829

 COOLING
  YESTERDAY        0             0      0        0
  MONTH TO DATE    0             0      0        0
  SINCE DEC 1      0             0      0        0
  SINCE JAN 1      0             0      0        0
......................................................


WIND (MPH)
  HIGHEST WIND SPEED    22   HIGHEST WIND DIRECTION     W (260)
  HIGHEST GUST SPEED    29   HIGHEST GUST DIRECTION     W (260)
  AVERAGE WIND SPEED    11.6


SKY COVER
  AVERAGE SKY COVER 0.8


WEATHER CONDITIONS
 THE FOLLOWING WEATHER WAS RECORDED YESTERDAY.
  RAIN
  LIGHT RAIN
  FOG


RELATIVE HUMIDITY (PERCENT)
 HIGHEST   100          1200 AM
 LOWEST     72           300 PM
 AVERAGE    86

..........................................................


THE SEDALIA MO CLIMATE NORMALS FOR TODAY
                         NORMAL
 MAXIMUM TEMPERATURE (F)   40
 MINIMUM TEMPERATURE (F)   23


SUNRISE AND SUNSET
JANUARY 17 2017.......SUNRISE   728 AM CST   SUNSET   518 PM CST
JANUARY 18 2017.......SUNRISE   728 AM CST   SUNSET   519 PM CST


-  INDICATES NEGATIVE NUMBERS.
R  INDICATES RECORD WAS SET OR TIED.
MM INDICATES DATA IS MISSING.
T  INDICATES TRACE AMOUNT.




$$
