000
CDUS43 KEAX 190635
CLIDMO


CLIMATE REPORT
NATIONAL WEATHER SERVICE KANSAS CITY/PLEASANT HILL MO
134 AM CDT SAT AUG 19 2017


...................................

...THE SEDALIA MO CLIMATE SUMMARY FOR AUGUST 18 2017...

CLIMATE NORMAL PERIOD 1981 TO 2010
CLIMATE RECORD PERIOD 9999 TO 9999


WEATHER ITEM   OBSERVED TIME   NORMAL DEPARTURE LAST
                VALUE   (LST)  VALUE  FROM      YEAR
                                      NORMAL
......................................................
TEMPERATURE (F)
 YESTERDAY
  MAXIMUM         86    421 PM  89     -3       90
  MINIMUM         64    600 AM  67     -3       70
  AVERAGE         75            78     -3       80

PRECIPITATION (IN)
  YESTERDAY        1.07          0.13   0.94     0.00
  MONTH TO DATE    2.12          1.70   0.42     1.22
  SINCE JUN 1     10.50         11.00  -0.50    13.97
  SINCE JAN 1     26.69         26.15   0.54    23.23

DEGREE DAYS
 HEATING
  YESTERDAY        0             0      0        0
  MONTH TO DATE    5             0      5        0
  SINCE JUN 1      5             6     -1        0
  SINCE JUL 1      5             0      5        0

 COOLING
  YESTERDAY       10            13     -3       15
  MONTH TO DATE  158           250    -92      260
  SINCE JUN 1    898           991    -93     1139
  SINCE JAN 1   1061          1130    -69     1261
......................................................


WIND (MPH)
  HIGHEST WIND SPEED    20   HIGHEST WIND DIRECTION     N (360)
  HIGHEST GUST SPEED    26   HIGHEST GUST DIRECTION     N (350)
  AVERAGE WIND SPEED     7.6


SKY COVER
  AVERAGE SKY COVER 0.1


WEATHER CONDITIONS
 THE FOLLOWING WEATHER WAS RECORDED YESTERDAY.
  THUNDERSTORM
  HEAVY RAIN
  RAIN
  LIGHT RAIN
  FOG


RELATIVE HUMIDITY (PERCENT)
 HIGHEST   100          1200 AM
 LOWEST     55           400 PM
 AVERAGE    78

..........................................................


THE SEDALIA MO CLIMATE NORMALS FOR TODAY
                         NORMAL
 MAXIMUM TEMPERATURE (F)   89
 MINIMUM TEMPERATURE (F)   67


SUNRISE AND SUNSET
AUGUST 19 2017........SUNRISE   630 AM CDT   SUNSET   801 PM CDT
AUGUST 20 2017........SUNRISE   631 AM CDT   SUNSET   800 PM CDT


-  INDICATES NEGATIVE NUMBERS.
R  INDICATES RECORD WAS SET OR TIED.
MM INDICATES DATA IS MISSING.
T  INDICATES TRACE AMOUNT.




$$
