725
CDUS42 KCAE 290620
CLIDNL


CLIMATE REPORT
NATIONAL WEATHER SERVICE COLUMBIA SC
220 AM EDT MON MAY 29 2017


...................................

...THE AUGUSTA DANIEL FIELD GA CLIMATE SUMMARY FOR MAY 28 2017...

CLIMATE NORMAL PERIOD 1981 TO 2010
CLIMATE RECORD PERIOD 9999 TO 9999


WEATHER ITEM   OBSERVED TIME   NORMAL DEPARTURE LAST
                VALUE   (LST)  VALUE  FROM      YEAR
                                      NORMAL
......................................................
TEMPERATURE (F)
 YESTERDAY
  MAXIMUM         92    306 PM  86      6       84
  MINIMUM         74    529 AM  66      8       65
  AVERAGE         83            76      7       75

PRECIPITATION (IN)
  YESTERDAY        0.00          0.13  -0.13     0.06
  MONTH TO DATE    3.68          2.74   0.94     3.09
  SINCE MAR 1      7.93         10.00  -2.07     8.32
  SINCE JAN 1     20.29         18.24   2.05    12.93

DEGREE DAYS
 HEATING
  YESTERDAY        0             0      0        0
  MONTH TO DATE    6             8     -2        7
  SINCE MAR 1    238           354   -116      162
  SINCE JUL 1   1245          2167   -922     1463

 COOLING
  YESTERDAY       18            11      7       10
  MONTH TO DATE  291           221     70      252
  SINCE MAR 1    572           318    254      479
  SINCE JAN 1    606           322    284      485
......................................................


WIND (MPH)
  HIGHEST WIND SPEED    18   HIGHEST WIND DIRECTION     S (200)
  HIGHEST GUST SPEED    28   HIGHEST GUST DIRECTION     S (190)
  AVERAGE WIND SPEED     6.8


SKY COVER
  AVERAGE SKY COVER 0.1


WEATHER CONDITIONS
 THE FOLLOWING WEATHER WAS RECORDED YESTERDAY.
  NO SIGNIFICANT WEATHER WAS OBSERVED.


RELATIVE HUMIDITY (PERCENT)
 HIGHEST    73           400 AM
 LOWEST     47           100 PM

..........................................................


THE AUGUSTA DANIEL FIELD GA CLIMATE NORMALS FOR TODAY
                         NORMAL    RECORD    YEAR
 MAXIMUM TEMPERATURE (F)   87        MM        MM
 MINIMUM TEMPERATURE (F)   67        MM        MM


SUNRISE AND SUNSET
MAY 29 2017...........SUNRISE   620 AM EDT   SUNSET   831 PM EDT
MAY 30 2017...........SUNRISE   620 AM EDT   SUNSET   832 PM EDT


-  INDICATES NEGATIVE NUMBERS.
R  INDICATES RECORD WAS SET OR TIED.
MM INDICATES DATA IS MISSING.
T  INDICATES TRACE AMOUNT.




$$
