000
CDUS42 KCAE 210558
CLIDNL


CLIMATE REPORT
NATIONAL WEATHER SERVICE COLUMBIA SC
1257 AM EST TUE NOV 21 2017


...................................

...THE AUGUSTA DANIEL FIELD GA CLIMATE SUMMARY FOR NOVEMBER 20 2017...

CLIMATE NORMAL PERIOD 1981 TO 2010
CLIMATE RECORD PERIOD 9999 TO 9999


WEATHER ITEM   OBSERVED TIME   NORMAL DEPARTURE LAST
                VALUE   (LST)  VALUE  FROM      YEAR
                                      NORMAL
......................................................
TEMPERATURE (F)
 YESTERDAY
  MAXIMUM         62    336 PM  66     -4       62
  MINIMUM         36    725 AM  46    -10       40
  AVERAGE         49            56     -7       51

PRECIPITATION (IN)
  YESTERDAY        0.00          0.12  -0.12     0.00
  MONTH TO DATE    1.20          1.88  -0.68     0.56
  SINCE SEP 1      6.46          8.48  -2.02     7.75
  SINCE JAN 1     36.76         41.64  -4.88    31.42

DEGREE DAYS
 HEATING
  YESTERDAY       16            10      6       14
  MONTH TO DATE  132           145    -13       99
  SINCE SEP 1    185           223    -38      108
  SINCE JUL 1    185           223    -38      108

 COOLING
  YESTERDAY        0             0      0        0
  MONTH TO DATE   41            14     27       22
  SINCE SEP 1    675           440    235      688
  SINCE JAN 1   2976          2251    725     3058
......................................................


WIND (MPH)
  HIGHEST WIND SPEED     8   HIGHEST WIND DIRECTION    SE (150)
  HIGHEST GUST SPEED    11   HIGHEST GUST DIRECTION     E (100)
  AVERAGE WIND SPEED     4.0


SKY COVER
  AVERAGE SKY COVER 0.0


WEATHER CONDITIONS
 THE FOLLOWING WEATHER WAS RECORDED YESTERDAY.
  NO SIGNIFICANT WEATHER WAS OBSERVED.


RELATIVE HUMIDITY (PERCENT)
 HIGHEST    89           700 AM
 LOWEST     29           200 PM

..........................................................


THE AUGUSTA DANIEL FIELD GA CLIMATE NORMALS FOR TODAY
                         NORMAL    RECORD    YEAR
 MAXIMUM TEMPERATURE (F)   65        MM        MM
 MINIMUM TEMPERATURE (F)   46        MM        MM


SUNRISE AND SUNSET
NOVEMBER 21 2017......SUNRISE   705 AM EST   SUNSET   523 PM EST
NOVEMBER 22 2017......SUNRISE   706 AM EST   SUNSET   522 PM EST


-  INDICATES NEGATIVE NUMBERS.
R  INDICATES RECORD WAS SET OR TIED.
MM INDICATES DATA IS MISSING.
T  INDICATES TRACE AMOUNT.




$$
