000
CDUS42 KCAE 110622
CLIDNL


CLIMATE REPORT
NATIONAL WEATHER SERVICE COLUMBIA SC
122 AM EST THU FEB 11 2016


...................................

...THE AUGUSTA DANIEL FIELD GA CLIMATE SUMMARY FOR FEBRUARY 10 2016...

CLIMATE NORMAL PERIOD 1981 TO 2010
CLIMATE RECORD PERIOD 9999 TO 9999


WEATHER ITEM   OBSERVED TIME   NORMAL DEPARTURE LAST
                VALUE   (LST)  VALUE  FROM      YEAR
                                      NORMAL
......................................................
TEMPERATURE (F)
 YESTERDAY
  MAXIMUM         40    452 PM  59    -19       58
  MINIMUM         28    558 AM  40    -12       45
  AVERAGE         34            50    -16       52

PRECIPITATION (IN)
  YESTERDAY        0.00          0.12  -0.12      T
  MONTH TO DATE    1.48          1.19   0.29     0.43
  SINCE DEC 1      8.63          9.02  -0.39     4.86
  SINCE JAN 1      3.15          5.40  -2.25     1.91

DEGREE DAYS
 HEATING
  YESTERDAY       31            16     15       13
  MONTH TO DATE  142           164    -22      153
  SINCE DEC 1    884          1236   -352     1066
  SINCE JUL 1   1075          1570   -495     1466

 COOLING
  YESTERDAY        0             0      0        0
  MONTH TO DATE    6             0      6        0
  SINCE DEC 1     70             6     64        0
  SINCE JAN 1      6             1      5        0
......................................................


WIND (MPH)
  HIGHEST WIND SPEED    13   HIGHEST WIND DIRECTION    NW (300)
  HIGHEST GUST SPEED    30   HIGHEST GUST DIRECTION    NW (310)
  AVERAGE WIND SPEED     9.1


SKY COVER
  AVERAGE SKY COVER 0.2


WEATHER CONDITIONS
 THE FOLLOWING WEATHER WAS RECORDED YESTERDAY.
  NO SIGNIFICANT WEATHER WAS OBSERVED.


RELATIVE HUMIDITY (PERCENT)
 HIGHEST    53           300 AM
 LOWEST     MM

..........................................................


THE AUGUSTA DANIEL FIELD GA CLIMATE NORMALS FOR TODAY
                         NORMAL    RECORD    YEAR
 MAXIMUM TEMPERATURE (F)   59        MM        MM
 MINIMUM TEMPERATURE (F)   40        MM        MM


SUNRISE AND SUNSET
FEBRUARY 11 2016......SUNRISE   716 AM EST   SUNSET   609 PM EST
FEBRUARY 12 2016......SUNRISE   715 AM EST   SUNSET   610 PM EST


-  INDICATES NEGATIVE NUMBERS.
R  INDICATES RECORD WAS SET OR TIED.
MM INDICATES DATA IS MISSING.
T  INDICATES TRACE AMOUNT.




$$
