000
CDUS43 KLOT 250638
CLIDPA


CLIMATE REPORT
NATIONAL WEATHER SERVICE CHICAGO IL
136 AM CDT MON MAY 25 2015


...................................

...THE DU PAGE  AIRPORT CLIMATE SUMMARY FOR MAY 24 2015...

CLIMATE NORMAL PERIOD 1981 TO 2010
CLIMATE RECORD PERIOD 1997 TO 2015


WEATHER ITEM   OBSERVED TIME   RECORD YEAR NORMAL DEPARTURE LAST
                VALUE   (LST)  VALUE       VALUE  FROM      YEAR
                                                  NORMAL
..................................................................
TEMPERATURE (F)
 YESTERDAY
  MAXIMUM         77    136 PM  91    2010  74      3       75
  MINIMUM         58    350 AM  34    2013  51      7       42
  AVERAGE         68                        62      6       59

PRECIPITATION (IN)
  YESTERDAY        0.18          0.37        0.16   0.02     0.00
  MONTH TO DATE    3.26                      3.64  -0.38     3.17
  SINCE MAR 1      8.00                      9.35  -1.35     5.70
  SINCE JAN 1      9.83                     12.08  -2.25     6.92

SNOWFALL (IN)
  YESTERDAY       MM
  MONTH TO DATE    0.0
  SINCE JUL 1     32.2

DEGREE DAYS
 HEATING
  YESTERDAY        0                         5     -5        6
  MONTH TO DATE  165                       186    -21      204
  SINCE MAR 1   1574                      1497     77     1801
  SINCE JUL 1   6766                      6252    514     7577

 COOLING
  YESTERDAY        3                         2      1        0
  MONTH TO DATE   30                        25      5       40
  SINCE MAR 1     30                        29      1       40
  SINCE JAN 1     30                        29      1       40
..................................................................


WIND (MPH)
  RESULTANT WIND SPEED   5   RESULTANT WIND DIRECTION  SE (130)
  HIGHEST WIND SPEED    18   HIGHEST WIND DIRECTION    SW (210)
  HIGHEST GUST SPEED    23   HIGHEST GUST DIRECTION     S (160)
  AVERAGE WIND SPEED     7.4



WEATHER CONDITIONS
 THE FOLLOWING WEATHER WAS RECORDED YESTERDAY.
  THUNDERSTORM
  HEAVY RAIN
  RAIN
  LIGHT RAIN
  FOG
  HAZE


..........................................................


THE DU PAGE  AIRPORT CLIMATE NORMALS FOR TODAY
                         NORMAL    RECORD    YEAR
 MAXIMUM TEMPERATURE (F)   74        89      2010
 MINIMUM TEMPERATURE (F)   51        39      2002


SUNRISE AND SUNSET
MAY 25 2015...........SUNRISE   524 AM CDT   SUNSET   816 PM CDT
MAY 26 2015...........SUNRISE   524 AM CDT   SUNSET   817 PM CDT


-  INDICATES NEGATIVE NUMBERS.
R  INDICATES RECORD WAS SET OR TIED.
MM INDICATES DATA IS MISSING.
T  INDICATES TRACE AMOUNT.




$$
