000
CDUS45 KGJT 300733
CLIDRO


CLIMATE REPORT
NATIONAL WEATHER SERVICE GRAND JUNCTION CO
131 AM MDT SAT AUG 30 2014


...................................

...THE DURANGO AIRPORT CO CLIMATE SUMMARY FOR AUGUST 29 2014...

CLIMATE NORMAL PERIOD 1981 TO 2010
CLIMATE RECORD PERIOD 9999 TO 9999


WEATHER ITEM   OBSERVED TIME   RECORD YEAR NORMAL DEPARTURE LAST
                VALUE   (LST)  VALUE       VALUE  FROM      YEAR
                                                  NORMAL
..................................................................
TEMPERATURE (F)
 YESTERDAY
  MAXIMUM         80    424 PM  MM      MM  81     -1       86
  MINIMUM         41    440 AM  MM      MM  48     -7       53
  AVERAGE         61                        64     -3       70

PRECIPITATION (IN)
  YESTERDAY        0.00         MM      MM   0.08  -0.08     0.02
  MONTH TO DATE    1.93                      2.02  -0.09     2.37
  SINCE JUN 1      3.23                      4.38  -1.15     4.46
  SINCE JAN 1      5.63                      9.81  -4.18     8.21

SNOWFALL (IN)
  YESTERDAY       MM            MM      MM  MM     MM       MM
  MONTH TO DATE   MM                        MM     MM       MM
  SINCE JUN 1     MM                        MM     MM       MM
  SINCE JUL 1     MM                        MM     MM       MM
  SNOW DEPTH      MM

DEGREE DAYS
 HEATING
  YESTERDAY        4                         2      2        0
  MONTH TO DATE   27                        13     14       13
  SINCE JUN 1    115                       138    -23       53
  SINCE JUL 1     27                        23      4       13

 COOLING
  YESTERDAY        0                         1     -1        5
  MONTH TO DATE   68                        83    -15       89
  SINCE JUN 1    287                       233     54      335
  SINCE JAN 1    292                       234     58      335
..................................................................


WIND (MPH)
  HIGHEST WIND SPEED    15   HIGHEST WIND DIRECTION     W (260)
  HIGHEST GUST SPEED    19   HIGHEST GUST DIRECTION     W (250)
  AVERAGE WIND SPEED     4.8


SKY COVER
  POSSIBLE SUNSHINE  MM
  AVERAGE SKY COVER 0.0


WEATHER CONDITIONS
 THE FOLLOWING WEATHER WAS RECORDED YESTERDAY.
  NO SIGNIFICANT WEATHER WAS OBSERVED.


RELATIVE HUMIDITY (PERCENT)
 HIGHEST    82           400 AM
 LOWEST     17           200 PM
 AVERAGE    50

..........................................................


THE DURANGO AIRPORT CO CLIMATE NORMALS FOR TODAY
                         NORMAL    RECORD    YEAR
 MAXIMUM TEMPERATURE (F)   80        MM        MM
 MINIMUM TEMPERATURE (F)   48        MM        MM


SUNRISE AND SUNSET
AUGUST 30 2014........SUNRISE   640 AM MDT   SUNSET   742 PM MDT
AUGUST 31 2014........SUNRISE   641 AM MDT   SUNSET   741 PM MDT


-  INDICATES NEGATIVE NUMBERS.
R  INDICATES RECORD WAS SET OR TIED.
MM INDICATES DATA IS MISSING.
T  INDICATES TRACE AMOUNT.




$$
