000
CDUS44 KEWX 262258
CLIDRT


CLIMATE REPORT
NATIONAL WEATHER SERVICE AUSTIN/SAN ANTONIO, TX
558 PM CDT WED APR 26 2017


...................................

...THE DEL RIO CLIMATE SUMMARY FOR APRIL 26 2017...
VALID TODAY AS OF 550 PM LOCAL TIME.

CLIMATE NORMAL PERIOD 1981 TO 2010
CLIMATE RECORD PERIOD 1906 TO 2017


WEATHER ITEM   OBSERVED TIME   RECORD YEAR NORMAL DEPARTURE LAST
                VALUE   (LST)  VALUE       VALUE  FROM      YEAR
                                                  NORMAL
..................................................................
TEMPERATURE (F)
 TODAY
  MAXIMUM         91    112 PM 104    2011  86      5       88
  MINIMUM         65    529 AM  47    1913  63      2       72
  AVERAGE         78                        74      4       80

PRECIPITATION (IN)
  TODAY            0.00          1.55 1965   0.06  -0.06     0.00
  MONTH TO DATE    5.64                      1.37   4.27     3.99
  SINCE MAR 1      6.15                      2.51   3.64     6.07
  SINCE JAN 1      7.12                      4.11   3.01     6.82

SNOWFALL (IN)
  TODAY            0.0
  MONTH TO DATE    0.0
  SINCE MAR 1      0.0
  SINCE JUL 1      0.0
  SNOW DEPTH       0

DEGREE DAYS
 HEATING
  TODAY            0                         0      0        0
  MONTH TO DATE   10                        24    -14       14
  SINCE MAR 1     47                       138    -91       69
  SINCE JUL 1    840                      1374   -534     1049

 COOLING
  TODAY           13                         9      4       15
  MONTH TO DATE  188                       182      6      179
  SINCE MAR 1    342                       269     73      276
  SINCE JAN 1    405                       288    117      311
..................................................................


WIND (MPH)
  HIGHEST WIND SPEED    26   HIGHEST WIND DIRECTION    NW (300)
  HIGHEST GUST SPEED    35   HIGHEST GUST DIRECTION    NW (300)
  AVERAGE WIND SPEED    11.5



WEATHER CONDITIONS
 THE FOLLOWING WEATHER WAS RECORDED TODAY.
  NO SIGNIFICANT WEATHER WAS OBSERVED.


RELATIVE HUMIDITY (PERCENT)
 HIGHEST    93           400 AM
 LOWEST     13           400 PM
 AVERAGE    53

..........................................................


THE DEL RIO CLIMATE NORMALS FOR TOMORROW
                         NORMAL    RECORD    YEAR
 MAXIMUM TEMPERATURE (F)   86        98      2014
                                             2002
                                             1964
 MINIMUM TEMPERATURE (F)   63        43      1908


SUNRISE AND SUNSET
APRIL 26 2017.........SUNRISE   706 AM CDT   SUNSET   817 PM CDT
APRIL 27 2017.........SUNRISE   705 AM CDT   SUNSET   818 PM CDT


-  INDICATES NEGATIVE NUMBERS.
R  INDICATES RECORD WAS SET OR TIED.
MM INDICATES DATA IS MISSING.
T  INDICATES TRACE AMOUNT.




$$
