000
CDUS44 KEWX 200719
CLIDRT


CLIMATE REPORT
NATIONAL WEATHER SERVICE AUSTIN/SAN ANTONIO, TX
218 AM CDT SAT SEP 20 2014


...................................

...THE DEL RIO CLIMATE SUMMARY FOR SEPTEMBER 19 2014...

CLIMATE NORMAL PERIOD 1981 TO 2010
CLIMATE RECORD PERIOD 1906 TO 2014


WEATHER ITEM   OBSERVED TIME   RECORD YEAR NORMAL DEPARTURE LAST
                VALUE   (LST)  VALUE       VALUE  FROM      YEAR
                                                  NORMAL
..................................................................
TEMPERATURE (F)
 YESTERDAY
  MAXIMUM         93    326 PM 100    1977  90      3       86
                                      1952
                                      1912
  MINIMUM         75    639 AM  52    1991  69      6       75
  AVERAGE         84                        79      5       81

PRECIPITATION (IN)
  YESTERDAY        0.00          2.65 1991   0.05  -0.05     0.41
  MONTH TO DATE    1.42                      1.41   0.01     2.43
  SINCE SEP 1      1.42                      1.41   0.01     2.43
  SINCE JAN 1      8.59                     14.92  -6.33    10.92

SNOWFALL (IN)
  YESTERDAY        0.0
  MONTH TO DATE    0.0
  SINCE SEP 1      0.0
  SINCE JUL 1      0.0

DEGREE DAYS
 HEATING
  YESTERDAY        0                         0      0        0
  MONTH TO DATE    0                         0      0        0
  SINCE SEP 1      0                         0      0        0
  SINCE JUL 1      0                         0      0        0

 COOLING
  YESTERDAY       19                        14      5       16
  MONTH TO DATE  335                       321     14      363
  SINCE SEP 1    335                       321     14      363
  SINCE JAN 1   3224                      2956    268     3303
..................................................................


WIND (MPH)
  HIGHEST WIND SPEED    20   HIGHEST WIND DIRECTION     E (80)
  HIGHEST GUST SPEED    24   HIGHEST GUST DIRECTION     E (80)
  AVERAGE WIND SPEED     9.3


SKY COVER
  AVERAGE SKY COVER 0.6


WEATHER CONDITIONS
 THE FOLLOWING WEATHER WAS RECORDED YESTERDAY.
  HAZE


RELATIVE HUMIDITY (PERCENT)
 HIGHEST    87           600 AM
 LOWEST     49           300 PM
 AVERAGE    68

..........................................................


THE DEL RIO CLIMATE NORMALS FOR TODAY
                         NORMAL    RECORD    YEAR
 MAXIMUM TEMPERATURE (F)   90       102      1912
 MINIMUM TEMPERATURE (F)   69        51      1971


SUNRISE AND SUNSET
SEPTEMBER 20 2014.....SUNRISE   731 AM CDT   SUNSET   743 PM CDT
SEPTEMBER 21 2014.....SUNRISE   732 AM CDT   SUNSET   741 PM CDT


-  INDICATES NEGATIVE NUMBERS.
R  INDICATES RECORD WAS SET OR TIED.
MM INDICATES DATA IS MISSING.
T  INDICATES TRACE AMOUNT.




$$
