000
CDUS44 KEWX 272355
CLIDRT


CLIMATE REPORT
NATIONAL WEATHER SERVICE AUSTIN/SAN ANTONIO, TX
554 PM CST MON FEB 27 2017


...................................

...THE DEL RIO CLIMATE SUMMARY FOR FEBRUARY 27 2017...
VALID TODAY AS OF 554 PM LOCAL TIME.

CLIMATE NORMAL PERIOD 1981 TO 2010
CLIMATE RECORD PERIOD 1906 TO 2017


WEATHER ITEM   OBSERVED TIME   RECORD YEAR NORMAL DEPARTURE LAST
                VALUE   (LST)  VALUE       VALUE  FROM      YEAR
                                                  NORMAL
..................................................................
TEMPERATURE (F)
 TODAY
  MAXIMUM         86    449 PM  99    2011  72     14       75
  MINIMUM         54    120 AM  20    2002  48      6       45
  AVERAGE         70                        60     10       60

PRECIPITATION (IN)
  TODAY            0.00          5.28 1921   0.04  -0.04     0.00
  MONTH TO DATE    0.78                      0.84  -0.06     0.07
  SINCE DEC 1      3.45                      2.21   1.24     1.09
  SINCE JAN 1      0.97                      1.56  -0.59     0.75

SNOWFALL (IN)
  TODAY            0.0
  MONTH TO DATE    0.0
  SINCE DEC 1      0.0
  SINCE JUL 1      0.0
  SNOW DEPTH       0

DEGREE DAYS
 HEATING
  TODAY            0                         6     -6        5
  MONTH TO DATE  101                       240   -139      170
  SINCE DEC 1    724                      1033   -309      837
  SINCE JUL 1    793                      1230   -437      980

 COOLING
  TODAY            5                         1      4        0
  MONTH TO DATE   39                        11     28       27
  SINCE DEC 1     67                        17     50       28
  SINCE JAN 1     55                        14     41       27
..................................................................


WIND (MPH)
  HIGHEST WIND SPEED    10   HIGHEST WIND DIRECTION     E (110)
  HIGHEST GUST SPEED    15   HIGHEST GUST DIRECTION     E (100)
  AVERAGE WIND SPEED     3.9



WEATHER CONDITIONS
 THE FOLLOWING WEATHER WAS RECORDED TODAY.
  FOG
  HAZE


RELATIVE HUMIDITY (PERCENT)
 HIGHEST    97           900 AM
 LOWEST     22           500 PM
 AVERAGE    60

..........................................................


THE DEL RIO CLIMATE NORMALS FOR TOMORROW
                         NORMAL    RECORD    YEAR
 MAXIMUM TEMPERATURE (F)   72        91      1940
                                             1916
 MINIMUM TEMPERATURE (F)   48        26      1922


SUNRISE AND SUNSET
FEBRUARY 27 2017......SUNRISE   711 AM CST   SUNSET   642 PM CST
FEBRUARY 28 2017......SUNRISE   710 AM CST   SUNSET   643 PM CST


-  INDICATES NEGATIVE NUMBERS.
R  INDICATES RECORD WAS SET OR TIED.
MM INDICATES DATA IS MISSING.
T  INDICATES TRACE AMOUNT.




$$
