000
CDUS44 KEWX 242249
CLIDRT


CLIMATE REPORT
NATIONAL WEATHER SERVICE AUSTIN/SAN ANTONIO, TX
547 PM CDT SAT JUN 24 2017


...................................

...THE DEL RIO CLIMATE SUMMARY FOR JUNE 24 2017...
VALID TODAY AS OF 547 PM LOCAL TIME.

CLIMATE NORMAL PERIOD 1981 TO 2010
CLIMATE RECORD PERIOD 1906 TO 2017


WEATHER ITEM   OBSERVED TIME   RECORD YEAR NORMAL DEPARTURE LAST
                VALUE   (LST)  VALUE       VALUE  FROM      YEAR
                                                  NORMAL
..................................................................
TEMPERATURE (F)
 TODAY
  MAXIMUM         92    236 PM 105    1980  96     -4       96
  MINIMUM         71   1213 AM  66    1936  74     -3       76
  AVERAGE         82                        85     -3       86

PRECIPITATION (IN)
  TODAY            0.53          2.23 1948   0.07   0.46     0.00
  MONTH TO DATE    2.34                      1.97   0.37     2.37
  SINCE JUN 1      2.34                      1.97   0.37     2.37
  SINCE JAN 1     13.43                      9.17   4.26    10.98

SNOWFALL (IN)
  TODAY            0.0
  MONTH TO DATE    0.0
  SINCE JUN 1      0.0
  SINCE JUL 1      0.0
  SNOW DEPTH       0

DEGREE DAYS
 HEATING
  TODAY            0                         0      0        0
  MONTH TO DATE    0                         0      0        0
  SINCE JUN 1      0                         0      0        0
  SINCE JUL 1    840                      1376   -536     1050

 COOLING
  TODAY           17                        20     -3       21
  MONTH TO DATE  451                       451      0      459
  SINCE JUN 1    451                       451      0      459
  SINCE JAN 1   1276                      1210     66     1185
..................................................................


WIND (MPH)
  HIGHEST WIND SPEED    30   HIGHEST WIND DIRECTION     N (20)
  HIGHEST GUST SPEED    41   HIGHEST GUST DIRECTION    NE (30)
  AVERAGE WIND SPEED     8.2



WEATHER CONDITIONS
 THE FOLLOWING WEATHER WAS RECORDED TODAY.
  HEAVY RAIN
  LIGHT RAIN
  FOG
  HAZE


RELATIVE HUMIDITY (PERCENT)
 HIGHEST    87           200 AM
 LOWEST     50           400 PM
 AVERAGE    69

..........................................................


THE DEL RIO CLIMATE NORMALS FOR TOMORROW
                         NORMAL    RECORD    YEAR
 MAXIMUM TEMPERATURE (F)   96       106      1994
 MINIMUM TEMPERATURE (F)   74        65      1968
                                             1929


SUNRISE AND SUNSET
JUNE 24 2017..........SUNRISE   645 AM CDT   SUNSET   847 PM CDT
JUNE 25 2017..........SUNRISE   646 AM CDT   SUNSET   847 PM CDT


-  INDICATES NEGATIVE NUMBERS.
R  INDICATES RECORD WAS SET OR TIED.
MM INDICATES DATA IS MISSING.
T  INDICATES TRACE AMOUNT.




$$
