517
CDUS44 KEWX 160737
CLIDRT


CLIMATE REPORT
NATIONAL WEATHER SERVICE AUSTIN/SAN ANTONIO, TX
136 AM CST MON JAN 16 2017


...................................

...THE DEL RIO CLIMATE SUMMARY FOR JANUARY 15 2017...

CLIMATE NORMAL PERIOD 1981 TO 2010
CLIMATE RECORD PERIOD 1906 TO 2017


WEATHER ITEM   OBSERVED TIME   RECORD YEAR NORMAL DEPARTURE LAST
                VALUE   (LST)  VALUE       VALUE  FROM      YEAR
                                                  NORMAL
..................................................................
TEMPERATURE (F)
 YESTERDAY
  MAXIMUM         79    418 PM  83    1906  64     15       76
  MINIMUM         52   1056 PM  24    1963  40     12       38
                                      1927
  AVERAGE         66                        52     14       57

PRECIPITATION (IN)
  YESTERDAY        0.01          1.10 2010   0.02  -0.01     0.00
  MONTH TO DATE    0.01                      0.33  -0.32     0.57
  SINCE DEC 1      2.49                      0.98   1.51     0.91
  SINCE JAN 1      0.01                      0.33  -0.32     0.57

SNOWFALL (IN)
  YESTERDAY        0.0
  MONTH TO DATE    0.0
  SINCE DEC 1      0.0
  SINCE JUL 1      0.0

DEGREE DAYS
 HEATING
  YESTERDAY        0                        13    -13        8
  MONTH TO DATE  141                       204    -63      208
  SINCE DEC 1    474                       598   -124      491
  SINCE JUL 1    543                       795   -252      634

 COOLING
  YESTERDAY        1                         0      1        0
  MONTH TO DATE   11                         0     11        0
  SINCE DEC 1     23                         3     20        1
  SINCE JAN 1     11                         0     11        0
..................................................................


WIND (MPH)
  HIGHEST WIND SPEED    25   HIGHEST WIND DIRECTION    SE (140)
  HIGHEST GUST SPEED    33   HIGHEST GUST DIRECTION    NW (320)
  AVERAGE WIND SPEED    13.8


SKY COVER
  AVERAGE SKY COVER 0.8


WEATHER CONDITIONS
 THE FOLLOWING WEATHER WAS RECORDED YESTERDAY.
  LIGHT RAIN


RELATIVE HUMIDITY (PERCENT)
 HIGHEST   100           800 AM
 LOWEST     48           400 PM
 AVERAGE    74

..........................................................


THE DEL RIO CLIMATE NORMALS FOR TODAY
                         NORMAL    RECORD    YEAR
 MAXIMUM TEMPERATURE (F)   64        86      1943
 MINIMUM TEMPERATURE (F)   40        22      1930


SUNRISE AND SUNSET
JANUARY 16 2017.......SUNRISE   739 AM CST   SUNSET   609 PM CST
JANUARY 17 2017.......SUNRISE   739 AM CST   SUNSET   609 PM CST


-  INDICATES NEGATIVE NUMBERS.
R  INDICATES RECORD WAS SET OR TIED.
MM INDICATES DATA IS MISSING.
T  INDICATES TRACE AMOUNT.




$$
