000
CDUS43 KDMX 010636
CLIDSM

CLIMATE REPORT
NATIONAL WEATHER SERVICE DES MOINES IA
134 AM CDT WED JUL 1 2015

...................................

...THE DES MOINES IA CLIMATE SUMMARY FOR JUNE 30 2015...

CLIMATE NORMAL PERIOD 1981 TO 2010
CLIMATE RECORD PERIOD 1878 TO 2015


WEATHER ITEM   OBSERVED TIME   RECORD YEAR NORMAL DEPARTURE LAST
                VALUE   (LST)  VALUE       VALUE  FROM      YEAR
                                                  NORMAL
..................................................................
TEMPERATURE (F)
 YESTERDAY
  MAXIMUM         82    209 PM  99    1933  85     -3       81
                                      1911
                                      1894
  MINIMUM         67    528 AM  49    1943  66      1       64
  AVERAGE         75                        75      0       73

PRECIPITATION (IN)
  YESTERDAY        0.00          2.43 1959   0.16  -0.16     1.39
  MONTH TO DATE    8.40                      4.94   3.46     7.49
  SINCE JUN 1      8.40                      4.94   3.46     7.49
  SINCE JAN 1     17.75                     18.12  -0.37    18.64

SNOWFALL (IN)
  YESTERDAY        0.0          MM      MM   0.0    0.0      0.0
  MONTH TO DATE    0.0                       0.0    0.0      0.0
  SINCE JUN 1      0.0                       0.0    0.0      0.0
  SINCE JUL 1     29.1                      35.3   -6.2     48.3
  SNOW DEPTH       0

DEGREE DAYS
 HEATING
  YESTERDAY        0                         0      0        0
  MONTH TO DATE    3                        14    -11        0
  SINCE JUN 1      3                        17    -14        0
  SINCE JUL 1   5915                      6202   -287     6787

 COOLING
  YESTERDAY       10                        10      0        8
  MONTH TO DATE  257                       221     36      256
  SINCE JUN 1    257                       221     36      256
  SINCE JAN 1    337                       297     40      387
..................................................................


WIND (MPH)
  HIGHEST WIND SPEED    12   HIGHEST WIND DIRECTION    NW (320)
  HIGHEST GUST SPEED    18   HIGHEST GUST DIRECTION    NW (310)
  AVERAGE WIND SPEED     5.1


SKY COVER
  POSSIBLE SUNSHINE  MM
  AVERAGE SKY COVER 1.0


WEATHER CONDITIONS
 THE FOLLOWING WEATHER WAS RECORDED YESTERDAY.
  HAZE


RELATIVE HUMIDITY (PERCENT)
 HIGHEST    81           200 AM
 LOWEST     54           100 PM
 AVERAGE    68

..........................................................


THE DES MOINES IA CLIMATE NORMALS FOR TODAY
                         NORMAL    RECORD    YEAR
 MAXIMUM TEMPERATURE (F)   85       104      1925
 MINIMUM TEMPERATURE (F)   66        50      1995
                                             1892


SUNRISE AND SUNSET
JULY  1 2015..........SUNRISE   544 AM CDT   SUNSET   852 PM CDT
JULY  2 2015..........SUNRISE   545 AM CDT   SUNSET   852 PM CDT


-  INDICATES NEGATIVE NUMBERS.
R  INDICATES RECORD WAS SET OR TIED.
MM INDICATES DATA IS MISSING.
T  INDICATES TRACE AMOUNT.




$$
