000
CDUS43 KDTX 062029
CLIDTW


CLIMATE REPORT
NATIONAL WEATHER SERVICE DETROIT/PONTIAC MI
428 PM EDT MON JUL 6 2015


...................................

...THE DETROIT MI CLIMATE SUMMARY FOR JULY 6 2015...
VALID TODAY AS OF 0400 PM LOCAL TIME.

CLIMATE NORMAL PERIOD 1981 TO 2010
CLIMATE RECORD PERIOD 1874 TO 2015


WEATHER ITEM   OBSERVED TIME   RECORD YEAR NORMAL DEPARTURE LAST
                VALUE   (LST)  VALUE       VALUE  FROM      YEAR
                                                  NORMAL
..................................................................
TEMPERATURE (F)
 TODAY
  MAXIMUM         85    259 PM 100    1988  84      1       81
                                      1977
  MINIMUM         61    546 AM  42    1972  64     -3       60
  AVERAGE         73                        74     -1       71

PRECIPITATION (IN)
  TODAY            0.00          1.12 1975   0.10  -0.10      T
  MONTH TO DATE    0.00                      0.61  -0.61     0.55
  SINCE JUN 1      5.32                      4.13   1.19     4.55
  SINCE JAN 1     17.06                     16.67   0.39    19.22

SNOWFALL (IN)
  TODAY            0.0           0.0    MM   0.0    0.0      0.0
  MONTH TO DATE    0.0                       0.0    0.0      0.0
  SINCE JUN 1      0.0                       0.0    0.0      0.0
  SINCE JUL 1      0.0                       0.0    0.0      0.0
  SNOW DEPTH       0

DEGREE DAYS
 HEATING
  TODAY            0                         0      0        0
  MONTH TO DATE    0                         0      0        0
  SINCE JUN 1     22                        35    -13       12
  SINCE JUL 1      0                         0      0        0

 COOLING
  TODAY            8                         9     -1        6
  MONTH TO DATE   23                        51    -28       28
  SINCE JUN 1    163                       218    -55      213
  SINCE JAN 1    267                       266      1      277
..................................................................


WIND (MPH)
  HIGHEST WIND SPEED    14   HIGHEST WIND DIRECTION    SW (220)
  HIGHEST GUST SPEED    16   HIGHEST GUST DIRECTION     S (200)
  AVERAGE WIND SPEED     2.8


SKY COVER
  POSSIBLE SUNSHINE  MM
  AVERAGE SKY COVER 0.5


WEATHER CONDITIONS
 THE FOLLOWING WEATHER WAS RECORDED TODAY.
  FOG
  HAZE


RELATIVE HUMIDITY (PERCENT)
 HIGHEST    90           400 AM
 LOWEST     44           300 PM
 AVERAGE    67

..........................................................


THE DETROIT MI CLIMATE NORMALS FOR TOMORROW
                         NORMAL    RECORD    YEAR
 MAXIMUM TEMPERATURE (F)   84       101      1988
 MINIMUM TEMPERATURE (F)   64        44      1984


SUNRISE AND SUNSET
JULY  6 2015..........SUNRISE   603 AM EDT   SUNSET   912 PM EDT
JULY  7 2015..........SUNRISE   604 AM EDT   SUNSET   912 PM EDT


-  INDICATES NEGATIVE NUMBERS.
R  INDICATES RECORD WAS SET OR TIED.
MM INDICATES DATA IS MISSING.
T  INDICATES TRACE AMOUNT.




$$
