000
CDUS43 KDTX 290541
CLIDTW


CLIMATE REPORT
NATIONAL WEATHER SERVICE DETROIT/PONTIAC MI
141 AM EDT WED JUL 29 2015


...................................

...THE DETROIT MI CLIMATE SUMMARY FOR JULY 28 2015...

CLIMATE NORMAL PERIOD 1981 TO 2010
CLIMATE RECORD PERIOD 1874 TO 2015


WEATHER ITEM   OBSERVED TIME   RECORD YEAR NORMAL DEPARTURE LAST
                VALUE   (LST)  VALUE       VALUE  FROM      YEAR
                                                  NORMAL
..................................................................
TEMPERATURE (F)
 YESTERDAY
  MAXIMUM         90    258 PM 100    1930  83      7       71
  MINIMUM         69    549 AM  48    1978  64      5       53
  AVERAGE         80                        74      6       62

PRECIPITATION (IN)
  YESTERDAY        0.00          2.16 2011   0.12  -0.12      T
  MONTH TO DATE    1.41                      3.02  -1.61     2.29
  SINCE JUN 1      6.73                      6.54   0.19     6.29
  SINCE JAN 1     18.47                     19.08  -0.61    20.96

SNOWFALL (IN)
  YESTERDAY        0.0           0.0    MM   0.0    0.0      0.0
  MONTH TO DATE    0.0                       0.0    0.0      0.0
  SINCE JUN 1      0.0                       0.0    0.0      0.0
  SINCE JUL 1      0.0                       0.0    0.0      0.0
  SNOW DEPTH       0

DEGREE DAYS
 HEATING
  YESTERDAY        0                         0      0        3
  MONTH TO DATE    3                         0      3        6
  SINCE JUN 1     25                        35    -10       18
  SINCE JUL 1      3                         0      3        6

 COOLING
  YESTERDAY       15                         9      6        0
  MONTH TO DATE  216                       249    -33      161
  SINCE JUN 1    356                       416    -60      346
  SINCE JAN 1    460                       464     -4      410
..................................................................


WIND (MPH)
  HIGHEST WIND SPEED    13   HIGHEST WIND DIRECTION     S (160)
  HIGHEST GUST SPEED    15   HIGHEST GUST DIRECTION    SE (150)
  AVERAGE WIND SPEED     3.6


SKY COVER
  POSSIBLE SUNSHINE  MM
  AVERAGE SKY COVER 0.5


WEATHER CONDITIONS
 THE FOLLOWING WEATHER WAS RECORDED YESTERDAY.
  HAZE


RELATIVE HUMIDITY (PERCENT)
 HIGHEST    84           600 AM
 LOWEST     38           300 PM
 AVERAGE    61

..........................................................


THE DETROIT MI CLIMATE NORMALS FOR TODAY
                         NORMAL    RECORD    YEAR
 MAXIMUM TEMPERATURE (F)   83        99      1940
 MINIMUM TEMPERATURE (F)   64        50      1971


SUNRISE AND SUNSET
JULY 29 2015..........SUNRISE   623 AM EDT   SUNSET   856 PM EDT
JULY 30 2015..........SUNRISE   624 AM EDT   SUNSET   855 PM EDT


-  INDICATES NEGATIVE NUMBERS.
R  INDICATES RECORD WAS SET OR TIED.
MM INDICATES DATA IS MISSING.
T  INDICATES TRACE AMOUNT.




$$
