000
CDUS45 KTWC 091426 RRA
CLIDUG

CLIMATE REPORT
NATIONAL WEATHER SERVICE TUCSON AZ
725 AM MST TUE FEB 9 2016


...................................

...THE DOUGLAS AZ CLIMATE SUMMARY FOR FEBRUARY 9 2016...
VALID AS OF 0700 AM LOCAL TIME.

CLIMATE NORMAL PERIOD 1981 TO 2010
CLIMATE RECORD PERIOD 1948 TO 2016


WEATHER ITEM   OBSERVED TIME   RECORD YEAR NORMAL DEPARTURE LAST
                VALUE   (LST)  VALUE       VALUE  FROM      YEAR
                                                  NORMAL
..................................................................
TEMPERATURE (F)
 TODAY
  MINIMUM         25    634 AM  17    1967  32     -7       35

PRECIPITATION (IN)
  TODAY            0.00          0.36 1981   0.02  -0.02     0.00
  MONTH TO DATE    0.08                      0.23  -0.15     0.00
  SINCE OCT 1      2.45                      3.52  -1.07     3.11
  SINCE JAN 1      1.24                      0.97   0.27     1.14

DEGREE DAYS
 HEATING
  TODAY           32                        16     16        8

 COOLING
  TODAY            0                         0      0        0
..................................................................


WIND (MPH)
  HIGHEST WIND SPEED    13   HIGHEST WIND DIRECTION    NW (320)
  HIGHEST GUST SPEED    14   HIGHEST GUST DIRECTION    NW (320)
  AVERAGE WIND SPEED     5.9


SKY COVER
  POSSIBLE SUNSHINE  MM
  AVERAGE SKY COVER 0.0


WEATHER CONDITIONS
 THE FOLLOWING WEATHER WAS RECORDED TODAY.
  NO SIGNIFICANT WEATHER WAS OBSERVED.


RELATIVE HUMIDITY (PERCENT)
 HIGHEST    63           600 AM

..........................................................


THE DOUGLAS AZ CLIMATE NORMALS FOR TOMORROW
                         NORMAL    RECORD    YEAR
 MAXIMUM TEMPERATURE (F)   66        82      1957
 MINIMUM TEMPERATURE (F)   32        17      2013


SUNRISE AND SUNSET
FEBRUARY  9 2016......SUNRISE   706 AM MST   SUNSET   600 PM MST
FEBRUARY 10 2016......SUNRISE   705 AM MST   SUNSET   601 PM MST


-  INDICATES NEGATIVE NUMBERS.
R  INDICATES RECORD WAS SET OR TIED.
MM INDICATES DATA IS MISSING.
T  INDICATES TRACE AMOUNT.




$$
