000
CDUS45 KTWC 240025 RRA
CLIDUG

CLIMATE REPORT
NATIONAL WEATHER SERVICE TUCSON AZ
525 PM MST TUE AUG 23 2016


...................................

...THE DOUGLAS AZ CLIMATE SUMMARY FOR AUGUST 23 2016...
VALID TODAY AS OF 0500 PM LOCAL TIME.

CLIMATE NORMAL PERIOD 1981 TO 2010
CLIMATE RECORD PERIOD 1948 TO 2016


WEATHER ITEM   OBSERVED TIME   RECORD YEAR NORMAL DEPARTURE LAST
                VALUE   (LST)  VALUE       VALUE  FROM      YEAR
                                                  NORMAL
..................................................................
TEMPERATURE (F)
 TODAY
  MAXIMUM         91    249 PM 101    2011  92     -1       92
  MINIMUM         58    526 AM  54    1979  64     -6       62
  AVERAGE         75                        78     -3       77

PRECIPITATION (IN)
  TODAY            0.00                      0.09  -0.09     0.37
  MONTH TO DATE    2.44                      2.48  -0.04     1.78
  SINCE OCT 1     11.27                     10.99   0.28    12.06
  SINCE JAN 1     10.06                      8.44   1.62    10.09

DEGREE DAYS
 COOLING
  TODAY           10                        13     -3       12
  MONTH TO DATE  265                       301    -36      302
  SINCE JUN 1   1242                      1161     81     1139
  SINCE JAN 1   1390                      1362     28     1201
..................................................................


WIND (MPH)
  HIGHEST WIND SPEED    21   HIGHEST WIND DIRECTION     W (260)
  HIGHEST GUST SPEED    27   HIGHEST GUST DIRECTION    SW (240)
  AVERAGE WIND SPEED     5.7


SKY COVER
  POSSIBLE SUNSHINE  MM
  AVERAGE SKY COVER 0.2


WEATHER CONDITIONS
 THE FOLLOWING WEATHER WAS RECORDED TODAY.
  NO SIGNIFICANT WEATHER WAS OBSERVED.


RELATIVE HUMIDITY (PERCENT)
 HIGHEST    78
 LOWEST     21
 AVERAGE    50

..........................................................


THE DOUGLAS AZ CLIMATE NORMALS FOR TOMORROW
                         NORMAL    RECORD    YEAR
 MAXIMUM TEMPERATURE (F)   92       103      2011
 MINIMUM TEMPERATURE (F)   64        55      1979


SUNRISE AND SUNSET
AUGUST 23 2016........SUNRISE   549 AM MST   SUNSET   652 PM MST
AUGUST 24 2016........SUNRISE   550 AM MST   SUNSET   651 PM MST


-  INDICATES NEGATIVE NUMBERS.
R  INDICATES RECORD WAS SET OR TIED.
MM INDICATES DATA IS MISSING.
T  INDICATES TRACE AMOUNT.




$$
