000
CDUS45 KTWC 290025
CLIDUG

CLIMATE REPORT
NATIONAL WEATHER SERVICE TUCSON AZ
525 PM MST WED JAN 28 2015


...................................

...THE DOUGLAS AZ CLIMATE SUMMARY FOR JANUARY 28 2015...
VALID TODAY AS OF 0500 PM LOCAL TIME.

CLIMATE NORMAL PERIOD 1981 TO 2010
CLIMATE RECORD PERIOD 1948 TO 2015


WEATHER ITEM   OBSERVED TIME   RECORD YEAR NORMAL DEPARTURE LAST
                VALUE   (LST)  VALUE       VALUE  FROM      YEAR
                                                  NORMAL
..................................................................
TEMPERATURE (F)
 TODAY
  MAXIMUM         73    417 PM  77    1967  64      9       68
  MINIMUM         34    726 AM  16    2009  31      3       26
  AVERAGE         54                        47      7       47

PRECIPITATION (IN)
  TODAY            0.00                      0.02  -0.02     0.00
  MONTH TO DATE    0.10                      0.66  -0.56      T
  SINCE OCT 1      2.07                      3.21  -1.14     0.82
  SINCE JAN 1      0.10                      0.66  -0.56      T

DEGREE DAYS
 HEATING
  TODAY           11                        18     -7       18
  MONTH TO DATE  549                       527     22      501
  SINCE DEC 1   1107                      1116     -9     1149
  SINCE JUL 1   1501                      1551    -50     1595
..................................................................


WIND (MPH)
  HIGHEST WIND SPEED    12   HIGHEST WIND DIRECTION    SE (130)
  HIGHEST GUST SPEED    15   HIGHEST GUST DIRECTION    SE (140)
  AVERAGE WIND SPEED     5.3


SKY COVER
  POSSIBLE SUNSHINE  MM
  AVERAGE SKY COVER 0.0


WEATHER CONDITIONS
 THE FOLLOWING WEATHER WAS RECORDED TODAY.
  NO SIGNIFICANT WEATHER WAS OBSERVED.


RELATIVE HUMIDITY (PERCENT)
 HIGHEST    85
 LOWEST     20
 AVERAGE    53

..........................................................


THE DOUGLAS AZ CLIMATE NORMALS FOR TOMORROW
                         NORMAL    RECORD    YEAR
 MAXIMUM TEMPERATURE (F)   64        76      1987
 MINIMUM TEMPERATURE (F)   31        16      1990
                                             1959


SUNRISE AND SUNSET
JANUARY 28 2015.......SUNRISE   713 AM MST   SUNSET   550 PM MST
JANUARY 29 2015.......SUNRISE   713 AM MST   SUNSET   550 PM MST


-  INDICATES NEGATIVE NUMBERS.
R  INDICATES RECORD WAS SET OR TIED.
MM INDICATES DATA IS MISSING.
T  INDICATES TRACE AMOUNT.




$$
