000
CDUS45 KTWC 270027
CLIDUG

CLIMATE REPORT
NATIONAL WEATHER SERVICE TUCSON AZ
526 PM MST MON SEP 26 2016


...................................

...THE DOUGLAS AZ CLIMATE SUMMARY FOR SEPTEMBER 26 2016...
VALID TODAY AS OF 0500 PM LOCAL TIME.

CLIMATE NORMAL PERIOD 1981 TO 2010
CLIMATE RECORD PERIOD 1948 TO 2016


WEATHER ITEM   OBSERVED TIME   RECORD YEAR NORMAL DEPARTURE LAST
                VALUE   (LST)  VALUE       VALUE  FROM      YEAR
                                                  NORMAL
..................................................................
TEMPERATURE (F)
 TODAY
  MAXIMUM         68   1200 AM  98    2005  87    -19       88
  MINIMUM         54    904 AM  45    1955  56     -2       61
  AVERAGE         61                        71    -10       75

PRECIPITATION (IN)
  TODAY            0.39                      0.04   0.35     0.00
  MONTH TO DATE    1.62                      1.37   0.25      T
  SINCE OCT 1     13.03                     12.93   0.10    13.33
  SINCE JAN 1     11.82                     10.38   1.44    11.36

DEGREE DAYS
 HEATING
  TODAY            4                         0      4        0
  MONTH TO DATE    4                         0      4        0
  SINCE SEP 1      4                         0      4        0
  SINCE JUL 1      4                         0      4        0

 COOLING
  TODAY            0                         6     -6       10
  MONTH TO DATE  213                       258    -45      253
  SINCE SEP 1    213                       258    -45      253
  SINCE JAN 1   1684                      1728    -44     1562
..................................................................


WIND (MPH)
  HIGHEST WIND SPEED    25   HIGHEST WIND DIRECTION     E (80)
  HIGHEST GUST SPEED    35   HIGHEST GUST DIRECTION     E (80)
  AVERAGE WIND SPEED    11.9


SKY COVER
  POSSIBLE SUNSHINE  MM
  AVERAGE SKY COVER 0.7


WEATHER CONDITIONS
 THE FOLLOWING WEATHER WAS RECORDED TODAY.
  RAIN
  LIGHT RAIN
  FOG


RELATIVE HUMIDITY (PERCENT)
 HIGHEST    80
 LOWEST     47
 AVERAGE    64

..........................................................


THE DOUGLAS AZ CLIMATE NORMALS FOR TOMORROW
                         NORMAL    RECORD    YEAR
 MAXIMUM TEMPERATURE (F)   87        97      2005
 MINIMUM TEMPERATURE (F)   55        43      1955


SUNRISE AND SUNSET
SEPTEMBER 26 2016.....SUNRISE   609 AM MST   SUNSET   609 PM MST
SEPTEMBER 27 2016.....SUNRISE   610 AM MST   SUNSET   608 PM MST


-  INDICATES NEGATIVE NUMBERS.
R  INDICATES RECORD WAS SET OR TIED.
MM INDICATES DATA IS MISSING.
T  INDICATES TRACE AMOUNT.




$$
