000
CDUS45 KTWC 200034 RRA
CLIDUG

CLIMATE REPORT
NATIONAL WEATHER SERVICE TUCSON AZ
533 PM MST SUN FEB 19 2017


...................................

...THE DOUGLAS AZ CLIMATE SUMMARY FOR FEBRUARY 19 2017...
VALID TODAY AS OF 0500 PM LOCAL TIME.

CLIMATE NORMAL PERIOD 1981 TO 2010
CLIMATE RECORD PERIOD 1948 TO 2017


WEATHER ITEM   OBSERVED TIME   RECORD YEAR NORMAL DEPARTURE LAST
                VALUE   (LST)  VALUE       VALUE  FROM      YEAR
                                                  NORMAL
..................................................................
TEMPERATURE (F)
 TODAY
  MAXIMUM         54    345 PM  83    1986  67    -13       78
  MINIMUM         35    711 AM  19    1975  34      1       45
  AVERAGE         45                        50     -5       62

PRECIPITATION (IN)
  TODAY            0.10                      0.02   0.08     0.00
  MONTH TO DATE    0.38                      0.46  -0.08     0.08
  SINCE OCT 1      2.97                      3.75  -0.78     2.45
  SINCE JAN 1      1.62                      1.20   0.42     1.24

DEGREE DAYS
 HEATING
  TODAY           20                        15      5        3
  MONTH TO DATE  243                       307    -64      300
  SINCE DEC 1   1340                      1477   -137     1625
  SINCE JUL 1   1676                      1912   -236     2078
..................................................................


WIND (MPH)
  HIGHEST WIND SPEED    22   HIGHEST WIND DIRECTION     W (250)
  HIGHEST GUST SPEED    25   HIGHEST GUST DIRECTION     W (250)
  AVERAGE WIND SPEED    11.0


SKY COVER
  POSSIBLE SUNSHINE  MM
  AVERAGE SKY COVER 0.8


WEATHER CONDITIONS
 THE FOLLOWING WEATHER WAS RECORDED TODAY.
  HEAVY RAIN
  LIGHT RAIN


RELATIVE HUMIDITY (PERCENT)
 HIGHEST   100
 LOWEST     54
 AVERAGE    77

..........................................................


THE DOUGLAS AZ CLIMATE NORMALS FOR TOMORROW
                         NORMAL    RECORD    YEAR
 MAXIMUM TEMPERATURE (F)   67        79      1972
 MINIMUM TEMPERATURE (F)   34        13      1955


SUNRISE AND SUNSET
FEBRUARY 19 2017......SUNRISE   656 AM MST   SUNSET   609 PM MST
FEBRUARY 20 2017......SUNRISE   655 AM MST   SUNSET   610 PM MST


-  INDICATES NEGATIVE NUMBERS.
R  INDICATES RECORD WAS SET OR TIED.
MM INDICATES DATA IS MISSING.
T  INDICATES TRACE AMOUNT.




$$
