000
CDUS45 KTWC 220730
CLIDUG

CLIMATE REPORT
NATIONAL WEATHER SERVICE TUCSON AZ
1230 AM MST TUE JUL 22 2014


...................................

...THE DOUGLAS AZ CLIMATE SUMMARY FOR JULY 21 2014...

CLIMATE NORMAL PERIOD 1981 TO 2010
CLIMATE RECORD PERIOD 1948 TO 2014


WEATHER ITEM   OBSERVED TIME   RECORD YEAR NORMAL DEPARTURE LAST
                VALUE   (LST)  VALUE       VALUE  FROM      YEAR
                                                  NORMAL
..................................................................
TEMPERATURE (F)
 YESTERDAY
  MAXIMUM         93   1257 PM 101    2006  93      0       87
                                      2005
  MINIMUM         69    556 AM  57    1958  66      3       66
  AVERAGE         81                        80      1       77

PRECIPITATION (IN)
  YESTERDAY        0.00          1.25 1971   0.11  -0.11     0.00
  MONTH TO DATE    2.81                      1.75   1.06     8.47
  SINCE OCT 1      4.28                      7.31  -3.03    10.08
  SINCE JAN 1      3.46                      4.76  -1.30     9.45

DEGREE DAYS
 HEATING
  YESTERDAY        0                         0      0        0
  MONTH TO DATE    0                         0      0        0
  SINCE JUN 1      0                         0      0        0
  SINCE JUL 1      0                         0      0        0

 COOLING
  YESTERDAY       16                        15      1       12
  MONTH TO DATE  312                       327    -15      299
  SINCE JUN 1    810                       722     88      808
  SINCE JAN 1    978                       923     55     1008
..................................................................


WIND (MPH)
  HIGHEST WIND SPEED    26   HIGHEST WIND DIRECTION     E (110)
  HIGHEST GUST SPEED    30   HIGHEST GUST DIRECTION     E (110)
  AVERAGE WIND SPEED     7.0


SKY COVER
  POSSIBLE SUNSHINE  MM
  AVERAGE SKY COVER 0.4


WEATHER CONDITIONS
 THE FOLLOWING WEATHER WAS RECORDED YESTERDAY.
  NO SIGNIFICANT WEATHER WAS OBSERVED.


RELATIVE HUMIDITY (PERCENT)
 HIGHEST    73
 LOWEST     26
 AVERAGE    50

..........................................................


THE DOUGLAS AZ CLIMATE NORMALS FOR TODAY
                         NORMAL    RECORD    YEAR
 MAXIMUM TEMPERATURE (F)   93       100      2006
                                             1987
 MINIMUM TEMPERATURE (F)   66        56      1961


SUNRISE AND SUNSET
JULY 22 2014..........SUNRISE   528 AM MST   SUNSET   721 PM MST
JULY 23 2014..........SUNRISE   529 AM MST   SUNSET   720 PM MST


-  INDICATES NEGATIVE NUMBERS.
R  INDICATES RECORD WAS SET OR TIED.
MM INDICATES DATA IS MISSING.
T  INDICATES TRACE AMOUNT.




$$
