000
CDUS43 KDVN 081020
CLIDVN


CLIMATE REPORT
NATIONAL WEATHER SERVICE QUAD CITIES IA IL
418 AM CST THU DEC 8 2016


...................................

...THE DAVENPORT IA CLIMATE SUMMARY FOR DECEMBER 7 2016...

CLIMATE NORMAL PERIOD 1981 TO 2010
CLIMATE RECORD PERIOD 9999 TO 9999


WEATHER ITEM   OBSERVED TIME   RECORD YEAR NORMAL DEPARTURE LAST
                VALUE   (LST)  VALUE       VALUE  FROM      YEAR
                                                  NORMAL
..................................................................
TEMPERATURE (F)
 YESTERDAY
  MAXIMUM         27    244 PM  MM      MM  36     -9       41
  MINIMUM         19   1146 PM  MM      MM  20     -1       28
  AVERAGE         23                        28     -5       35

PRECIPITATION (IN)
  YESTERDAY        T            MM      MM   0.07  -0.07     0.00
  MONTH TO DATE    0.51                      0.49   0.02     0.02
  SINCE DEC 1      0.51                      0.49   0.02     0.02
  SINCE JAN 1     39.46                     34.79   4.67    42.10

SNOWFALL (IN)
  YESTERDAY        T            MM      MM  MM     MM        0.0
  MONTH TO DATE   10.2                      MM     MM        0.5
  SINCE DEC 1     10.2                      MM     MM        0.5
  SINCE JUL 1     10.2                      MM     MM        7.4
  SNOW DEPTH       T

DEGREE DAYS
 HEATING
  YESTERDAY       42                        37      5       30
  MONTH TO DATE  228                       250    -22      203
  SINCE DEC 1    228                       250    -22      203
  SINCE JUL 1   1083                      1598   -515     1266

 COOLING
  YESTERDAY        0                         0      0        0
  MONTH TO DATE    0                         0      0        0
  SINCE DEC 1      0                         0      0        0
  SINCE JAN 1   1063                       786    277      867
..................................................................


WIND (MPH)
  HIGHEST WIND SPEED    29   HIGHEST WIND DIRECTION     W (290)
  HIGHEST GUST SPEED    35   HIGHEST GUST DIRECTION     W (290)
  AVERAGE WIND SPEED    18.6


SKY COVER
  POSSIBLE SUNSHINE  MM
  AVERAGE SKY COVER 0.2


WEATHER CONDITIONS
 THE FOLLOWING WEATHER WAS RECORDED YESTERDAY.
  LIGHT SNOW


RELATIVE HUMIDITY (PERCENT)
 HIGHEST    77           600 AM
 LOWEST     68          1200 AM
 AVERAGE    73

..........................................................


THE DAVENPORT IA CLIMATE NORMALS FOR TODAY
                         NORMAL    RECORD    YEAR
 MAXIMUM TEMPERATURE (F)   36        MM        MM
 MINIMUM TEMPERATURE (F)   20        MM        MM


SUNRISE AND SUNSET
DECEMBER  8 2016......SUNRISE   717 AM CST   SUNSET   432 PM CST
DECEMBER  9 2016......SUNRISE   718 AM CST   SUNSET   432 PM CST


-  INDICATES NEGATIVE NUMBERS.
R  INDICATES RECORD WAS SET OR TIED.
MM INDICATES DATA IS MISSING.
T  INDICATES TRACE AMOUNT.




$$
