000
CDUS43 KDVN 030916
CLIDVN


CLIMATE REPORT
NATIONAL WEATHER SERVICE QUAD CITIES IA IL
414 AM CDT WED JUN 3 2015


...................................

...THE DAVENPORT IA CLIMATE SUMMARY FOR JUNE 2 2015...

CLIMATE NORMAL PERIOD 1981 TO 2010
CLIMATE RECORD PERIOD 9999 TO 9999


WEATHER ITEM   OBSERVED TIME   RECORD YEAR NORMAL DEPARTURE LAST
                VALUE   (LST)  VALUE       VALUE  FROM      YEAR
                                                  NORMAL
..................................................................
TEMPERATURE (F)
 YESTERDAY
  MAXIMUM         75    410 PM  MM      MM  78     -3       83
  MINIMUM         50    532 AM  MM      MM  56     -6       67
  AVERAGE         63                        67     -4       75

PRECIPITATION (IN)
  YESTERDAY        0.00         MM      MM   0.22  -0.22     0.38
  MONTH TO DATE    0.00                      0.44  -0.44     0.38
  SINCE JUN 1      0.00                      0.44  -0.44     0.38
  SINCE JAN 1     10.64                     13.25  -2.61    11.94

SNOWFALL (IN)
  YESTERDAY        0.0          MM      MM  MM     MM        0.0
  MONTH TO DATE    0.0                      MM     MM        0.0
  SINCE JUN 1      0.0                      MM     MM        0.0
  SINCE JUL 1     32.5                      MM     MM       50.2
  SNOW DEPTH       0

DEGREE DAYS
 HEATING
  YESTERDAY        2                         2      0        0
  MONTH TO DATE    7                         4      3        0
  SINCE JUN 1      7                         4      3        0
  SINCE JUL 1   6924                      6491    433     7552

 COOLING
  YESTERDAY        0                         4     -4       10
  MONTH TO DATE    0                         8     -8       26
  SINCE JUN 1      0                         8     -8       26
  SINCE JAN 1     80                        69     11      134
..................................................................


WIND (MPH)
  HIGHEST WIND SPEED    15   HIGHEST WIND DIRECTION    SE (140)
  HIGHEST GUST SPEED    20   HIGHEST GUST DIRECTION    SE (130)
  AVERAGE WIND SPEED     7.5


SKY COVER
  POSSIBLE SUNSHINE  MM
  AVERAGE SKY COVER 0.1


WEATHER CONDITIONS
 THE FOLLOWING WEATHER WAS RECORDED YESTERDAY.
  NO SIGNIFICANT WEATHER WAS OBSERVED.


RELATIVE HUMIDITY (PERCENT)
 HIGHEST    83           200 AM
 LOWEST     35           300 PM
 AVERAGE    59

..........................................................


THE DAVENPORT IA CLIMATE NORMALS FOR TODAY
                         NORMAL    RECORD    YEAR
 MAXIMUM TEMPERATURE (F)   78        MM        MM
 MINIMUM TEMPERATURE (F)   56        MM        MM


SUNRISE AND SUNSET
JUNE  3 2015..........SUNRISE   530 AM CDT   SUNSET   832 PM CDT
JUNE  4 2015..........SUNRISE   529 AM CDT   SUNSET   832 PM CDT


-  INDICATES NEGATIVE NUMBERS.
R  INDICATES RECORD WAS SET OR TIED.
MM INDICATES DATA IS MISSING.
T  INDICATES TRACE AMOUNT.




$$
