352
CDUS43 KDVN 201020
CLIDVN


CLIMATE REPORT
NATIONAL WEATHER SERVICE QUAD CITIES IA IL
418 AM CST TUE FEB 20 2018


...................................

...THE DAVENPORT IA CLIMATE SUMMARY FOR FEBRUARY 19 2018...

CLIMATE NORMAL PERIOD 1981 TO 2010
CLIMATE RECORD PERIOD 9999 TO 9999


WEATHER ITEM   OBSERVED TIME   RECORD YEAR NORMAL DEPARTURE LAST
                VALUE   (LST)  VALUE       VALUE  FROM      YEAR
                                                  NORMAL
..................................................................
TEMPERATURE (F)
 YESTERDAY
  MAXIMUM         63    246 PM  MM      MM  36     27       71
  MINIMUM         39    529 AM  MM      MM  19     20       29
  AVERAGE         51                        27     24       50

PRECIPITATION (IN)
  YESTERDAY        0.26         MM      MM   0.05   0.21     0.00
  MONTH TO DATE    1.15                      0.83   0.32     0.23
  SINCE DEC 1      2.03                      3.75  -1.72     2.75
  SINCE JAN 1      1.49                      2.02  -0.53     1.37

SNOWFALL (IN)
  YESTERDAY        0.0          MM      MM  MM     MM        0.0
  MONTH TO DATE   16.0                      MM     MM        1.2
  SINCE DEC 1     24.2                      MM     MM       18.3
  SINCE JUL 1     24.3                      MM     MM       18.3
  SNOW DEPTH       0

DEGREE DAYS
 HEATING
  YESTERDAY       14                        38    -24       15
  MONTH TO DATE  855                       768     87      605
  SINCE DEC 1   3404                      3356     48     3022
  SINCE JUL 1   4614                      4704    -90     3877

 COOLING
  YESTERDAY        0                         0      0        0
  MONTH TO DATE    0                         0      0        0
  SINCE DEC 1      0                         0      0        0
  SINCE JAN 1      0                         0      0        0
..................................................................


WIND (MPH)
  HIGHEST WIND SPEED    25   HIGHEST WIND DIRECTION     S (180)
  HIGHEST GUST SPEED    31   HIGHEST GUST DIRECTION     S (190)
  AVERAGE WIND SPEED    13.0


SKY COVER
  POSSIBLE SUNSHINE  MM
  AVERAGE SKY COVER 0.8


WEATHER CONDITIONS
 THE FOLLOWING WEATHER WAS RECORDED YESTERDAY.
  HEAVY RAIN
  RAIN
  LIGHT RAIN
  FOG


RELATIVE HUMIDITY (PERCENT)
 HIGHEST    93          1100 AM
 LOWEST     67          1200 AM
 AVERAGE    80

..........................................................


THE DAVENPORT IA CLIMATE NORMALS FOR TODAY
                         NORMAL    RECORD    YEAR
 MAXIMUM TEMPERATURE (F)   36        MM        MM
 MINIMUM TEMPERATURE (F)   19        MM        MM


SUNRISE AND SUNSET
FEBRUARY 20 2018......SUNRISE   651 AM CST   SUNSET   542 PM CST
FEBRUARY 21 2018......SUNRISE   649 AM CST   SUNSET   543 PM CST


-  INDICATES NEGATIVE NUMBERS.
R  INDICATES RECORD WAS SET OR TIED.
MM INDICATES DATA IS MISSING.
T  INDICATES TRACE AMOUNT.




$$
