000
CDUS43 KDVN 242220
CLIDVN


CLIMATE REPORT
NATIONAL WEATHER SERVICE QUAD CITIES IA IL
420 PM CST FRI NOV 24 2017


...................................

...THE DAVENPORT IA CLIMATE SUMMARY FOR NOVEMBER 24 2017...
VALID TODAY AS OF 0400 PM LOCAL TIME.

CLIMATE NORMAL PERIOD 1981 TO 2010
CLIMATE RECORD PERIOD 9999 TO 9999


WEATHER ITEM   OBSERVED TIME   RECORD YEAR NORMAL DEPARTURE LAST
                VALUE   (LST)  VALUE       VALUE  FROM      YEAR
                                                  NORMAL
..................................................................
TEMPERATURE (F)
 TODAY
  MAXIMUM         70    306 PM  MM      MM  43     27       38
  MINIMUM         33    133 AM  MM      MM  26      7       35
  AVERAGE         52                        34     18       37

PRECIPITATION (IN)
  TODAY            0.00         MM      MM   0.06  -0.06      T
  MONTH TO DATE    0.80                      2.00  -1.20     0.31
  SINCE SEP 1      8.94                      8.03   0.91     5.84
  SINCE JAN 1     36.37                     33.85   2.52    38.32

SNOWFALL (IN)
  TODAY            0.0          MM      MM  MM     MM         T
  MONTH TO DATE    0.1                      MM     MM         T
  SINCE SEP 1      0.1                      MM     MM         T
  SINCE JUL 1      0.1                      MM     MM         T
  SNOW DEPTH       0

DEGREE DAYS
 HEATING
  TODAY           13                        31    -18       28
  MONTH TO DATE  674                       592     82      419
  SINCE SEP 1   1054                      1138    -84      703
  SINCE JUL 1   1066                      1152    -86      707

 COOLING
  TODAY            0                         0      0        0
  MONTH TO DATE    0                         0      0        3
  SINCE SEP 1    149                        82     67      211
  SINCE JAN 1    770                       786    -16     1063
..................................................................


WIND (MPH)
  HIGHEST WIND SPEED    28   HIGHEST WIND DIRECTION     S (190)
  HIGHEST GUST SPEED    34   HIGHEST GUST DIRECTION     S (190)
  AVERAGE WIND SPEED    15.4


SKY COVER
  POSSIBLE SUNSHINE  MM
  AVERAGE SKY COVER 0.0


WEATHER CONDITIONS
 THE FOLLOWING WEATHER WAS RECORDED TODAY.
  NO SIGNIFICANT WEATHER WAS OBSERVED.


RELATIVE HUMIDITY (PERCENT)
 HIGHEST    76           300 AM
 LOWEST     32           200 PM
 AVERAGE    54

..........................................................


THE DAVENPORT IA CLIMATE NORMALS FOR TOMORROW
                         NORMAL    RECORD    YEAR
 MAXIMUM TEMPERATURE (F)   42        MM        MM
 MINIMUM TEMPERATURE (F)   25        MM        MM


SUNRISE AND SUNSET
NOVEMBER 24 2017......SUNRISE   702 AM CST   SUNSET   436 PM CST
NOVEMBER 25 2017......SUNRISE   703 AM CST   SUNSET   435 PM CST


-  INDICATES NEGATIVE NUMBERS.
R  INDICATES RECORD WAS SET OR TIED.
MM INDICATES DATA IS MISSING.
T  INDICATES TRACE AMOUNT.




$$
